{"id":196,"date":"2023-03-15T14:15:40","date_gmt":"2023-03-15T13:15:40","guid":{"rendered":"https:\/\/fundesplai.org\/viureisomriure\/?page_id=196"},"modified":"2023-03-15T14:15:51","modified_gmt":"2023-03-15T13:15:51","slug":"recursos","status":"publish","type":"page","link":"https:\/\/fundesplai.org\/viureisomriure\/recursos\/","title":{"rendered":"Recursos"},"content":{"rendered":"<p>[et_pb_section fb_built=&#8221;1&#8243; _builder_version=&#8221;4.19.0&#8243; _module_preset=&#8221;default&#8221; global_colors_info=&#8221;{}&#8221;][et_pb_row _builder_version=&#8221;4.19.0&#8243; _module_preset=&#8221;default&#8221; hover_enabled=&#8221;0&#8243; global_colors_info=&#8221;{}&#8221; custom_margin=&#8221;||50px||false|false&#8221; sticky_enabled=&#8221;0&#8243;][et_pb_column type=&#8221;4_4&#8243; _builder_version=&#8221;4.19.0&#8243; _module_preset=&#8221;default&#8221; global_colors_info=&#8221;{}&#8221;][et_pb_post_title meta=&#8221;off&#8221; featured_image=&#8221;off&#8221; _builder_version=&#8221;4.19.0&#8243; _module_preset=&#8221;default&#8221; global_colors_info=&#8221;{}&#8221;][\/et_pb_post_title][et_pb_text _builder_version=&#8221;4.19.0&#8243; _module_preset=&#8221;default&#8221; global_colors_info=&#8221;{}&#8221;]<\/p>\n<h3>Bibliografia de la proposta educativa<\/h3>\n<ul>\n<li><strong>Batlle,R, Juvill\u00e0,N, Tripiana,A i Matas,I<\/strong>. <em>Viure per dins i per fora<\/em>. Un programa per a la salut i la vitalitat. Movibaix, Sant Feliu del LLobregat, 1994.<\/li>\n<li><strong>G\u00f3mez-Granell,C, Garcia, M, Ripol-Millet,A, Panch\u00f3n C<\/strong>. <em>Infancia y Familias: realidades y tendencias<\/em>. Instituto de infancia y mundo urbano. Ariel,<br \/>Barcelona, 2004.<\/li>\n<li><strong>Autors varis<\/strong>. <em>Inf\u00e0ncia, fam\u00edlies i canvi social a Catalunya<\/em>. Institut d&#8217;inf\u00e0ncia i m\u00f3n urb\u00e0. Observatori de la inf\u00e0ncia i les fam\u00edlies. Informe 2004. Barcelona, 2005.<\/li>\n<li><strong>Bach, E i Darder, P<\/strong>. <em>Sedueix-te per seduir. Viure i educar les emocions<\/em>. Edicions 62, Barcelona 2002.<\/li>\n<li><strong>Ordago<\/strong>. <em>Afrontar el desaf\u00edo de las drogas<\/em>. Fundaci\u00f3n EDEX, Bibao, 2003.<\/li>\n<li><em>Anor\u00e8xia i bul\u00edmia nervioses<\/em>. Guia per a educadors i educadores en la prevenci\u00f3 dels trastorns del comportament alimentari. Generalitat de Catalunya, Barcelona, 2001.<\/li>\n<\/ul>\n<p>[\/et_pb_text][\/et_pb_column][\/et_pb_row][\/et_pb_section]<\/p>\n","protected":false},"excerpt":{"rendered":"<p>Bibliografia de la proposta educativa Batlle,R, Juvill\u00e0,N, Tripiana,A i Matas,I. Viure per dins i per fora. Un programa per a la salut i la vitalitat. Movibaix, Sant Feliu del LLobregat, 1994. G\u00f3mez-Granell,C, Garcia, M, Ripol-Millet,A, Panch\u00f3n C. Infancia y Familias: realidades y tendencias. Instituto de infancia y mundo urbano. Ariel,Barcelona, 2004. Autors varis. Inf\u00e0ncia, fam\u00edlies [&hellip;]<\/p>\n","protected":false},"author":27,"featured_media":0,"parent":0,"menu_order":0,"comment_status":"closed","ping_status":"closed","template":"","meta":{"_et_pb_use_builder":"on","_et_pb_old_content":"","_et_gb_content_width":"","footnotes":""},"class_list":["post-196","page","type-page","status-publish","hentry"],"yoast_head":"<!-- This site is optimized with the Yoast SEO plugin v27.3 - https:\/\/yoast.com\/product\/yoast-seo-wordpress\/ -->\n<title>Recursos - Viure i somriure<\/title>\n<meta name=\"robots\" content=\"index, follow, max-snippet:-1, max-image-preview:large, max-video-preview:-1\" \/>\n<link rel=\"canonical\" href=\"https:\/\/fundesplai.org\/viureisomriure\/recursos\/\" \/>\n<meta property=\"og:locale\" content=\"ca_ES\" \/>\n<meta property=\"og:type\" content=\"article\" \/>\n<meta property=\"og:title\" content=\"Recursos - Viure i somriure\" \/>\n<meta property=\"og:description\" content=\"Bibliografia de la proposta educativa Batlle,R, Juvill\u00e0,N, Tripiana,A i Matas,I. Viure per dins i per fora. Un programa per a la salut i la vitalitat. Movibaix, Sant Feliu del LLobregat, 1994. G\u00f3mez-Granell,C, Garcia, M, Ripol-Millet,A, Panch\u00f3n C. Infancia y Familias: realidades y tendencias. Instituto de infancia y mundo urbano. Ariel,Barcelona, 2004. Autors varis. Inf\u00e0ncia, fam\u00edlies [&hellip;]\" \/>\n<meta property=\"og:url\" content=\"https:\/\/fundesplai.org\/viureisomriure\/recursos\/\" \/>\n<meta property=\"og:site_name\" content=\"Viure i somriure\" \/>\n<meta property=\"article:modified_time\" content=\"2023-03-15T13:15:51+00:00\" \/>\n<meta name=\"twitter:card\" content=\"summary_large_image\" \/>\n<meta name=\"twitter:label1\" content=\"Temps estimat de lectura\" \/>\n\t<meta name=\"twitter:data1\" content=\"1 minut\" \/>\n<script type=\"application\/ld+json\" class=\"yoast-schema-graph\">{\"@context\":\"https:\\\/\\\/schema.org\",\"@graph\":[{\"@type\":\"WebPage\",\"@id\":\"https:\\\/\\\/fundesplai.org\\\/viureisomriure\\\/recursos\\\/\",\"url\":\"https:\\\/\\\/fundesplai.org\\\/viureisomriure\\\/recursos\\\/\",\"name\":\"Recursos - Viure i somriure\",\"isPartOf\":{\"@id\":\"https:\\\/\\\/fundesplai.org\\\/viureisomriure\\\/#website\"},\"datePublished\":\"2023-03-15T13:15:40+00:00\",\"dateModified\":\"2023-03-15T13:15:51+00:00\",\"breadcrumb\":{\"@id\":\"https:\\\/\\\/fundesplai.org\\\/viureisomriure\\\/recursos\\\/#breadcrumb\"},\"inLanguage\":\"ca\",\"potentialAction\":[{\"@type\":\"ReadAction\",\"target\":[\"https:\\\/\\\/fundesplai.org\\\/viureisomriure\\\/recursos\\\/\"]}]},{\"@type\":\"BreadcrumbList\",\"@id\":\"https:\\\/\\\/fundesplai.org\\\/viureisomriure\\\/recursos\\\/#breadcrumb\",\"itemListElement\":[{\"@type\":\"ListItem\",\"position\":1,\"name\":\"Inici\",\"item\":\"\\\/\"},{\"@type\":\"ListItem\",\"position\":2,\"name\":\"Viure i somriure\",\"item\":\"https:\\\/\\\/fundesplai.org\\\/viureisomriure\"},{\"@type\":\"ListItem\",\"position\":3,\"name\":\"Recursos\"}]},{\"@type\":\"WebSite\",\"@id\":\"https:\\\/\\\/fundesplai.org\\\/viureisomriure\\\/#website\",\"url\":\"https:\\\/\\\/fundesplai.org\\\/viureisomriure\\\/\",\"name\":\"Viure i somriure\",\"description\":\"Proposta educativa de Fundesplai\",\"potentialAction\":[{\"@type\":\"SearchAction\",\"target\":{\"@type\":\"EntryPoint\",\"urlTemplate\":\"https:\\\/\\\/fundesplai.org\\\/viureisomriure\\\/?s={search_term_string}\"},\"query-input\":{\"@type\":\"PropertyValueSpecification\",\"valueRequired\":true,\"valueName\":\"search_term_string\"}}],\"inLanguage\":\"ca\"}]}<\/script>\n<!-- \/ Yoast SEO plugin. -->","yoast_head_json":{"title":"Recursos - Viure i somriure","robots":{"index":"index","follow":"follow","max-snippet":"max-snippet:-1","max-image-preview":"max-image-preview:large","max-video-preview":"max-video-preview:-1"},"canonical":"https:\/\/fundesplai.org\/viureisomriure\/recursos\/","og_locale":"ca_ES","og_type":"article","og_title":"Recursos - Viure i somriure","og_description":"Bibliografia de la proposta educativa Batlle,R, Juvill\u00e0,N, Tripiana,A i Matas,I. Viure per dins i per fora. Un programa per a la salut i la vitalitat. Movibaix, Sant Feliu del LLobregat, 1994. G\u00f3mez-Granell,C, Garcia, M, Ripol-Millet,A, Panch\u00f3n C. Infancia y Familias: realidades y tendencias. Instituto de infancia y mundo urbano. Ariel,Barcelona, 2004. Autors varis. Inf\u00e0ncia, fam\u00edlies [&hellip;]","og_url":"https:\/\/fundesplai.org\/viureisomriure\/recursos\/","og_site_name":"Viure i somriure","article_modified_time":"2023-03-15T13:15:51+00:00","twitter_card":"summary_large_image","twitter_misc":{"Temps estimat de lectura":"1 minut"},"schema":{"@context":"https:\/\/schema.org","@graph":[{"@type":"WebPage","@id":"https:\/\/fundesplai.org\/viureisomriure\/recursos\/","url":"https:\/\/fundesplai.org\/viureisomriure\/recursos\/","name":"Recursos - Viure i somriure","isPartOf":{"@id":"https:\/\/fundesplai.org\/viureisomriure\/#website"},"datePublished":"2023-03-15T13:15:40+00:00","dateModified":"2023-03-15T13:15:51+00:00","breadcrumb":{"@id":"https:\/\/fundesplai.org\/viureisomriure\/recursos\/#breadcrumb"},"inLanguage":"ca","potentialAction":[{"@type":"ReadAction","target":["https:\/\/fundesplai.org\/viureisomriure\/recursos\/"]}]},{"@type":"BreadcrumbList","@id":"https:\/\/fundesplai.org\/viureisomriure\/recursos\/#breadcrumb","itemListElement":[{"@type":"ListItem","position":1,"name":"Inici","item":"\/"},{"@type":"ListItem","position":2,"name":"Viure i somriure","item":"https:\/\/fundesplai.org\/viureisomriure"},{"@type":"ListItem","position":3,"name":"Recursos"}]},{"@type":"WebSite","@id":"https:\/\/fundesplai.org\/viureisomriure\/#website","url":"https:\/\/fundesplai.org\/viureisomriure\/","name":"Viure i somriure","description":"Proposta educativa de Fundesplai","potentialAction":[{"@type":"SearchAction","target":{"@type":"EntryPoint","urlTemplate":"https:\/\/fundesplai.org\/viureisomriure\/?s={search_term_string}"},"query-input":{"@type":"PropertyValueSpecification","valueRequired":true,"valueName":"search_term_string"}}],"inLanguage":"ca"}]}},"_links":{"self":[{"href":"https:\/\/fundesplai.org\/viureisomriure\/wp-json\/wp\/v2\/pages\/196","targetHints":{"allow":["GET"]}}],"collection":[{"href":"https:\/\/fundesplai.org\/viureisomriure\/wp-json\/wp\/v2\/pages"}],"about":[{"href":"https:\/\/fundesplai.org\/viureisomriure\/wp-json\/wp\/v2\/types\/page"}],"author":[{"embeddable":true,"href":"https:\/\/fundesplai.org\/viureisomriure\/wp-json\/wp\/v2\/users\/27"}],"replies":[{"embeddable":true,"href":"https:\/\/fundesplai.org\/viureisomriure\/wp-json\/wp\/v2\/comments?post=196"}],"version-history":[{"count":4,"href":"https:\/\/fundesplai.org\/viureisomriure\/wp-json\/wp\/v2\/pages\/196\/revisions"}],"predecessor-version":[{"id":201,"href":"https:\/\/fundesplai.org\/viureisomriure\/wp-json\/wp\/v2\/pages\/196\/revisions\/201"}],"wp:attachment":[{"href":"https:\/\/fundesplai.org\/viureisomriure\/wp-json\/wp\/v2\/media?parent=196"}],"curies":[{"name":"wp","href":"https:\/\/api.w.org\/{rel}","templated":true}]}}