{"id":13,"date":"2021-10-13T08:56:14","date_gmt":"2021-10-13T06:56:14","guid":{"rendered":"https:\/\/fundesplai.org\/viureisomriure\/?page_id=13"},"modified":"2023-03-16T11:34:38","modified_gmt":"2023-03-16T10:34:38","slug":"la-salut-un-concepte-dialectic","status":"publish","type":"page","link":"https:\/\/fundesplai.org\/viureisomriure\/la-salut-un-concepte-dialectic\/","title":{"rendered":"La salut, un concepte dial\u00e8ctic"},"content":{"rendered":"[et_pb_section fb_built=&#8221;1&#8243; _builder_version=&#8221;4.16&#8243; global_colors_info=&#8221;{}&#8221;][et_pb_row _builder_version=&#8221;4.16&#8243; background_size=&#8221;initial&#8221; background_position=&#8221;top_left&#8221; background_repeat=&#8221;repeat&#8221; global_colors_info=&#8221;{}&#8221;][et_pb_column type=&#8221;4_4&#8243; _builder_version=&#8221;4.16&#8243; custom_padding=&#8221;|||&#8221; global_colors_info=&#8221;{}&#8221; custom_padding__hover=&#8221;|||&#8221;][et_pb_post_title meta=&#8221;off&#8221; featured_image=&#8221;off&#8221; _builder_version=&#8221;4.16&#8243; _module_preset=&#8221;default&#8221; global_colors_info=&#8221;{}&#8221;][\/et_pb_post_title][et_pb_text _builder_version=&#8221;4.19.0&#8243; background_size=&#8221;initial&#8221; background_position=&#8221;top_left&#8221; background_repeat=&#8221;repeat&#8221; global_colors_info=&#8221;{}&#8221;]<p>A la nostra cultura, durant molt de temps, salut ha estat simplement sin\u00f2nim d&#8217;abs\u00e8ncia de malaltia. En 1946, la OMS va definir la salut com l&#8217;estat complet de benestar f\u00edsic, mental i social i no nom\u00e9s com l&#8217;abs\u00e8ncia de malalties i invalideses.<\/p>\n<p><\/p>[\/et_pb_text][et_pb_testimonial author=&#8221;Jordi Gol&#8221; company_name=&#8221;Congr\u00e9s de Metges i Bi\u00f2legs celebrat a Perpiny\u00e0 al 1976&#8243; _builder_version=&#8221;4.19.0&#8243; _module_preset=&#8221;default&#8221; custom_margin=&#8221;30px||30px||false|false&#8221; global_colors_info=&#8221;{}&#8221;]<p>La salut \u00e9s una manera de viure: cada cop m\u00e9s aut\u00f2noma, m\u00e9s solid\u00e0ria i m\u00e9s joiosa.<\/p>[\/et_pb_testimonial][et_pb_text _builder_version=&#8221;4.19.0&#8243; _module_preset=&#8221;default&#8221; hover_enabled=&#8221;0&#8243; global_colors_info=&#8221;{}&#8221; custom_margin=&#8221;||50px||false|false&#8221; sticky_enabled=&#8221;0&#8243;]<p>Aquesta definici\u00f3 del doctor Jordi Gol, elaborada pel Congr\u00e9s de Metges i Bi\u00f2legs celebrat a Perpiny\u00e0 al 1976, trenca el concepte estret de salut com a oposat al de malaltia.<\/p>\n<p>Es tracta d&#8217;una nova definici\u00f3 de la salut, entesa com a manera de viure, que expressa la recerca entre dimensions antin\u00f2miques: entre el m\u00f3n interior i el m\u00f3n exterior, entre la individualitat i la comunitat, entre el pensament i el sentiment, entre l&#8217;expansi\u00f3 i la interioritzaci\u00f3, la llum i la foscor, el so i el silenci, el moviment i la quietud.<\/p>\n<p>Una manera de viure que busca l&#8217;harmonia, acceptant les contradiccions.<\/p>\n<h3>Una manera de viure cada cop m\u00e9s aut\u00f2noma<\/h3>\n<p>La salut \u00e9s esdevenir protagonistes conscients i actius del mateix desenvolupament, \u00e9s comprendre&#8217;s un mateix amb una visi\u00f3 integral de la persona i una bona dosi d&#8217;autoestima.<\/p>\n<h3>Cada cop m\u00e9s solid\u00e0ria<\/h3>\n<p>La salut \u00e9s, alhora, un afer individual, col\u00b7lectiu i ambiental, del qual tots en som responsables.<\/p>\n<p>El que nosaltres fem amb la nostra salut repercuteix en els altres: no s&#8217;hi val dir que el nostre cos i la nostra salut \u00e9s nom\u00e9s el nostre problema. Si fumem, si mengem inadequadament, si ens posem en risc, si no tenim cura de la nostra higiene, si ens passem amb l&#8217;alcohol&#8230; perjudiquem les persones que ens envolten, o les posem en risc, o les hi compliquem la vida.<\/p>\n<h3>Cada cop m\u00e9s joiosa<\/h3>\n<p>La salut \u00e9s tamb\u00e9 una actitud b\u00e0sica de vitalitat, d&#8217;optimisme per afrontar les dificultats i els problemes, una actitud que ens motiva a veure el cant\u00f3 positiu de les coses i ens empeny a fruir de la vida i a buscar la plenitud, per\u00f2 sobre la base de l&#8217;acceptaci\u00f3 de la corpore\u00eftat, de les seves limitacions&#8230; que no sempre resulta f\u00e0cil en una societat en molts aspectes agressiva i desp\u00f2tica.<\/p>[\/et_pb_text][\/et_pb_column][\/et_pb_row][\/et_pb_section]","protected":false},"excerpt":{"rendered":"<p>A la nostra cultura, durant molt de temps, salut ha estat simplement sin\u00f2nim d&#8217;abs\u00e8ncia de malaltia. En 1946, la OMS va definir la salut com l&#8217;estat complet de benestar f\u00edsic, mental i social i no nom\u00e9s com l&#8217;abs\u00e8ncia de malalties i invalideses. La salut \u00e9s una manera de viure: cada cop m\u00e9s aut\u00f2noma, m\u00e9s solid\u00e0ria [&hellip;]<\/p>\n","protected":false},"author":4,"featured_media":0,"parent":0,"menu_order":0,"comment_status":"closed","ping_status":"closed","template":"","meta":{"_et_pb_use_builder":"on","_et_pb_old_content":"<!-- wp:paragraph -->\r\n<p>A la nostra cultura, durant molt de temps, salut ha estat simplement sin\u00f2nim d'abs\u00e8ncia de malaltia. En 1946, la OMS va definir la salut com l'estat complet de benestar f\u00edsic, mental i social i no nom\u00e9s com l'abs\u00e8ncia de malalties i invalideses.<\/p>\r\n<!-- \/wp:paragraph --><!-- wp:paragraph -->\r\n<p>La salut \u00e9s una manera de viure: cada cop m\u00e9s aut\u00f2noma, m\u00e9s solid\u00e0ria i m\u00e9s joiosa<br \/>(Jordi Gol)<\/p>\r\n<!-- \/wp:paragraph --><!-- wp:paragraph -->\r\n<p>Aquesta definici\u00f3 del doctor Jordi Gol, elaborada pel Congr\u00e9s de Metges i Bi\u00f2legs celebrat a Perpiny\u00e0 al 1976, trenca el concepte estret de salut com a oposat al de malaltia.<\/p>\r\n<!-- \/wp:paragraph --><!-- wp:paragraph -->\r\n<p>Es tracta d'una nova definici\u00f3 de la salut, entesa com a manera de viure, que expressa la recerca entre dimensions antin\u00f2miques: entre el m\u00f3n interior i el m\u00f3n exterior, entre la individualitat i la comunitat, entre el pensament i el sentiment, entre l'expansi\u00f3 i la interioritzaci\u00f3, la llum i la foscor, el so i el silenci, el moviment i la quietud.<\/p>\r\n<!-- \/wp:paragraph --><!-- wp:paragraph -->\r\n<p>Una manera de viure que busca l'harmonia, acceptant les contradiccions.<\/p>\r\n<!-- \/wp:paragraph --><!-- wp:paragraph -->\r\n<p><strong>Una manera de viure cada cop m\u00e9s aut\u00f2noma<\/strong><br \/>La salut \u00e9s esdevenir protagonistes conscients i actius del propi desenvolupament, \u00e9s comprendre's un mateix amb una visi\u00f3 integral de la persona i una bona dosi d'autoestima.<\/p>\r\n<!-- \/wp:paragraph --><!-- wp:paragraph -->\r\n<p><strong>Cada cop m\u00e9s solid\u00e0ria<\/strong><br \/>La salut \u00e9s, alhora, un afer individual, col\u00b7lectiu i ambiental, del qual tots en som responsables.<\/p>\r\n<!-- \/wp:paragraph --><!-- wp:paragraph -->\r\n<p>El que nosaltres fem amb la nostra salut repercuteix en els altres: no s'hi val dir que el nostre cos i la nostra salut \u00e9s nom\u00e9s el nostre problema. Si fumem, si mengem inadequadament, si ens posem en risc, si no tenim cura de la nostra higiene, si ens passem amb l'alcohol... perjudiquem a les persones que ens envolten, o les posem en risc, o les hi compliquem la vida.<\/p>\r\n<!-- \/wp:paragraph --><!-- wp:paragraph -->\r\n<p><strong>Cada cop m\u00e9s joiosa<\/strong><br \/>La salut \u00e9s tamb\u00e9 una actitud b\u00e0sica de vitalitat, d'optimisme per afrontar les dificultats i els problemes, una actitud que ens motiva a veure el cant\u00f3 positiu de les coses i ens empeny a fruir de la vida i a buscar la plenitud, per\u00f2 sobre la base de l'acceptaci\u00f3 de la corpore\u00eftat, de les seves limitacions... que no sempre resulta f\u00e0cil en una societat en molts aspectes agressiva i desp\u00f2tica.<\/p>\r\n<!-- \/wp:paragraph -->","_et_gb_content_width":"","footnotes":""},"class_list":["post-13","page","type-page","status-publish","hentry"],"yoast_head":"<!-- This site is optimized with the Yoast SEO plugin v27.3 - https:\/\/yoast.com\/product\/yoast-seo-wordpress\/ -->\n<title>La salut, un concepte dial\u00e8ctic - Viure i somriure<\/title>\n<meta name=\"robots\" content=\"index, follow, max-snippet:-1, max-image-preview:large, max-video-preview:-1\" \/>\n<link rel=\"canonical\" href=\"https:\/\/fundesplai.org\/viureisomriure\/la-salut-un-concepte-dialectic\/\" \/>\n<meta property=\"og:locale\" content=\"ca_ES\" \/>\n<meta property=\"og:type\" content=\"article\" \/>\n<meta property=\"og:title\" content=\"La salut, un concepte dial\u00e8ctic - Viure i somriure\" \/>\n<meta property=\"og:description\" content=\"A la nostra cultura, durant molt de temps, salut ha estat simplement sin\u00f2nim d&#039;abs\u00e8ncia de malaltia. En 1946, la OMS va definir la salut com l&#039;estat complet de benestar f\u00edsic, mental i social i no nom\u00e9s com l&#039;abs\u00e8ncia de malalties i invalideses. La salut \u00e9s una manera de viure: cada cop m\u00e9s aut\u00f2noma, m\u00e9s solid\u00e0ria [&hellip;]\" \/>\n<meta property=\"og:url\" content=\"https:\/\/fundesplai.org\/viureisomriure\/la-salut-un-concepte-dialectic\/\" \/>\n<meta property=\"og:site_name\" content=\"Viure i somriure\" \/>\n<meta property=\"article:modified_time\" content=\"2023-03-16T10:34:38+00:00\" \/>\n<meta name=\"twitter:card\" content=\"summary_large_image\" \/>\n<meta name=\"twitter:label1\" content=\"Temps estimat de lectura\" \/>\n\t<meta name=\"twitter:data1\" content=\"3 minuts\" \/>\n<script type=\"application\/ld+json\" class=\"yoast-schema-graph\">{\"@context\":\"https:\\\/\\\/schema.org\",\"@graph\":[{\"@type\":\"WebPage\",\"@id\":\"https:\\\/\\\/fundesplai.org\\\/viureisomriure\\\/la-salut-un-concepte-dialectic\\\/\",\"url\":\"https:\\\/\\\/fundesplai.org\\\/viureisomriure\\\/la-salut-un-concepte-dialectic\\\/\",\"name\":\"La salut, un concepte dial\u00e8ctic - Viure i somriure\",\"isPartOf\":{\"@id\":\"https:\\\/\\\/fundesplai.org\\\/viureisomriure\\\/#website\"},\"datePublished\":\"2021-10-13T06:56:14+00:00\",\"dateModified\":\"2023-03-16T10:34:38+00:00\",\"breadcrumb\":{\"@id\":\"https:\\\/\\\/fundesplai.org\\\/viureisomriure\\\/la-salut-un-concepte-dialectic\\\/#breadcrumb\"},\"inLanguage\":\"ca\",\"potentialAction\":[{\"@type\":\"ReadAction\",\"target\":[\"https:\\\/\\\/fundesplai.org\\\/viureisomriure\\\/la-salut-un-concepte-dialectic\\\/\"]}]},{\"@type\":\"BreadcrumbList\",\"@id\":\"https:\\\/\\\/fundesplai.org\\\/viureisomriure\\\/la-salut-un-concepte-dialectic\\\/#breadcrumb\",\"itemListElement\":[{\"@type\":\"ListItem\",\"position\":1,\"name\":\"Inici\",\"item\":\"\\\/\"},{\"@type\":\"ListItem\",\"position\":2,\"name\":\"Viure i somriure\",\"item\":\"https:\\\/\\\/fundesplai.org\\\/viureisomriure\"},{\"@type\":\"ListItem\",\"position\":3,\"name\":\"La salut, un concepte dial\u00e8ctic\"}]},{\"@type\":\"WebSite\",\"@id\":\"https:\\\/\\\/fundesplai.org\\\/viureisomriure\\\/#website\",\"url\":\"https:\\\/\\\/fundesplai.org\\\/viureisomriure\\\/\",\"name\":\"Viure i somriure\",\"description\":\"Proposta educativa de Fundesplai\",\"potentialAction\":[{\"@type\":\"SearchAction\",\"target\":{\"@type\":\"EntryPoint\",\"urlTemplate\":\"https:\\\/\\\/fundesplai.org\\\/viureisomriure\\\/?s={search_term_string}\"},\"query-input\":{\"@type\":\"PropertyValueSpecification\",\"valueRequired\":true,\"valueName\":\"search_term_string\"}}],\"inLanguage\":\"ca\"}]}<\/script>\n<!-- \/ Yoast SEO plugin. -->","yoast_head_json":{"title":"La salut, un concepte dial\u00e8ctic - Viure i somriure","robots":{"index":"index","follow":"follow","max-snippet":"max-snippet:-1","max-image-preview":"max-image-preview:large","max-video-preview":"max-video-preview:-1"},"canonical":"https:\/\/fundesplai.org\/viureisomriure\/la-salut-un-concepte-dialectic\/","og_locale":"ca_ES","og_type":"article","og_title":"La salut, un concepte dial\u00e8ctic - Viure i somriure","og_description":"A la nostra cultura, durant molt de temps, salut ha estat simplement sin\u00f2nim d'abs\u00e8ncia de malaltia. En 1946, la OMS va definir la salut com l'estat complet de benestar f\u00edsic, mental i social i no nom\u00e9s com l'abs\u00e8ncia de malalties i invalideses. La salut \u00e9s una manera de viure: cada cop m\u00e9s aut\u00f2noma, m\u00e9s solid\u00e0ria [&hellip;]","og_url":"https:\/\/fundesplai.org\/viureisomriure\/la-salut-un-concepte-dialectic\/","og_site_name":"Viure i somriure","article_modified_time":"2023-03-16T10:34:38+00:00","twitter_card":"summary_large_image","twitter_misc":{"Temps estimat de lectura":"3 minuts"},"schema":{"@context":"https:\/\/schema.org","@graph":[{"@type":"WebPage","@id":"https:\/\/fundesplai.org\/viureisomriure\/la-salut-un-concepte-dialectic\/","url":"https:\/\/fundesplai.org\/viureisomriure\/la-salut-un-concepte-dialectic\/","name":"La salut, un concepte dial\u00e8ctic - Viure i somriure","isPartOf":{"@id":"https:\/\/fundesplai.org\/viureisomriure\/#website"},"datePublished":"2021-10-13T06:56:14+00:00","dateModified":"2023-03-16T10:34:38+00:00","breadcrumb":{"@id":"https:\/\/fundesplai.org\/viureisomriure\/la-salut-un-concepte-dialectic\/#breadcrumb"},"inLanguage":"ca","potentialAction":[{"@type":"ReadAction","target":["https:\/\/fundesplai.org\/viureisomriure\/la-salut-un-concepte-dialectic\/"]}]},{"@type":"BreadcrumbList","@id":"https:\/\/fundesplai.org\/viureisomriure\/la-salut-un-concepte-dialectic\/#breadcrumb","itemListElement":[{"@type":"ListItem","position":1,"name":"Inici","item":"\/"},{"@type":"ListItem","position":2,"name":"Viure i somriure","item":"https:\/\/fundesplai.org\/viureisomriure"},{"@type":"ListItem","position":3,"name":"La salut, un concepte dial\u00e8ctic"}]},{"@type":"WebSite","@id":"https:\/\/fundesplai.org\/viureisomriure\/#website","url":"https:\/\/fundesplai.org\/viureisomriure\/","name":"Viure i somriure","description":"Proposta educativa de Fundesplai","potentialAction":[{"@type":"SearchAction","target":{"@type":"EntryPoint","urlTemplate":"https:\/\/fundesplai.org\/viureisomriure\/?s={search_term_string}"},"query-input":{"@type":"PropertyValueSpecification","valueRequired":true,"valueName":"search_term_string"}}],"inLanguage":"ca"}]}},"_links":{"self":[{"href":"https:\/\/fundesplai.org\/viureisomriure\/wp-json\/wp\/v2\/pages\/13","targetHints":{"allow":["GET"]}}],"collection":[{"href":"https:\/\/fundesplai.org\/viureisomriure\/wp-json\/wp\/v2\/pages"}],"about":[{"href":"https:\/\/fundesplai.org\/viureisomriure\/wp-json\/wp\/v2\/types\/page"}],"author":[{"embeddable":true,"href":"https:\/\/fundesplai.org\/viureisomriure\/wp-json\/wp\/v2\/users\/4"}],"replies":[{"embeddable":true,"href":"https:\/\/fundesplai.org\/viureisomriure\/wp-json\/wp\/v2\/comments?post=13"}],"version-history":[{"count":5,"href":"https:\/\/fundesplai.org\/viureisomriure\/wp-json\/wp\/v2\/pages\/13\/revisions"}],"predecessor-version":[{"id":227,"href":"https:\/\/fundesplai.org\/viureisomriure\/wp-json\/wp\/v2\/pages\/13\/revisions\/227"}],"wp:attachment":[{"href":"https:\/\/fundesplai.org\/viureisomriure\/wp-json\/wp\/v2\/media?parent=13"}],"curies":[{"name":"wp","href":"https:\/\/api.w.org\/{rel}","templated":true}]}}