{"id":728,"date":"2026-01-16T13:52:30","date_gmt":"2026-01-16T12:52:30","guid":{"rendered":"https:\/\/fundesplai.org\/premis-josep-gasso\/?page_id=728"},"modified":"2026-04-19T17:31:17","modified_gmt":"2026-04-19T15:31:17","slug":"entitats-guanyadores","status":"publish","type":"page","link":"https:\/\/fundesplai.org\/premis-josep-gasso\/entitats-guanyadores\/","title":{"rendered":"Entitats guanyadores"},"content":{"rendered":"<p>[et_pb_section fb_built=&#8221;1&#8243; _builder_version=&#8221;4.27.5&#8243; _module_preset=&#8221;default&#8221; global_colors_info=&#8221;{}&#8221;][et_pb_row _builder_version=&#8221;4.21.0&#8243; _module_preset=&#8221;default&#8221; locked=&#8221;off&#8221; global_colors_info=&#8221;{}&#8221;][et_pb_column type=&#8221;4_4&#8243; _builder_version=&#8221;4.21.0&#8243; _module_preset=&#8221;default&#8221; global_colors_info=&#8221;{}&#8221;][et_pb_text admin_label=&#8221;1a edici\u00f3 premis&#8221; _builder_version=&#8221;4.27.5&#8243; _module_preset=&#8221;default&#8221; custom_margin=&#8221;||40px||false|false&#8221; hover_enabled=&#8221;0&#8243; global_colors_info=&#8221;{}&#8221; sticky_enabled=&#8221;0&#8243;]<\/p>\n<h2 style=\"text-align: center\">Primera edici\u00f3 dels premis<\/h2>\n<p style=\"text-align: center\">En la primera edici\u00f3 dels Premis Josep Gass\u00f3 Espina, Fundesplai ha reconegut l\u2019esfor\u00e7 i la dedicaci\u00f3 de les entitats sense \u00e0nim de lucre que treballen amb infants i joves <strong>per la conviv\u00e8ncia, la sostenibilitat i la transformaci\u00f3 social<\/strong>.<\/p>\n<p style=\"text-align: center\">Els guardons han rebut <strong>63 candidatures<\/strong>, visibilitzant iniciatives que generen un impacte positiu en la comunitat i en el medi ambient. Totes elles han destacat per la seva qualitat i la gran diversitat d&#8217;\u00e0mbits d&#8217;intervenci\u00f3 en el context catal\u00e0.<\/p>\n<p>A causa de l&#8217;\u00e8xit de participaci\u00f3, des de Fundesplai hem decidit guardonar dues entitats a la categoria Transforma en comptes d&#8217;una, tal i com estava previst inicialment, fent que la dotaci\u00f3 total dels premis hagi ascendit als <strong>20.000 euros<\/strong>.<\/p>\n<p style=\"text-align: center\">El <strong>lliurament de premis ha tingut lloc en el marc del nov\u00e8 <a href=\"https:\/\/fundesplai.org\/collabora\/sopar-solidari\/\">Sopar Solidari<\/a> de Fundesplai<\/strong>, celebrat a la seva seu de Centre Esplai (El Prat de Llobregat) l\u20191 de desembre del 2025.<\/p>\n<p>[\/et_pb_text][\/et_pb_column][\/et_pb_row][et_pb_row admin_label=&#8221;Row&#8221; _builder_version=&#8221;4.21.0&#8243; _module_preset=&#8221;default&#8221; locked=&#8221;off&#8221; global_colors_info=&#8221;{}&#8221;][et_pb_column type=&#8221;4_4&#8243; _builder_version=&#8221;4.21.0&#8243; _module_preset=&#8221;default&#8221; global_colors_info=&#8221;{}&#8221;][et_pb_text admin_label=&#8221;T\u00edtol entitats guanyadores&#8221; module_id=&#8221;objectiu&#8221; _builder_version=&#8221;4.27.5&#8243; _module_preset=&#8221;default&#8221; custom_margin=&#8221;30px||||false|false&#8221; global_colors_info=&#8221;{}&#8221;]<\/p>\n<h2 style=\"text-align: center\">ENTITATS GUANYADORES<\/h2>\n<p>[\/et_pb_text][\/et_pb_column][\/et_pb_row][et_pb_row _builder_version=&#8221;4.27.5&#8243; _module_preset=&#8221;default&#8221; global_colors_info=&#8221;{}&#8221;][et_pb_column type=&#8221;4_4&#8243; _builder_version=&#8221;4.27.5&#8243; _module_preset=&#8221;default&#8221; global_colors_info=&#8221;{}&#8221;][et_pb_text admin_label=&#8221;Categoria TRANSFORMA SOCIAL&#8221; _builder_version=&#8221;4.27.5&#8243; _module_preset=&#8221;default&#8221; global_colors_info=&#8221;{}&#8221;]<\/p>\n<h3>1. Categoria Transforma Social<\/h3>\n<p style=\"text-align: left\"><strong>C\u00e0ritas Diocesana de Girona<\/strong> amb el projecte <strong>\u201cL\u2019Obrador: espai jove d\u2019art en conviv\u00e8ncia\u201d<\/strong>.<\/p>\n<p style=\"text-align: left\">Un espai inclusiu per a joves de 15 a 22 anys de diferents proced\u00e8ncies, on poden expressar-se i tenir una veu pr\u00f2pia a trav\u00e9s de la creaci\u00f3 art\u00edstica. La proposta impulsa processos d\u2019apoderament col\u00b7lectiu i de canvi comunitari basats en la conviv\u00e8ncia, la participaci\u00f3 activa i els models d&#8217;autogovernan\u00e7a democr\u00e0tica.<\/p>\n<p>[\/et_pb_text][\/et_pb_column][\/et_pb_row][et_pb_row column_structure=&#8221;1_3,1_3,1_3&#8243; _builder_version=&#8221;4.27.5&#8243; _module_preset=&#8221;default&#8221; global_colors_info=&#8221;{}&#8221;][et_pb_column type=&#8221;1_3&#8243; _builder_version=&#8221;4.27.5&#8243; _module_preset=&#8221;default&#8221; global_colors_info=&#8221;{}&#8221;][\/et_pb_column][et_pb_column type=&#8221;1_3&#8243; _builder_version=&#8221;4.27.5&#8243; _module_preset=&#8221;default&#8221; global_colors_info=&#8221;{}&#8221;][et_pb_image src=&#8221;https:\/\/fundesplai.org\/premis-josep-gasso\/wp-content\/uploads\/sites\/33\/2026\/01\/Premis-Josep-Gasso-Fundesplai-Caritas-Diocesana-Girona.webp&#8221; title_text=&#8221;Premis Josep Gass\u00f3 Fundesplai C\u00e0ritas Diocesana Girona&#8221; _builder_version=&#8221;4.27.5&#8243; _module_preset=&#8221;default&#8221; custom_margin=&#8221;35px||35px||false|false&#8221; global_colors_info=&#8221;{}&#8221;][\/et_pb_image][\/et_pb_column][et_pb_column type=&#8221;1_3&#8243; _builder_version=&#8221;4.27.5&#8243; _module_preset=&#8221;default&#8221; global_colors_info=&#8221;{}&#8221;][\/et_pb_column][\/et_pb_row][et_pb_row _builder_version=&#8221;4.27.5&#8243; _module_preset=&#8221;default&#8221; global_colors_info=&#8221;{}&#8221;][et_pb_column type=&#8221;4_4&#8243; _builder_version=&#8221;4.27.5&#8243; _module_preset=&#8221;default&#8221; global_colors_info=&#8221;{}&#8221;][et_pb_text admin_label=&#8221;Categoria TRANSFORMA AMBIENTAL&#8221; _builder_version=&#8221;4.27.5&#8243; _module_preset=&#8221;default&#8221; global_colors_info=&#8221;{}&#8221;]<\/p>\n<h3>2. Categoria Transforma Ambiental<\/h3>\n<p style=\"text-align: left\"><strong>Associaci\u00f3 Setem Catalunya<\/strong> amb el projecte <strong>\u201cCurses escolars contra els residus\u201d<\/strong>.<\/p>\n<p style=\"text-align: left\">L\u2019activitat fomenta la conscienciaci\u00f3 ambiental de l\u2019alumnat mitjan\u00e7ant una experi\u00e8ncia interactiva sobre els residus t\u00e8xtils i electr\u00f2nics, mostrant com les nostres accions afecten les persones i el planeta. Al llarg de quatre setmanes, els infants passen del coneixement te\u00f2ric a l\u2019acci\u00f3 directa, assumint un rol protagonista en la millora del seu entorn proper mitjan\u00e7ant propostes ideades i liderades per ells mateixos.<\/p>\n<p>[\/et_pb_text][\/et_pb_column][\/et_pb_row][et_pb_row column_structure=&#8221;1_3,1_3,1_3&#8243; _builder_version=&#8221;4.27.5&#8243; _module_preset=&#8221;default&#8221; global_colors_info=&#8221;{}&#8221;][et_pb_column type=&#8221;1_3&#8243; _builder_version=&#8221;4.27.5&#8243; _module_preset=&#8221;default&#8221; global_colors_info=&#8221;{}&#8221;][\/et_pb_column][et_pb_column type=&#8221;1_3&#8243; _builder_version=&#8221;4.27.5&#8243; _module_preset=&#8221;default&#8221; global_colors_info=&#8221;{}&#8221;][et_pb_image src=&#8221;https:\/\/fundesplai.org\/premis-josep-gasso\/wp-content\/uploads\/sites\/33\/2026\/01\/Premis-Josep-Gasso-Fundesplai-Associacio-Setem-Catalunya.webp&#8221; title_text=&#8221;Premis Josep Gass\u00f3 Fundesplai Associaci\u00f3 Setem Catalunya&#8221; _builder_version=&#8221;4.27.5&#8243; _module_preset=&#8221;default&#8221; custom_margin=&#8221;35px||35px||false|false&#8221; global_colors_info=&#8221;{}&#8221;][\/et_pb_image][\/et_pb_column][et_pb_column type=&#8221;1_3&#8243; _builder_version=&#8221;4.27.5&#8243; _module_preset=&#8221;default&#8221; global_colors_info=&#8221;{}&#8221;][\/et_pb_column][\/et_pb_row][et_pb_row _builder_version=&#8221;4.27.5&#8243; _module_preset=&#8221;default&#8221; global_colors_info=&#8221;{}&#8221;][et_pb_column type=&#8221;4_4&#8243; _builder_version=&#8221;4.27.5&#8243; _module_preset=&#8221;default&#8221; global_colors_info=&#8221;{}&#8221;][et_pb_text admin_label=&#8221;Categoria IMAGINA ENTITATS LLEURE&#8221; _builder_version=&#8221;4.27.5&#8243; _module_preset=&#8221;default&#8221; global_colors_info=&#8221;{}&#8221;]<\/p>\n<h3>3. Categoria Imagina de grups de joves d&#8217;entitats de lleure<\/h3>\n<p style=\"text-align: left\"><strong>Esplai Sant Lloren\u00e7<\/strong> (Sant Feliu de Llobregat) amb el projecte <strong>\u201cDia verd\u201d<\/strong>.<\/p>\n<p style=\"text-align: left\">Un programa que apropa infants i joves a la natura amb excursions, camps de treball i activitats de neteja per aprendre a cuidar el medi ambient i connectar amb l\u2019entorn natural. La proposta educativa en el lleure sostenible planteja implicar entitats locals i fam\u00edlies per fer-la m\u00e9s integradora i comunit\u00e0ria.<\/p>\n<p>[\/et_pb_text][\/et_pb_column][\/et_pb_row][et_pb_row column_structure=&#8221;1_3,1_3,1_3&#8243; _builder_version=&#8221;4.27.5&#8243; _module_preset=&#8221;default&#8221; global_colors_info=&#8221;{}&#8221;][et_pb_column type=&#8221;1_3&#8243; _builder_version=&#8221;4.27.5&#8243; _module_preset=&#8221;default&#8221; global_colors_info=&#8221;{}&#8221;][\/et_pb_column][et_pb_column type=&#8221;1_3&#8243; _builder_version=&#8221;4.27.5&#8243; _module_preset=&#8221;default&#8221; global_colors_info=&#8221;{}&#8221;][et_pb_image src=&#8221;https:\/\/fundesplai.org\/premis-josep-gasso\/wp-content\/uploads\/sites\/33\/2026\/01\/Premis-Josep-Gasso-Fundesplai-Esplai-Sant-Llorenc.webp&#8221; title_text=&#8221;Premis Josep Gass\u00f3 Fundesplai Esplai Sant Lloren\u00e7&#8221; _builder_version=&#8221;4.27.5&#8243; _module_preset=&#8221;default&#8221; custom_margin=&#8221;35px||35px||false|false&#8221; global_colors_info=&#8221;{}&#8221;][\/et_pb_image][\/et_pb_column][et_pb_column type=&#8221;1_3&#8243; _builder_version=&#8221;4.27.5&#8243; _module_preset=&#8221;default&#8221; global_colors_info=&#8221;{}&#8221;][\/et_pb_column][\/et_pb_row][et_pb_row _builder_version=&#8221;4.27.5&#8243; _module_preset=&#8221;default&#8221; global_colors_info=&#8221;{}&#8221;][et_pb_column type=&#8221;4_4&#8243; _builder_version=&#8221;4.27.5&#8243; _module_preset=&#8221;default&#8221; global_colors_info=&#8221;{}&#8221;][et_pb_text admin_label=&#8221;Categoria IMAGINA CENTRES ESPLAIS&#8221; _builder_version=&#8221;4.27.5&#8243; _module_preset=&#8221;default&#8221; global_colors_info=&#8221;{}&#8221;]<\/p>\n<h3>3. Categoria Imagina dels centres d&#8217;esplai de la Federaci\u00f3 Catalana de l&#8217;Esplai<\/h3>\n<p style=\"text-align: left\"><strong>Esplai Ping\u00fc\u00ed<\/strong> (Sant Andreu de la Barca) amb el projecte <strong>\u201cCamins de mem\u00f2ria\u201d<\/strong>.<\/p>\n<p style=\"text-align: left\">Una iniciativa que recupera les hist\u00f2ries del poble des de la mirada dels joves, fomentant la conviv\u00e8ncia, la identitat i la comunitat i enfortint el vincle amb el seu entorn i amb altres generacions. L&#8217;objectiu \u00e9s crear un arxiu de mem\u00f2ria viva amb fotografies, entrevistes, relats&#8230; per donar a con\u00e8ixer les persones i entitats del municipi.\u00a0<\/p>\n<p>[\/et_pb_text][\/et_pb_column][\/et_pb_row][et_pb_row column_structure=&#8221;1_3,1_3,1_3&#8243; _builder_version=&#8221;4.27.5&#8243; _module_preset=&#8221;default&#8221; global_colors_info=&#8221;{}&#8221;][et_pb_column type=&#8221;1_3&#8243; _builder_version=&#8221;4.27.5&#8243; _module_preset=&#8221;default&#8221; global_colors_info=&#8221;{}&#8221;][\/et_pb_column][et_pb_column type=&#8221;1_3&#8243; _builder_version=&#8221;4.27.5&#8243; _module_preset=&#8221;default&#8221; global_colors_info=&#8221;{}&#8221;][et_pb_image src=&#8221;https:\/\/fundesplai.org\/premis-josep-gasso\/wp-content\/uploads\/sites\/33\/2026\/01\/Premis-Josep-Gasso-Fundesplai-Esplai-Pingui.webp&#8221; title_text=&#8221;Premis Josep Gass\u00f3 Fundesplai Esplai Ping\u00fc\u00ed&#8221; _builder_version=&#8221;4.27.5&#8243; _module_preset=&#8221;default&#8221; custom_margin=&#8221;35px||||false|false&#8221; global_colors_info=&#8221;{}&#8221;][\/et_pb_image][\/et_pb_column][et_pb_column type=&#8221;1_3&#8243; _builder_version=&#8221;4.27.5&#8243; _module_preset=&#8221;default&#8221; global_colors_info=&#8221;{}&#8221;][\/et_pb_column][\/et_pb_row][et_pb_row _builder_version=&#8221;4.27.5&#8243; _module_preset=&#8221;default&#8221; global_colors_info=&#8221;{}&#8221;][et_pb_column type=&#8221;4_4&#8243; _builder_version=&#8221;4.27.5&#8243; _module_preset=&#8221;default&#8221; global_colors_info=&#8221;{}&#8221;][et_pb_divider _builder_version=&#8221;4.27.5&#8243; _module_preset=&#8221;default&#8221; custom_margin=&#8221;40px||35px||false|false&#8221; global_colors_info=&#8221;{}&#8221;][\/et_pb_divider][et_pb_text admin_label=&#8221;Missatge d&#8217;agra\u00efment&#8221; _builder_version=&#8221;4.27.5&#8243; _module_preset=&#8221;default&#8221; custom_margin=&#8221;||40px||false|false&#8221; global_colors_info=&#8221;{}&#8221;]<\/p>\n<p style=\"text-align: center\"><strong>Gr\u00e0cies a totes les entitats que heu presentat candidatura<\/strong> i que, amb la vostra implicaci\u00f3, <strong>feu cr\u00e9ixer els Premis Josep Gass\u00f3 Espina<\/strong> com un espai de reconeixement i impuls dels projectes educatius, socials i ambientals amb impacte transformador.<\/p>\n<p style=\"text-align: center\">T&#8217;animem a participar en l&#8217;edici\u00f3 de l&#8217;any vinent!<\/p>\n<p>[\/et_pb_text][\/et_pb_column][\/et_pb_row][\/et_pb_section]<\/p>\n","protected":false},"excerpt":{"rendered":"<p>Entitats guanyadores de la primera edici\u00f3 dels PREMIS JOSEP GASS\u00d3 ESPINA per a la conviv\u00e8ncia i la sostenibilitat. Descobreix-les! <\/p>\n","protected":false},"author":82,"featured_media":0,"parent":0,"menu_order":0,"comment_status":"closed","ping_status":"closed","template":"","meta":{"_et_pb_use_builder":"on","_et_pb_old_content":"","_et_gb_content_width":"","footnotes":""},"class_list":["post-728","page","type-page","status-publish","hentry"],"yoast_head":"<!-- This site is optimized with the Yoast SEO plugin v27.5 - https:\/\/yoast.com\/product\/yoast-seo-wordpress\/ -->\n<title>Entitats guanyadores - Premis Josep Gass\u00f3 Espina<\/title>\n<meta name=\"description\" content=\"Entitats guanyadores de la primera edici\u00f3 dels PREMIS JOSEP GASS\u00d3 ESPINA per a la conviv\u00e8ncia i la sostenibilitat. Descobreix-les!\" \/>\n<meta name=\"robots\" content=\"index, follow, max-snippet:-1, max-image-preview:large, max-video-preview:-1\" \/>\n<link rel=\"canonical\" href=\"https:\/\/fundesplai.org\/premis-josep-gasso\/entitats-guanyadores\/\" \/>\n<meta property=\"og:locale\" content=\"ca_ES\" \/>\n<meta property=\"og:type\" content=\"article\" \/>\n<meta property=\"og:title\" content=\"Entitats guanyadores - Premis Josep Gass\u00f3 Espina\" \/>\n<meta property=\"og:description\" content=\"Entitats guanyadores de la primera edici\u00f3 dels PREMIS JOSEP GASS\u00d3 ESPINA per a la conviv\u00e8ncia i la sostenibilitat. Descobreix-les!\" \/>\n<meta property=\"og:url\" content=\"https:\/\/fundesplai.org\/premis-josep-gasso\/entitats-guanyadores\/\" \/>\n<meta property=\"og:site_name\" content=\"Premis Josep Gass\u00f3 Espina\" \/>\n<meta property=\"article:modified_time\" content=\"2026-04-19T15:31:17+00:00\" \/>\n<meta name=\"twitter:card\" content=\"summary_large_image\" \/>\n<meta name=\"twitter:label1\" content=\"Temps estimat de lectura\" \/>\n\t<meta name=\"twitter:data1\" content=\"4 minuts\" \/>\n<script type=\"application\/ld+json\" class=\"yoast-schema-graph\">{\"@context\":\"https:\\\/\\\/schema.org\",\"@graph\":[{\"@type\":\"WebPage\",\"@id\":\"https:\\\/\\\/fundesplai.org\\\/premis-josep-gasso\\\/entitats-guanyadores\\\/\",\"url\":\"https:\\\/\\\/fundesplai.org\\\/premis-josep-gasso\\\/entitats-guanyadores\\\/\",\"name\":\"Entitats guanyadores - Premis Josep Gass\u00f3 Espina\",\"isPartOf\":{\"@id\":\"https:\\\/\\\/fundesplai.org\\\/premis-josep-gasso\\\/#website\"},\"datePublished\":\"2026-01-16T12:52:30+00:00\",\"dateModified\":\"2026-04-19T15:31:17+00:00\",\"description\":\"Entitats guanyadores de la primera edici\u00f3 dels PREMIS JOSEP GASS\u00d3 ESPINA per a la conviv\u00e8ncia i la sostenibilitat. Descobreix-les!\",\"breadcrumb\":{\"@id\":\"https:\\\/\\\/fundesplai.org\\\/premis-josep-gasso\\\/entitats-guanyadores\\\/#breadcrumb\"},\"inLanguage\":\"ca\",\"potentialAction\":[{\"@type\":\"ReadAction\",\"target\":[\"https:\\\/\\\/fundesplai.org\\\/premis-josep-gasso\\\/entitats-guanyadores\\\/\"]}]},{\"@type\":\"BreadcrumbList\",\"@id\":\"https:\\\/\\\/fundesplai.org\\\/premis-josep-gasso\\\/entitats-guanyadores\\\/#breadcrumb\",\"itemListElement\":[{\"@type\":\"ListItem\",\"position\":1,\"name\":\"Inici\",\"item\":\"\\\/\"},{\"@type\":\"ListItem\",\"position\":2,\"name\":\"Premis Josep Gass\u00f3 Espina\",\"item\":\"https:\\\/\\\/fundesplai.org\\\/premis-josep-gasso\"},{\"@type\":\"ListItem\",\"position\":3,\"name\":\"Entitats guanyadores\"}]},{\"@type\":\"WebSite\",\"@id\":\"https:\\\/\\\/fundesplai.org\\\/premis-josep-gasso\\\/#website\",\"url\":\"https:\\\/\\\/fundesplai.org\\\/premis-josep-gasso\\\/\",\"name\":\"Premis Josep Gass\u00f3\",\"description\":\"\",\"potentialAction\":[{\"@type\":\"SearchAction\",\"target\":{\"@type\":\"EntryPoint\",\"urlTemplate\":\"https:\\\/\\\/fundesplai.org\\\/premis-josep-gasso\\\/?s={search_term_string}\"},\"query-input\":{\"@type\":\"PropertyValueSpecification\",\"valueRequired\":true,\"valueName\":\"search_term_string\"}}],\"inLanguage\":\"ca\"}]}<\/script>\n<!-- \/ Yoast SEO plugin. -->","yoast_head_json":{"title":"Entitats guanyadores - Premis Josep Gass\u00f3 Espina","description":"Entitats guanyadores de la primera edici\u00f3 dels PREMIS JOSEP GASS\u00d3 ESPINA per a la conviv\u00e8ncia i la sostenibilitat. Descobreix-les!","robots":{"index":"index","follow":"follow","max-snippet":"max-snippet:-1","max-image-preview":"max-image-preview:large","max-video-preview":"max-video-preview:-1"},"canonical":"https:\/\/fundesplai.org\/premis-josep-gasso\/entitats-guanyadores\/","og_locale":"ca_ES","og_type":"article","og_title":"Entitats guanyadores - Premis Josep Gass\u00f3 Espina","og_description":"Entitats guanyadores de la primera edici\u00f3 dels PREMIS JOSEP GASS\u00d3 ESPINA per a la conviv\u00e8ncia i la sostenibilitat. Descobreix-les!","og_url":"https:\/\/fundesplai.org\/premis-josep-gasso\/entitats-guanyadores\/","og_site_name":"Premis Josep Gass\u00f3 Espina","article_modified_time":"2026-04-19T15:31:17+00:00","twitter_card":"summary_large_image","twitter_misc":{"Temps estimat de lectura":"4 minuts"},"schema":{"@context":"https:\/\/schema.org","@graph":[{"@type":"WebPage","@id":"https:\/\/fundesplai.org\/premis-josep-gasso\/entitats-guanyadores\/","url":"https:\/\/fundesplai.org\/premis-josep-gasso\/entitats-guanyadores\/","name":"Entitats guanyadores - Premis Josep Gass\u00f3 Espina","isPartOf":{"@id":"https:\/\/fundesplai.org\/premis-josep-gasso\/#website"},"datePublished":"2026-01-16T12:52:30+00:00","dateModified":"2026-04-19T15:31:17+00:00","description":"Entitats guanyadores de la primera edici\u00f3 dels PREMIS JOSEP GASS\u00d3 ESPINA per a la conviv\u00e8ncia i la sostenibilitat. Descobreix-les!","breadcrumb":{"@id":"https:\/\/fundesplai.org\/premis-josep-gasso\/entitats-guanyadores\/#breadcrumb"},"inLanguage":"ca","potentialAction":[{"@type":"ReadAction","target":["https:\/\/fundesplai.org\/premis-josep-gasso\/entitats-guanyadores\/"]}]},{"@type":"BreadcrumbList","@id":"https:\/\/fundesplai.org\/premis-josep-gasso\/entitats-guanyadores\/#breadcrumb","itemListElement":[{"@type":"ListItem","position":1,"name":"Inici","item":"\/"},{"@type":"ListItem","position":2,"name":"Premis Josep Gass\u00f3 Espina","item":"https:\/\/fundesplai.org\/premis-josep-gasso"},{"@type":"ListItem","position":3,"name":"Entitats guanyadores"}]},{"@type":"WebSite","@id":"https:\/\/fundesplai.org\/premis-josep-gasso\/#website","url":"https:\/\/fundesplai.org\/premis-josep-gasso\/","name":"Premis Josep Gass\u00f3","description":"","potentialAction":[{"@type":"SearchAction","target":{"@type":"EntryPoint","urlTemplate":"https:\/\/fundesplai.org\/premis-josep-gasso\/?s={search_term_string}"},"query-input":{"@type":"PropertyValueSpecification","valueRequired":true,"valueName":"search_term_string"}}],"inLanguage":"ca"}]}},"_links":{"self":[{"href":"https:\/\/fundesplai.org\/premis-josep-gasso\/wp-json\/wp\/v2\/pages\/728","targetHints":{"allow":["GET"]}}],"collection":[{"href":"https:\/\/fundesplai.org\/premis-josep-gasso\/wp-json\/wp\/v2\/pages"}],"about":[{"href":"https:\/\/fundesplai.org\/premis-josep-gasso\/wp-json\/wp\/v2\/types\/page"}],"author":[{"embeddable":true,"href":"https:\/\/fundesplai.org\/premis-josep-gasso\/wp-json\/wp\/v2\/users\/82"}],"replies":[{"embeddable":true,"href":"https:\/\/fundesplai.org\/premis-josep-gasso\/wp-json\/wp\/v2\/comments?post=728"}],"version-history":[{"count":17,"href":"https:\/\/fundesplai.org\/premis-josep-gasso\/wp-json\/wp\/v2\/pages\/728\/revisions"}],"predecessor-version":[{"id":773,"href":"https:\/\/fundesplai.org\/premis-josep-gasso\/wp-json\/wp\/v2\/pages\/728\/revisions\/773"}],"wp:attachment":[{"href":"https:\/\/fundesplai.org\/premis-josep-gasso\/wp-json\/wp\/v2\/media?parent=728"}],"curies":[{"name":"wp","href":"https:\/\/api.w.org\/{rel}","templated":true}]}}