{"id":7,"date":"2025-05-28T11:22:06","date_gmt":"2025-05-28T09:22:06","guid":{"rendered":"https:\/\/fundesplai.org\/premis-josep-gasso\/?page_id=7"},"modified":"2026-01-16T14:19:36","modified_gmt":"2026-01-16T13:19:36","slug":"inici","status":"publish","type":"page","link":"https:\/\/fundesplai.org\/premis-josep-gasso\/","title":{"rendered":"Premis Josep Gass\u00f3 Espina"},"content":{"rendered":"<p>[et_pb_section fb_built=&#8221;1&#8243; admin_label=&#8221;Section PREMIS&#8221; _builder_version=&#8221;4.21.0&#8243; _module_preset=&#8221;default&#8221; locked=&#8221;off&#8221; collapsed=&#8221;off&#8221; global_colors_info=&#8221;{}&#8221;][et_pb_row column_structure=&#8221;1_4,1_2,1_4&#8243; _builder_version=&#8221;4.21.0&#8243; _module_preset=&#8221;default&#8221; custom_margin=&#8221;100px||||false|false&#8221; global_colors_info=&#8221;{}&#8221;][et_pb_column type=&#8221;1_4&#8243; _builder_version=&#8221;4.21.0&#8243; _module_preset=&#8221;default&#8221; global_colors_info=&#8221;{}&#8221;][\/et_pb_column][et_pb_column type=&#8221;1_2&#8243; _builder_version=&#8221;4.21.0&#8243; _module_preset=&#8221;default&#8221; global_colors_info=&#8221;{}&#8221;][et_pb_image src=&#8221;https:\/\/fundesplai.org\/wp-content\/uploads\/2025\/05\/Logo-JG_Color.jpg&#8221; alt=&#8221;Logo dels Premis Josep Gass\u00f3 Espina de Fundesplai&#8221; title_text=&#8221;Logo Premis Josep Gass\u00f3 Espina de Fundesplai&#8221; align=&#8221;center&#8221; _builder_version=&#8221;4.21.0&#8243; _module_preset=&#8221;default&#8221; global_colors_info=&#8221;{}&#8221;][\/et_pb_image][\/et_pb_column][et_pb_column type=&#8221;1_4&#8243; _builder_version=&#8221;4.21.0&#8243; _module_preset=&#8221;default&#8221; global_colors_info=&#8221;{}&#8221;][\/et_pb_column][\/et_pb_row][et_pb_row _builder_version=&#8221;4.21.0&#8243; _module_preset=&#8221;default&#8221; custom_margin=&#8221;100px||||false|false&#8221; global_colors_info=&#8221;{}&#8221;][et_pb_column type=&#8221;4_4&#8243; _builder_version=&#8221;4.21.0&#8243; _module_preset=&#8221;default&#8221; global_colors_info=&#8221;{}&#8221;][et_pb_text _builder_version=&#8221;4.21.0&#8243; _module_preset=&#8221;default&#8221; locked=&#8221;off&#8221; global_colors_info=&#8221;{}&#8221;]<\/p>\n<p><span class=\"OYPEnA font-feature-liga-off font-feature-clig-off font-feature-calt-off text-decoration-none text-strikethrough-none\">Els<\/span> <a class=\"OYPEnA font-feature-liga-off font-feature-clig-off font-feature-calt-off text-decoration-underline text-strikethrough-none\" href=\"https:\/\/fundesplai.org\/premis-josep-gasso\/\" target=\"_blank\" rel=\"noopener\"><strong>PREMIS JOSEP GASS\u00d3 ESPINA<\/strong> <\/a><span class=\"OYPEnA font-feature-liga-off font-feature-clig-off font-feature-calt-off text-decoration-none text-strikethrough-none\">neixen per contribuir al<strong> reconeixement de<\/strong><\/span><strong><span class=\"OYPEnA font-feature-liga-off font-feature-clig-off font-feature-calt-off text-decoration-none text-strikethrough-none\"> l\u2019educaci\u00f3 en el lleure<\/span><\/strong><span class=\"OYPEnA font-feature-liga-off font-feature-clig-off font-feature-calt-off text-decoration-none text-strikethrough-none\"> i enfortir<\/span><span class=\"OYPEnA font-feature-liga-off font-feature-clig-off font-feature-calt-off text-decoration-none text-strikethrough-none\"> l\u2019acci\u00f3 transformadora de les entitats sense \u00e0nim de lucre<\/span><span class=\"OYPEnA font-feature-liga-off font-feature-clig-off font-feature-calt-off text-decoration-none text-strikethrough-none\"> que treballen <\/span><span class=\"OYPEnA font-feature-liga-off font-feature-clig-off font-feature-calt-off text-decoration-none text-strikethrough-none\">amb<strong> infants i joves<\/strong><\/span><span class=\"OYPEnA font-feature-liga-off font-feature-clig-off font-feature-calt-off text-decoration-none text-strikethrough-none\"> sota els eixos de<strong> la<\/strong><\/span><span class=\"OYPEnA font-feature-liga-off font-feature-clig-off font-feature-calt-off text-decoration-none text-strikethrough-none\"><strong> conviv\u00e8ncia i la sostenibilitat<\/strong>. La dotaci\u00f3 total dels guardons \u00e9s de <strong>15.000 euros<\/strong> i abasten tot el territori de Catalunya. S\u00f3n uns premis que reivindiquen el llegat de <strong>Josep Gass\u00f3 Espina<\/strong> (Barcelona 1951-2024), impulsor de l&#8217;educaci\u00f3 en el lleure, l\u2019educaci\u00f3 ambiental i el Tercer Sector com a motors de transformaci\u00f3 social.\u00a0<\/span><\/p>\n<p>[\/et_pb_text][et_pb_button button_url=&#8221;https:\/\/fundesplai.org\/premis-josep-gasso\/wp-content\/uploads\/sites\/33\/2025\/06\/BASES-PREMIS-JOSEP-GASSO-ESPINA-Fundesplai.pdf&#8221; button_text=&#8221;Descarrega&#8217;t les bases dels premis&#8221; button_alignment=&#8221;center&#8221; _builder_version=&#8221;4.21.0&#8243; _module_preset=&#8221;default&#8221; custom_margin=&#8221;40px||||false|false&#8221; locked=&#8221;off&#8221; global_colors_info=&#8221;{}&#8221;][\/et_pb_button][\/et_pb_column][\/et_pb_row][et_pb_row _builder_version=&#8221;4.21.0&#8243; _module_preset=&#8221;default&#8221; custom_margin=&#8221;40px||||false|false&#8221; global_colors_info=&#8221;{}&#8221;][et_pb_column type=&#8221;4_4&#8243; _builder_version=&#8221;4.21.0&#8243; _module_preset=&#8221;default&#8221; global_colors_info=&#8221;{}&#8221;][et_pb_testimonial author=&#8221;Josep Gass\u00f3 Espina&#8221; portrait_url=&#8221;https:\/\/fundesplai.org\/premis-josep-gasso\/wp-content\/uploads\/sites\/33\/2025\/05\/Josep-Gasso-Espina_Fundesplai_q.jpg&#8221; _builder_version=&#8221;4.21.0&#8243; body_font=&#8221;||on||||||&#8221; body_font_size=&#8221;24px&#8221; custom_margin=&#8221;20px||||false|false&#8221; global_colors_info=&#8221;{}&#8221;]<\/p>\n<p style=\"text-align: left\">S\u00e9 que es pot construir un m\u00f3n m\u00e9s solidari, m\u00e9s hum\u00e0 i sostenible a c\u00f2pia de donar esperan\u00e7a i oportunitats.<\/p>\n<p>[\/et_pb_testimonial][\/et_pb_column][\/et_pb_row][\/et_pb_section][et_pb_section fb_built=&#8221;1&#8243; _builder_version=&#8221;4.21.0&#8243; _module_preset=&#8221;default&#8221; custom_margin=&#8221;40px||||false|false&#8221; global_colors_info=&#8221;{}&#8221;][et_pb_row _builder_version=&#8221;4.21.0&#8243; _module_preset=&#8221;default&#8221; global_colors_info=&#8221;{}&#8221;][et_pb_column type=&#8221;4_4&#8243; _builder_version=&#8221;4.21.0&#8243; _module_preset=&#8221;default&#8221; global_colors_info=&#8221;{}&#8221;][et_pb_video src=&#8221;https:\/\/www.youtube.com\/watch?v=5nPvx9eyrGE&#8221; _builder_version=&#8221;4.27.5&#8243; _module_preset=&#8221;default&#8221; custom_margin=&#8221;||40px||false|false&#8221; global_colors_info=&#8221;{}&#8221;][\/et_pb_video][\/et_pb_column][\/et_pb_row][\/et_pb_section][et_pb_section fb_built=&#8221;1&#8243; theme_builder_area=&#8221;post_content&#8221; _builder_version=&#8221;4.27.5&#8243; _module_preset=&#8221;default&#8221;][et_pb_row disabled_on=&#8221;off|off|off&#8221; _builder_version=&#8221;4.21.0&#8243; _module_preset=&#8221;default&#8221; global_colors_info=&#8221;{}&#8221; theme_builder_area=&#8221;post_content&#8221;][et_pb_column type=&#8221;4_4&#8243; _builder_version=&#8221;4.21.0&#8243; _module_preset=&#8221;default&#8221; global_colors_info=&#8221;{}&#8221; theme_builder_area=&#8221;post_content&#8221;][et_pb_text admin_label=&#8221;Text entitats guanyadores&#8221; _builder_version=&#8221;4.27.5&#8243; _module_preset=&#8221;default&#8221; hover_enabled=&#8221;0&#8243; global_colors_info=&#8221;{}&#8221; sticky_enabled=&#8221;0&#8243; theme_builder_area=&#8221;post_content&#8221;]<\/p>\n<h2 style=\"text-align: center\">ENTITATS GUANYADORES<\/h2>\n<p style=\"text-align: center\">Ja tenim els <strong>projectes guanyadors de la primera edici\u00f3 dels Premis Josep Gass\u00f3 Espina <\/strong>per a cada categoria. Les iniciatives premiades han destacat com a <strong>exemples inspiradors de l\u2019impacte positiu i la transformaci\u00f3 real<\/strong> que les entitats sense \u00e0nim de lucre poden generar en la comunitat i l\u2019entorn natural amb l\u2019acci\u00f3 directa dels infants i joves.<\/p>\n<p>[\/et_pb_text][et_pb_button button_url=&#8221;https:\/\/fundesplai.org\/premis-josep-gasso\/entitats-guanyadores\/&#8221; button_text=&#8221;Coneix les entitats guanyadores&#8221; button_alignment=&#8221;center&#8221; _builder_version=&#8221;4.27.5&#8243; _module_preset=&#8221;default&#8221; custom_margin=&#8221;30px||40px||false|false&#8221; hover_enabled=&#8221;0&#8243; locked=&#8221;off&#8221; global_colors_info=&#8221;{}&#8221; theme_builder_area=&#8221;post_content&#8221; sticky_enabled=&#8221;0&#8243;][\/et_pb_button][\/et_pb_column][\/et_pb_row][\/et_pb_section][et_pb_section fb_built=&#8221;1&#8243; disabled_on=&#8221;on|on|on&#8221; admin_label=&#8221;Section INSCRIU UN PROJECTE&#8221; _builder_version=&#8221;4.21.0&#8243; _module_preset=&#8221;default&#8221; custom_margin=&#8221;40px||||false|false&#8221; disabled=&#8221;on&#8221; global_colors_info=&#8221;{}&#8221;][et_pb_row disabled_on=&#8221;off|off|off&#8221; _builder_version=&#8221;4.21.0&#8243; _module_preset=&#8221;default&#8221; global_colors_info=&#8221;{}&#8221;][et_pb_column type=&#8221;4_4&#8243; _builder_version=&#8221;4.21.0&#8243; _module_preset=&#8221;default&#8221; global_colors_info=&#8221;{}&#8221;][et_pb_text admin_label=&#8221;Text motivador inscripci\u00f3 projectes&#8221; _builder_version=&#8221;4.27.4&#8243; _module_preset=&#8221;default&#8221; hover_enabled=&#8221;0&#8243; global_colors_info=&#8221;{}&#8221; sticky_enabled=&#8221;0&#8243;]<\/p>\n<h2 style=\"text-align: center\">INSCRIU UN PROJECTE<\/h2>\n<p style=\"text-align: center\">Si vols presentar un projecte als premis Josep Gass\u00f3 Espina 2025 omple el seg\u00fcent <strong>formulari<\/strong>. El per\u00edode d&#8217;inscripci\u00f3 va des del <strong>12 de juny fins al 15 de novembre<\/strong> de 2025. Recorda consultar<a href=\"https:\/\/fundesplai.org\/premis-josep-gasso\/wp-content\/uploads\/sites\/33\/2025\/06\/BASES-PREMIS-JOSEP-GASSO-ESPINA-Fundesplai.pdf\"> les bases<\/a> de participaci\u00f3 per no oblidar-te cap requisit. Presenta un projecte per transformar el m\u00f3n! <strong>Pots guanyar 5.000 euros<\/strong> per fer-lo realitat amb la teva entitat.<\/p>\n<p>[\/et_pb_text][et_pb_button button_url=&#8221;https:\/\/fundesplai.org\/premis-josep-gasso\/inscripcions\/&#8221; button_text=&#8221;Formulari d&#8217;inscripci\u00f3&#8221; button_alignment=&#8221;center&#8221; _builder_version=&#8221;4.27.4&#8243; _module_preset=&#8221;default&#8221; custom_margin=&#8221;30px||30px||false|false&#8221; locked=&#8221;off&#8221; global_colors_info=&#8221;{}&#8221;][\/et_pb_button][\/et_pb_column][\/et_pb_row][et_pb_row disabled_on=&#8221;on|on|on&#8221; _builder_version=&#8221;4.21.0&#8243; _module_preset=&#8221;default&#8221; disabled=&#8221;on&#8221; global_colors_info=&#8221;{}&#8221;][et_pb_column type=&#8221;4_4&#8243; _builder_version=&#8221;4.21.0&#8243; _module_preset=&#8221;default&#8221; global_colors_info=&#8221;{}&#8221;][et_pb_code admin_label=&#8221;Code FORMULARI&#8221; _builder_version=&#8221;4.21.0&#8243; _module_preset=&#8221;default&#8221; custom_margin=&#8221;||50px||false|false&#8221; global_colors_info=&#8221;{}&#8221;][\/et_pb_code][\/et_pb_column][\/et_pb_row][\/et_pb_section]<\/p>\n","protected":false},"excerpt":{"rendered":"<p>PREMIS JOSEP GASS\u00d3 ESPINA per a la conviv\u00e8ncia i la sostenibilitat, aix\u00ed com pel reconeixement de l\u2019educaci\u00f3 en el lleure i enfortir l\u2019acci\u00f3 transformadora de les entitats sense \u00e0nim de lucre que treballen amb infants i joves.<\/p>\n","protected":false},"author":2,"featured_media":0,"parent":0,"menu_order":0,"comment_status":"closed","ping_status":"closed","template":"","meta":{"_et_pb_use_builder":"on","_et_pb_old_content":"","_et_gb_content_width":"","footnotes":""},"class_list":["post-7","page","type-page","status-publish","hentry"],"yoast_head":"<!-- This site is optimized with the Yoast SEO plugin v27.3 - https:\/\/yoast.com\/product\/yoast-seo-wordpress\/ -->\n<title>Premis Josep Gass\u00f3 Espina - Premis Josep Gass\u00f3 Espina<\/title>\n<meta name=\"description\" content=\"PREMIS JOSEP GASS\u00d3 ESPINA per a la conviv\u00e8ncia i la sostenibilitat a trav\u00e9s de projectes amb infants i joves. Consulta les bases!\" \/>\n<meta name=\"robots\" content=\"index, follow, max-snippet:-1, max-image-preview:large, max-video-preview:-1\" \/>\n<link rel=\"canonical\" href=\"https:\/\/fundesplai.org\/premis-josep-gasso\/\" \/>\n<meta property=\"og:locale\" content=\"ca_ES\" \/>\n<meta property=\"og:type\" content=\"article\" \/>\n<meta property=\"og:title\" content=\"Premis Josep Gass\u00f3 Espina - Premis Josep Gass\u00f3 Espina\" \/>\n<meta property=\"og:description\" content=\"PREMIS JOSEP GASS\u00d3 ESPINA per a la conviv\u00e8ncia i la sostenibilitat a trav\u00e9s de projectes amb infants i joves. Consulta les bases!\" \/>\n<meta property=\"og:url\" content=\"https:\/\/fundesplai.org\/premis-josep-gasso\/\" \/>\n<meta property=\"og:site_name\" content=\"Premis Josep Gass\u00f3 Espina\" \/>\n<meta property=\"article:modified_time\" content=\"2026-01-16T13:19:36+00:00\" \/>\n<meta name=\"twitter:card\" content=\"summary_large_image\" \/>\n<meta name=\"twitter:label1\" content=\"Temps estimat de lectura\" \/>\n\t<meta name=\"twitter:data1\" content=\"2 minuts\" \/>\n<script type=\"application\/ld+json\" class=\"yoast-schema-graph\">{\"@context\":\"https:\\\/\\\/schema.org\",\"@graph\":[{\"@type\":\"WebPage\",\"@id\":\"https:\\\/\\\/fundesplai.org\\\/premis-josep-gasso\\\/\",\"url\":\"https:\\\/\\\/fundesplai.org\\\/premis-josep-gasso\\\/\",\"name\":\"Premis Josep Gass\u00f3 Espina - Premis Josep Gass\u00f3 Espina\",\"isPartOf\":{\"@id\":\"https:\\\/\\\/fundesplai.org\\\/premis-josep-gasso\\\/#website\"},\"datePublished\":\"2025-05-28T09:22:06+00:00\",\"dateModified\":\"2026-01-16T13:19:36+00:00\",\"description\":\"PREMIS JOSEP GASS\u00d3 ESPINA per a la conviv\u00e8ncia i la sostenibilitat a trav\u00e9s de projectes amb infants i joves. Consulta les bases!\",\"breadcrumb\":{\"@id\":\"https:\\\/\\\/fundesplai.org\\\/premis-josep-gasso\\\/#breadcrumb\"},\"inLanguage\":\"ca\",\"potentialAction\":[{\"@type\":\"ReadAction\",\"target\":[\"https:\\\/\\\/fundesplai.org\\\/premis-josep-gasso\\\/\"]}]},{\"@type\":\"BreadcrumbList\",\"@id\":\"https:\\\/\\\/fundesplai.org\\\/premis-josep-gasso\\\/#breadcrumb\",\"itemListElement\":[{\"@type\":\"ListItem\",\"position\":1,\"name\":\"Inici\",\"item\":\"\\\/\"},{\"@type\":\"ListItem\",\"position\":2,\"name\":\"Premis Josep Gass\u00f3 Espina\",\"item\":\"https:\\\/\\\/fundesplai.org\\\/premis-josep-gasso\"},{\"@type\":\"ListItem\",\"position\":3,\"name\":\"Premis Josep Gass\u00f3 Espina\"}]},{\"@type\":\"WebSite\",\"@id\":\"https:\\\/\\\/fundesplai.org\\\/premis-josep-gasso\\\/#website\",\"url\":\"https:\\\/\\\/fundesplai.org\\\/premis-josep-gasso\\\/\",\"name\":\"Premis Josep Gass\u00f3\",\"description\":\"\",\"potentialAction\":[{\"@type\":\"SearchAction\",\"target\":{\"@type\":\"EntryPoint\",\"urlTemplate\":\"https:\\\/\\\/fundesplai.org\\\/premis-josep-gasso\\\/?s={search_term_string}\"},\"query-input\":{\"@type\":\"PropertyValueSpecification\",\"valueRequired\":true,\"valueName\":\"search_term_string\"}}],\"inLanguage\":\"ca\"}]}<\/script>\n<!-- \/ Yoast SEO plugin. -->","yoast_head_json":{"title":"Premis Josep Gass\u00f3 Espina - Premis Josep Gass\u00f3 Espina","description":"PREMIS JOSEP GASS\u00d3 ESPINA per a la conviv\u00e8ncia i la sostenibilitat a trav\u00e9s de projectes amb infants i joves. Consulta les bases!","robots":{"index":"index","follow":"follow","max-snippet":"max-snippet:-1","max-image-preview":"max-image-preview:large","max-video-preview":"max-video-preview:-1"},"canonical":"https:\/\/fundesplai.org\/premis-josep-gasso\/","og_locale":"ca_ES","og_type":"article","og_title":"Premis Josep Gass\u00f3 Espina - Premis Josep Gass\u00f3 Espina","og_description":"PREMIS JOSEP GASS\u00d3 ESPINA per a la conviv\u00e8ncia i la sostenibilitat a trav\u00e9s de projectes amb infants i joves. Consulta les bases!","og_url":"https:\/\/fundesplai.org\/premis-josep-gasso\/","og_site_name":"Premis Josep Gass\u00f3 Espina","article_modified_time":"2026-01-16T13:19:36+00:00","twitter_card":"summary_large_image","twitter_misc":{"Temps estimat de lectura":"2 minuts"},"schema":{"@context":"https:\/\/schema.org","@graph":[{"@type":"WebPage","@id":"https:\/\/fundesplai.org\/premis-josep-gasso\/","url":"https:\/\/fundesplai.org\/premis-josep-gasso\/","name":"Premis Josep Gass\u00f3 Espina - Premis Josep Gass\u00f3 Espina","isPartOf":{"@id":"https:\/\/fundesplai.org\/premis-josep-gasso\/#website"},"datePublished":"2025-05-28T09:22:06+00:00","dateModified":"2026-01-16T13:19:36+00:00","description":"PREMIS JOSEP GASS\u00d3 ESPINA per a la conviv\u00e8ncia i la sostenibilitat a trav\u00e9s de projectes amb infants i joves. Consulta les bases!","breadcrumb":{"@id":"https:\/\/fundesplai.org\/premis-josep-gasso\/#breadcrumb"},"inLanguage":"ca","potentialAction":[{"@type":"ReadAction","target":["https:\/\/fundesplai.org\/premis-josep-gasso\/"]}]},{"@type":"BreadcrumbList","@id":"https:\/\/fundesplai.org\/premis-josep-gasso\/#breadcrumb","itemListElement":[{"@type":"ListItem","position":1,"name":"Inici","item":"\/"},{"@type":"ListItem","position":2,"name":"Premis Josep Gass\u00f3 Espina","item":"https:\/\/fundesplai.org\/premis-josep-gasso"},{"@type":"ListItem","position":3,"name":"Premis Josep Gass\u00f3 Espina"}]},{"@type":"WebSite","@id":"https:\/\/fundesplai.org\/premis-josep-gasso\/#website","url":"https:\/\/fundesplai.org\/premis-josep-gasso\/","name":"Premis Josep Gass\u00f3","description":"","potentialAction":[{"@type":"SearchAction","target":{"@type":"EntryPoint","urlTemplate":"https:\/\/fundesplai.org\/premis-josep-gasso\/?s={search_term_string}"},"query-input":{"@type":"PropertyValueSpecification","valueRequired":true,"valueName":"search_term_string"}}],"inLanguage":"ca"}]}},"_links":{"self":[{"href":"https:\/\/fundesplai.org\/premis-josep-gasso\/wp-json\/wp\/v2\/pages\/7","targetHints":{"allow":["GET"]}}],"collection":[{"href":"https:\/\/fundesplai.org\/premis-josep-gasso\/wp-json\/wp\/v2\/pages"}],"about":[{"href":"https:\/\/fundesplai.org\/premis-josep-gasso\/wp-json\/wp\/v2\/types\/page"}],"author":[{"embeddable":true,"href":"https:\/\/fundesplai.org\/premis-josep-gasso\/wp-json\/wp\/v2\/users\/2"}],"replies":[{"embeddable":true,"href":"https:\/\/fundesplai.org\/premis-josep-gasso\/wp-json\/wp\/v2\/comments?post=7"}],"version-history":[{"count":61,"href":"https:\/\/fundesplai.org\/premis-josep-gasso\/wp-json\/wp\/v2\/pages\/7\/revisions"}],"predecessor-version":[{"id":754,"href":"https:\/\/fundesplai.org\/premis-josep-gasso\/wp-json\/wp\/v2\/pages\/7\/revisions\/754"}],"wp:attachment":[{"href":"https:\/\/fundesplai.org\/premis-josep-gasso\/wp-json\/wp\/v2\/media?parent=7"}],"curies":[{"name":"wp","href":"https:\/\/api.w.org\/{rel}","templated":true}]}}