{"id":45,"date":"2025-05-28T17:02:02","date_gmt":"2025-05-28T15:02:02","guid":{"rendered":"https:\/\/fundesplai.org\/premis-josep-gasso\/?page_id=45"},"modified":"2026-04-19T17:43:30","modified_gmt":"2026-04-19T15:43:30","slug":"calendari","status":"publish","type":"page","link":"https:\/\/fundesplai.org\/premis-josep-gasso\/calendari\/","title":{"rendered":"Calendari"},"content":{"rendered":"<p>[et_pb_section fb_built=&#8221;1&#8243; _builder_version=&#8221;4.21.0&#8243; _module_preset=&#8221;default&#8221; global_colors_info=&#8221;{}&#8221;][et_pb_row _builder_version=&#8221;4.21.0&#8243; _module_preset=&#8221;default&#8221; global_colors_info=&#8221;{}&#8221;][et_pb_column type=&#8221;4_4&#8243; _builder_version=&#8221;4.21.0&#8243; _module_preset=&#8221;default&#8221; global_colors_info=&#8221;{}&#8221;][et_pb_text disabled_on=&#8221;on|on|on&#8221; admin_label=&#8221;Text&#8221; _builder_version=&#8221;4.21.0&#8243; _module_preset=&#8221;default&#8221; custom_margin=&#8221;30px||||false|false&#8221; disabled=&#8221;on&#8221; global_colors_info=&#8221;{}&#8221;]<\/p>\n<h2 style=\"text-align: center\">CALENDARI<\/h2>\n<p style=\"text-align: center\">A continuaci\u00f3 es poden consultar<strong> les dates clau<\/strong> per a la presentaci\u00f3 dels projectes dels premis Josep Gass\u00f3 Espina. <a href=\"https:\/\/fundesplai.org\/premis-josep-gasso\/wp-content\/uploads\/sites\/33\/2025\/06\/BASES-PREMIS-JOSEP-GASSO-ESPINA-Fundesplai.pdf\">Consulta les bases<\/a> del concurs per tal de no oblidar cap detall.<\/p>\n<p>[\/et_pb_text][et_pb_image src=&#8221;https:\/\/fundesplai.org\/premis-josep-gasso\/wp-content\/uploads\/sites\/33\/2025\/06\/CALENDARI-PREMIS-JOSEP-GASSO.jpg&#8221; alt=&#8221;CALENDARI PREMIS JOSEP GASSO&#8221; title_text=&#8221;CALENDARI PREMIS JOSEP GASSO&#8221; align=&#8221;center&#8221; disabled_on=&#8221;on|on|on&#8221; admin_label=&#8221;Image calendari&#8221; _builder_version=&#8221;4.27.5&#8243; _module_preset=&#8221;default&#8221; custom_margin=&#8221;30px||40px||false|false&#8221; disabled=&#8221;on&#8221; global_colors_info=&#8221;{}&#8221;][\/et_pb_image][\/et_pb_column][\/et_pb_row][et_pb_row _builder_version=&#8221;4.27.5&#8243; _module_preset=&#8221;default&#8221; global_colors_info=&#8221;{}&#8221;][et_pb_column type=&#8221;4_4&#8243; _builder_version=&#8221;4.27.5&#8243; _module_preset=&#8221;default&#8221; global_colors_info=&#8221;{}&#8221;][et_pb_text admin_label=&#8221;Text calendari (encara no p\u00fablic)&#8221; _builder_version=&#8221;4.27.5&#8243; _module_preset=&#8221;default&#8221; custom_margin=&#8221;||60px||false|false&#8221; global_colors_info=&#8221;{}&#8221;]<\/p>\n<h2 style=\"text-align: center\">CALENDARI<\/h2>\n<p style=\"text-align: center\">El calendari de presentaci\u00f3 de projectes per a la segona edici\u00f3 dels Premis Josep Gass\u00f3 Espina es far\u00e0 p\u00fablic durant <strong>el primer semestre del 2026<\/strong>. Mantingueu-vos atents i atentes!<\/p>\n<p>[\/et_pb_text][\/et_pb_column][\/et_pb_row][\/et_pb_section][et_pb_section fb_built=&#8221;1&#8243; disabled_on=&#8221;on|on|on&#8221; admin_label=&#8221;Section INSCRIU UN PROJECTE&#8221; _builder_version=&#8221;4.21.0&#8243; _module_preset=&#8221;default&#8221; custom_margin=&#8221;40px||||false|false&#8221; disabled=&#8221;on&#8221; global_colors_info=&#8221;{}&#8221;][et_pb_row _builder_version=&#8221;4.21.0&#8243; _module_preset=&#8221;default&#8221; global_colors_info=&#8221;{}&#8221;][et_pb_column type=&#8221;4_4&#8243; _builder_version=&#8221;4.21.0&#8243; _module_preset=&#8221;default&#8221; global_colors_info=&#8221;{}&#8221;][et_pb_text admin_label=&#8221;Text motivador inscripci\u00f3 projectes&#8221; _builder_version=&#8221;4.21.0&#8243; _module_preset=&#8221;default&#8221; global_colors_info=&#8221;{}&#8221;]<\/p>\n<h2 style=\"text-align: center\">INSCRIU UN PROJECTE<\/h2>\n<p style=\"text-align: center\">Si vols presentar un projecte als premis Josep Gass\u00f3 Espina 2025 omple el seg\u00fcent <strong>formulari<\/strong>. El per\u00edode d&#8217;inscripci\u00f3 va des del <strong>12 de juny fins al 15 de novembre<\/strong> de 2025. Recorda consultar<a href=\"https:\/\/fundesplai.org\/premis-josep-gasso\/wp-content\/uploads\/sites\/33\/2025\/06\/BASES-PREMIS-JOSEP-GASSO-ESPINA-Fundesplai.pdf\"> les bases<\/a> de participaci\u00f3 per no oblidar-te cap requisit. Presenta un projecte per transformar el m\u00f3n! <strong>Pots guanyar 5.000 euros<\/strong> per fer-lo realitat amb la teva entitat.<\/p>\n<p>[\/et_pb_text][et_pb_button button_url=&#8221;https:\/\/fundesplai.org\/premis-josep-gasso\/inscripcions\/&#8221; button_text=&#8221;Formulari d&#8217;inscripci\u00f3&#8221; button_alignment=&#8221;center&#8221; _builder_version=&#8221;4.21.0&#8243; _module_preset=&#8221;default&#8221; custom_margin=&#8221;30px||30px||false|false&#8221; global_colors_info=&#8221;{}&#8221;][\/et_pb_button][\/et_pb_column][\/et_pb_row][\/et_pb_section]<\/p>\n","protected":false},"excerpt":{"rendered":"<p>Calendari dels PREMIS JOSEP GASS\u00d3 ESPINA per a la conviv\u00e8ncia i la sostenibilitat a trav\u00e9s de projectes amb infants i joves.<\/p>\n","protected":false},"author":3,"featured_media":0,"parent":0,"menu_order":0,"comment_status":"closed","ping_status":"closed","template":"","meta":{"_et_pb_use_builder":"on","_et_pb_old_content":"","_et_gb_content_width":"","footnotes":""},"class_list":["post-45","page","type-page","status-publish","hentry"],"yoast_head":"<!-- This site is optimized with the Yoast SEO plugin v27.5 - https:\/\/yoast.com\/product\/yoast-seo-wordpress\/ -->\n<title>Calendari - Premis Josep Gass\u00f3 Espina<\/title>\n<meta name=\"description\" content=\"Calendari dels PREMIS JOSEP GASS\u00d3 ESPINA per a la conviv\u00e8ncia i la sostenibilitat a trav\u00e9s de projectes amb infants i joves.\" \/>\n<meta name=\"robots\" content=\"index, follow, max-snippet:-1, max-image-preview:large, max-video-preview:-1\" \/>\n<link rel=\"canonical\" href=\"https:\/\/fundesplai.org\/premis-josep-gasso\/calendari\/\" \/>\n<meta property=\"og:locale\" content=\"ca_ES\" \/>\n<meta property=\"og:type\" content=\"article\" \/>\n<meta property=\"og:title\" content=\"Calendari - Premis Josep Gass\u00f3 Espina\" \/>\n<meta property=\"og:description\" content=\"Calendari dels PREMIS JOSEP GASS\u00d3 ESPINA per a la conviv\u00e8ncia i la sostenibilitat a trav\u00e9s de projectes amb infants i joves.\" \/>\n<meta property=\"og:url\" content=\"https:\/\/fundesplai.org\/premis-josep-gasso\/calendari\/\" \/>\n<meta property=\"og:site_name\" content=\"Premis Josep Gass\u00f3 Espina\" \/>\n<meta property=\"article:modified_time\" content=\"2026-04-19T15:43:30+00:00\" \/>\n<meta name=\"twitter:card\" content=\"summary_large_image\" \/>\n<meta name=\"twitter:label1\" content=\"Temps estimat de lectura\" \/>\n\t<meta name=\"twitter:data1\" content=\"1 minut\" \/>\n<script type=\"application\/ld+json\" class=\"yoast-schema-graph\">{\"@context\":\"https:\\\/\\\/schema.org\",\"@graph\":[{\"@type\":\"WebPage\",\"@id\":\"https:\\\/\\\/fundesplai.org\\\/premis-josep-gasso\\\/calendari\\\/\",\"url\":\"https:\\\/\\\/fundesplai.org\\\/premis-josep-gasso\\\/calendari\\\/\",\"name\":\"Calendari - Premis Josep Gass\u00f3 Espina\",\"isPartOf\":{\"@id\":\"https:\\\/\\\/fundesplai.org\\\/premis-josep-gasso\\\/#website\"},\"datePublished\":\"2025-05-28T15:02:02+00:00\",\"dateModified\":\"2026-04-19T15:43:30+00:00\",\"description\":\"Calendari dels PREMIS JOSEP GASS\u00d3 ESPINA per a la conviv\u00e8ncia i la sostenibilitat a trav\u00e9s de projectes amb infants i joves.\",\"breadcrumb\":{\"@id\":\"https:\\\/\\\/fundesplai.org\\\/premis-josep-gasso\\\/calendari\\\/#breadcrumb\"},\"inLanguage\":\"ca\",\"potentialAction\":[{\"@type\":\"ReadAction\",\"target\":[\"https:\\\/\\\/fundesplai.org\\\/premis-josep-gasso\\\/calendari\\\/\"]}]},{\"@type\":\"BreadcrumbList\",\"@id\":\"https:\\\/\\\/fundesplai.org\\\/premis-josep-gasso\\\/calendari\\\/#breadcrumb\",\"itemListElement\":[{\"@type\":\"ListItem\",\"position\":1,\"name\":\"Inici\",\"item\":\"\\\/\"},{\"@type\":\"ListItem\",\"position\":2,\"name\":\"Premis Josep Gass\u00f3 Espina\",\"item\":\"https:\\\/\\\/fundesplai.org\\\/premis-josep-gasso\"},{\"@type\":\"ListItem\",\"position\":3,\"name\":\"Calendari\"}]},{\"@type\":\"WebSite\",\"@id\":\"https:\\\/\\\/fundesplai.org\\\/premis-josep-gasso\\\/#website\",\"url\":\"https:\\\/\\\/fundesplai.org\\\/premis-josep-gasso\\\/\",\"name\":\"Premis Josep Gass\u00f3\",\"description\":\"\",\"potentialAction\":[{\"@type\":\"SearchAction\",\"target\":{\"@type\":\"EntryPoint\",\"urlTemplate\":\"https:\\\/\\\/fundesplai.org\\\/premis-josep-gasso\\\/?s={search_term_string}\"},\"query-input\":{\"@type\":\"PropertyValueSpecification\",\"valueRequired\":true,\"valueName\":\"search_term_string\"}}],\"inLanguage\":\"ca\"}]}<\/script>\n<!-- \/ Yoast SEO plugin. -->","yoast_head_json":{"title":"Calendari - Premis Josep Gass\u00f3 Espina","description":"Calendari dels PREMIS JOSEP GASS\u00d3 ESPINA per a la conviv\u00e8ncia i la sostenibilitat a trav\u00e9s de projectes amb infants i joves.","robots":{"index":"index","follow":"follow","max-snippet":"max-snippet:-1","max-image-preview":"max-image-preview:large","max-video-preview":"max-video-preview:-1"},"canonical":"https:\/\/fundesplai.org\/premis-josep-gasso\/calendari\/","og_locale":"ca_ES","og_type":"article","og_title":"Calendari - Premis Josep Gass\u00f3 Espina","og_description":"Calendari dels PREMIS JOSEP GASS\u00d3 ESPINA per a la conviv\u00e8ncia i la sostenibilitat a trav\u00e9s de projectes amb infants i joves.","og_url":"https:\/\/fundesplai.org\/premis-josep-gasso\/calendari\/","og_site_name":"Premis Josep Gass\u00f3 Espina","article_modified_time":"2026-04-19T15:43:30+00:00","twitter_card":"summary_large_image","twitter_misc":{"Temps estimat de lectura":"1 minut"},"schema":{"@context":"https:\/\/schema.org","@graph":[{"@type":"WebPage","@id":"https:\/\/fundesplai.org\/premis-josep-gasso\/calendari\/","url":"https:\/\/fundesplai.org\/premis-josep-gasso\/calendari\/","name":"Calendari - Premis Josep Gass\u00f3 Espina","isPartOf":{"@id":"https:\/\/fundesplai.org\/premis-josep-gasso\/#website"},"datePublished":"2025-05-28T15:02:02+00:00","dateModified":"2026-04-19T15:43:30+00:00","description":"Calendari dels PREMIS JOSEP GASS\u00d3 ESPINA per a la conviv\u00e8ncia i la sostenibilitat a trav\u00e9s de projectes amb infants i joves.","breadcrumb":{"@id":"https:\/\/fundesplai.org\/premis-josep-gasso\/calendari\/#breadcrumb"},"inLanguage":"ca","potentialAction":[{"@type":"ReadAction","target":["https:\/\/fundesplai.org\/premis-josep-gasso\/calendari\/"]}]},{"@type":"BreadcrumbList","@id":"https:\/\/fundesplai.org\/premis-josep-gasso\/calendari\/#breadcrumb","itemListElement":[{"@type":"ListItem","position":1,"name":"Inici","item":"\/"},{"@type":"ListItem","position":2,"name":"Premis Josep Gass\u00f3 Espina","item":"https:\/\/fundesplai.org\/premis-josep-gasso"},{"@type":"ListItem","position":3,"name":"Calendari"}]},{"@type":"WebSite","@id":"https:\/\/fundesplai.org\/premis-josep-gasso\/#website","url":"https:\/\/fundesplai.org\/premis-josep-gasso\/","name":"Premis Josep Gass\u00f3","description":"","potentialAction":[{"@type":"SearchAction","target":{"@type":"EntryPoint","urlTemplate":"https:\/\/fundesplai.org\/premis-josep-gasso\/?s={search_term_string}"},"query-input":{"@type":"PropertyValueSpecification","valueRequired":true,"valueName":"search_term_string"}}],"inLanguage":"ca"}]}},"_links":{"self":[{"href":"https:\/\/fundesplai.org\/premis-josep-gasso\/wp-json\/wp\/v2\/pages\/45","targetHints":{"allow":["GET"]}}],"collection":[{"href":"https:\/\/fundesplai.org\/premis-josep-gasso\/wp-json\/wp\/v2\/pages"}],"about":[{"href":"https:\/\/fundesplai.org\/premis-josep-gasso\/wp-json\/wp\/v2\/types\/page"}],"author":[{"embeddable":true,"href":"https:\/\/fundesplai.org\/premis-josep-gasso\/wp-json\/wp\/v2\/users\/3"}],"replies":[{"embeddable":true,"href":"https:\/\/fundesplai.org\/premis-josep-gasso\/wp-json\/wp\/v2\/comments?post=45"}],"version-history":[{"count":17,"href":"https:\/\/fundesplai.org\/premis-josep-gasso\/wp-json\/wp\/v2\/pages\/45\/revisions"}],"predecessor-version":[{"id":787,"href":"https:\/\/fundesplai.org\/premis-josep-gasso\/wp-json\/wp\/v2\/pages\/45\/revisions\/787"}],"wp:attachment":[{"href":"https:\/\/fundesplai.org\/premis-josep-gasso\/wp-json\/wp\/v2\/media?parent=45"}],"curies":[{"name":"wp","href":"https:\/\/api.w.org\/{rel}","templated":true}]}}

<p>[et_pb_section fb_built=&#8221;1&#8243; _builder_version=&#8221;4.21.0&#8243; _module_preset=&#8221;default&#8221; global_colors_info=&#8221;{}&#8221;][et_pb_row _builder_version=&#8221;4.21.0&#8243; _module_preset=&#8221;default&#8221; global_colors_info=&#8221;{}&#8221;][et_pb_column type=&#8221;4_4&#8243; _builder_version=&#8221;4.21.0&#8243; _module_preset=&#8221;default&#8221; global_colors_info=&#8221;{}&#8221;][et_pb_text disabled_on=&#8221;on|on|on&#8221; admin_label=&#8221;Text&#8221; _builder_version=&#8221;4.21.0&#8243; _module_preset=&#8221;default&#8221; custom_margin=&#8221;30px||||false|false&#8221; disabled=&#8221;on&#8221; global_colors_info=&#8221;{}&#8221;]</p>
<h2 style="text-align: center">CALENDARI</h2>
<p style="text-align: center">A continuació es poden consultar<strong> les dates clau</strong> per a la presentació dels projectes dels premis Josep Gassó Espina. <a href="https://fundesplai.org/premis-josep-gasso/wp-content/uploads/sites/33/2025/06/BASES-PREMIS-JOSEP-GASSO-ESPINA-Fundesplai.pdf">Consulta les bases</a> del concurs per tal de no oblidar cap detall.</p>
<p>[/et_pb_text][et_pb_image src=&#8221;https://fundesplai.org/premis-josep-gasso/wp-content/uploads/sites/33/2025/06/CALENDARI-PREMIS-JOSEP-GASSO.jpg&#8221; alt=&#8221;CALENDARI PREMIS JOSEP GASSO&#8221; title_text=&#8221;CALENDARI PREMIS JOSEP GASSO&#8221; align=&#8221;center&#8221; disabled_on=&#8221;on|on|on&#8221; admin_label=&#8221;Image calendari&#8221; _builder_version=&#8221;4.27.5&#8243; _module_preset=&#8221;default&#8221; custom_margin=&#8221;30px||40px||false|false&#8221; disabled=&#8221;on&#8221; global_colors_info=&#8221;{}&#8221;][/et_pb_image][/et_pb_column][/et_pb_row][et_pb_row _builder_version=&#8221;4.27.5&#8243; _module_preset=&#8221;default&#8221; global_colors_info=&#8221;{}&#8221;][et_pb_column type=&#8221;4_4&#8243; _builder_version=&#8221;4.27.5&#8243; _module_preset=&#8221;default&#8221; global_colors_info=&#8221;{}&#8221;][et_pb_text admin_label=&#8221;Text calendari (encara no públic)&#8221; _builder_version=&#8221;4.27.5&#8243; _module_preset=&#8221;default&#8221; custom_margin=&#8221;||60px||false|false&#8221; global_colors_info=&#8221;{}&#8221;]</p>
<h2 style="text-align: center">CALENDARI</h2>
<p style="text-align: center">El calendari de presentació de projectes per a la segona edició dels Premis Josep Gassó Espina es farà públic durant <strong>el primer semestre del 2026</strong>. Mantingueu-vos atents i atentes!</p>
<p>[/et_pb_text][/et_pb_column][/et_pb_row][/et_pb_section][et_pb_section fb_built=&#8221;1&#8243; disabled_on=&#8221;on|on|on&#8221; admin_label=&#8221;Section INSCRIU UN PROJECTE&#8221; _builder_version=&#8221;4.21.0&#8243; _module_preset=&#8221;default&#8221; custom_margin=&#8221;40px||||false|false&#8221; disabled=&#8221;on&#8221; global_colors_info=&#8221;{}&#8221;][et_pb_row _builder_version=&#8221;4.21.0&#8243; _module_preset=&#8221;default&#8221; global_colors_info=&#8221;{}&#8221;][et_pb_column type=&#8221;4_4&#8243; _builder_version=&#8221;4.21.0&#8243; _module_preset=&#8221;default&#8221; global_colors_info=&#8221;{}&#8221;][et_pb_text admin_label=&#8221;Text motivador inscripció projectes&#8221; _builder_version=&#8221;4.21.0&#8243; _module_preset=&#8221;default&#8221; global_colors_info=&#8221;{}&#8221;]</p>
<h2 style="text-align: center">INSCRIU UN PROJECTE</h2>
<p style="text-align: center">Si vols presentar un projecte als premis Josep Gassó Espina 2025 omple el següent <strong>formulari</strong>. El període d&#8217;inscripció va des del <strong>12 de juny fins al 15 de novembre</strong> de 2025. Recorda consultar<a href="https://fundesplai.org/premis-josep-gasso/wp-content/uploads/sites/33/2025/06/BASES-PREMIS-JOSEP-GASSO-ESPINA-Fundesplai.pdf"> les bases</a> de participació per no oblidar-te cap requisit. Presenta un projecte per transformar el món! <strong>Pots guanyar 5.000 euros</strong> per fer-lo realitat amb la teva entitat.</p>
<p>[/et_pb_text][et_pb_button button_url=&#8221;https://fundesplai.org/premis-josep-gasso/inscripcions/&#8221; button_text=&#8221;Formulari d&#8217;inscripció&#8221; button_alignment=&#8221;center&#8221; _builder_version=&#8221;4.21.0&#8243; _module_preset=&#8221;default&#8221; custom_margin=&#8221;30px||30px||false|false&#8221; global_colors_info=&#8221;{}&#8221;][/et_pb_button][/et_pb_column][/et_pb_row][/et_pb_section]</p>

<p>Calendari dels PREMIS JOSEP GASSÓ ESPINA per a la convivència i la sostenibilitat a través de projectes amb infants i joves.</p>

<!-- This site is optimized with the Yoast SEO plugin v27.5 - https://yoast.com/product/yoast-seo-wordpress/ -->
<title>Calendari - Premis Josep Gassó Espina</title>
<meta name="description" content="Calendari dels PREMIS JOSEP GASSÓ ESPINA per a la convivència i la sostenibilitat a través de projectes amb infants i joves." />
<meta name="robots" content="index, follow, max-snippet:-1, max-image-preview:large, max-video-preview:-1" />
<link rel="canonical" href="https://fundesplai.org/premis-josep-gasso/calendari/" />
<meta property="og:locale" content="ca_ES" />
<meta property="og:type" content="article" />
<meta property="og:title" content="Calendari - Premis Josep Gassó Espina" />
<meta property="og:description" content="Calendari dels PREMIS JOSEP GASSÓ ESPINA per a la convivència i la sostenibilitat a través de projectes amb infants i joves." />
<meta property="og:url" content="https://fundesplai.org/premis-josep-gasso/calendari/" />
<meta property="og:site_name" content="Premis Josep Gassó Espina" />
<meta property="article:modified_time" content="2026-04-19T15:43:30+00:00" />
<meta name="twitter:card" content="summary_large_image" />
<meta name="twitter:label1" content="Temps estimat de lectura" />
	<meta name="twitter:data1" content="1 minut" />
<script type="application/ld+json" class="yoast-schema-graph">{"@context":"https:\/\/schema.org","@graph":[{"@type":"WebPage","@id":"https:\/\/fundesplai.org\/premis-josep-gasso\/calendari\/","url":"https:\/\/fundesplai.org\/premis-josep-gasso\/calendari\/","name":"Calendari - Premis Josep Gassó Espina","isPartOf":{"@id":"https:\/\/fundesplai.org\/premis-josep-gasso\/#website"},"datePublished":"2025-05-28T15:02:02+00:00","dateModified":"2026-04-19T15:43:30+00:00","description":"Calendari dels PREMIS JOSEP GASSÓ ESPINA per a la convivència i la sostenibilitat a través de projectes amb infants i joves.","breadcrumb":{"@id":"https:\/\/fundesplai.org\/premis-josep-gasso\/calendari\/#breadcrumb"},"inLanguage":"ca","potentialAction":[{"@type":"ReadAction","target":["https:\/\/fundesplai.org\/premis-josep-gasso\/calendari\/"]}]},{"@type":"BreadcrumbList","@id":"https:\/\/fundesplai.org\/premis-josep-gasso\/calendari\/#breadcrumb","itemListElement":[{"@type":"ListItem","position":1,"name":"Inici","item":"\/"},{"@type":"ListItem","position":2,"name":"Premis Josep Gassó Espina","item":"https:\/\/fundesplai.org\/premis-josep-gasso"},{"@type":"ListItem","position":3,"name":"Calendari"}]},{"@type":"WebSite","@id":"https:\/\/fundesplai.org\/premis-josep-gasso\/#website","url":"https:\/\/fundesplai.org\/premis-josep-gasso\/","name":"Premis Josep Gassó","description":"","potentialAction":[{"@type":"SearchAction","target":{"@type":"EntryPoint","urlTemplate":"https:\/\/fundesplai.org\/premis-josep-gasso\/?s={search_term_string}"},"query-input":{"@type":"PropertyValueSpecification","valueRequired":true,"valueName":"search_term_string"}}],"inLanguage":"ca"}]}</script>
<!-- / Yoast SEO plugin. -->

Calendari - Premis Josep Gassó Espina

Calendari dels PREMIS JOSEP GASSÓ ESPINA per a la convivència i la sostenibilitat a través de projectes amb infants i joves.

Premis Josep Gassó Espina

Premis Josep Gassó
