{"id":81,"date":"2019-08-26T15:15:15","date_gmt":"2019-08-26T13:15:15","guid":{"rendered":"http:\/\/projectes.fundesplai.org\/nusos\/?page_id=81"},"modified":"2023-07-06T09:01:50","modified_gmt":"2023-07-06T07:01:50","slug":"home","status":"publish","type":"page","link":"https:\/\/fundesplai.org\/nusos\/","title":{"rendered":"HOME"},"content":{"rendered":"<p>[et_pb_section fb_built=&#8221;1&#8243; fullwidth=&#8221;on&#8221; _builder_version=&#8221;4.17.4&#8243; _module_preset=&#8221;default&#8221; global_colors_info=&#8221;{}&#8221;][et_pb_fullwidth_image src=&#8221;https:\/\/fundesplai.org\/nusos\/wp-content\/uploads\/sites\/18\/2019\/08\/Banner-NuSOS_A_72-ppp.jpg&#8221; alt=&#8221;proposta pedag\u00f2gica Nusos Fundesplai&#8221; title_text=&#8221;Banner NuSOS_A_72 ppp&#8221; _builder_version=&#8221;4.17.4&#8243; _module_preset=&#8221;default&#8221; module_alignment=&#8221;center&#8221; global_colors_info=&#8221;{}&#8221;][\/et_pb_fullwidth_image][\/et_pb_section][et_pb_section fb_built=&#8221;1&#8243; _builder_version=&#8221;4.16&#8243; global_colors_info=&#8221;{}&#8221;][et_pb_row disabled_on=&#8221;on|on|on&#8221; _builder_version=&#8221;4.16&#8243; width=&#8221;100%&#8221; max_width=&#8221;2560px&#8221; disabled=&#8221;on&#8221; global_colors_info=&#8221;{}&#8221;][et_pb_column type=&#8221;4_4&#8243; _builder_version=&#8221;4.16&#8243; global_colors_info=&#8221;{}&#8221;][et_pb_slider _builder_version=&#8221;4.16&#8243; global_colors_info=&#8221;{}&#8221;][et_pb_slide _builder_version=&#8221;4.16&#8243; background_image=&#8221;https:\/\/fundesplai.org\/nusos\/wp-content\/uploads\/sites\/18\/2019\/08\/Banner-NuSOS_A_72-ppp.jpg&#8221; background_enable_image=&#8221;on&#8221; background_position=&#8221;bottom_center&#8221; global_colors_info=&#8221;{}&#8221; sticky_transition=&#8221;on&#8221;][\/et_pb_slide][\/et_pb_slider][\/et_pb_column][\/et_pb_row][et_pb_row _builder_version=&#8221;4.16&#8243; custom_margin=&#8221;50px||50px||true|false&#8221; custom_margin_tablet=&#8221;&#8221; custom_margin_phone=&#8221;30px||30px||true|false&#8221; custom_margin_last_edited=&#8221;on|phone&#8221; global_colors_info=&#8221;{}&#8221;][et_pb_column type=&#8221;4_4&#8243; _builder_version=&#8221;4.16&#8243; global_colors_info=&#8221;{}&#8221;][et_pb_text _builder_version=&#8221;4.21.0&#8243; _module_preset=&#8221;default&#8221; hover_enabled=&#8221;0&#8243; global_colors_info=&#8221;{}&#8221; sticky_enabled=&#8221;0&#8243;]<\/p>\n<h2 style=\"text-align: center\">Qu\u00e8 \u00e9s?<\/h2>\n<p>[\/et_pb_text][et_pb_text _builder_version=&#8221;4.21.0&#8243; hover_enabled=&#8221;0&#8243; global_colors_info=&#8221;{}&#8221; sticky_enabled=&#8221;0&#8243;]<\/p>\n<p style=\"text-align: center\"><strong>nuSOS<\/strong> \u00e9s la proposta educativa de <strong><a href=\"https:\/\/fundesplai.org\/ca\/\">Fundesplai<\/a><\/strong> per als cursos 2019-2021.<br \/><strong>Una proposta educativa entorn la ciutadania global, les migracions i el refugi<\/strong> perqu\u00e8 els infants i joves reconeguin els Drets Humans i la diversitat com a valors indispensables per a la conviv\u00e8ncia i la sostenibilitat al nostre m\u00f3n. Perqu\u00e8 <strong>estem davant d&#8217;un gran repte planetari<\/strong>, una gran crisi social i humanit\u00e0ria. Cal actuar amb urg\u00e8ncia i qualitat educativa per motivar els infants i joves a tenir esperit cr\u00edtic, mobilitzar-se i formar part de la soluci\u00f3.<\/p>\n<p>[\/et_pb_text][et_pb_button button_url=&#8221;https:\/\/fundesplai.org\/nusos\/wp-content\/uploads\/sites\/18\/2019\/09\/quadern-NUSOS-per-web_DEF.pdf&#8221; button_text=&#8221;Descarrega&#8217;t el quadern pedag\u00f2gic en catal\u00e0&#8221; button_alignment=&#8221;center&#8221; _builder_version=&#8221;4.16&#8243; custom_margin=&#8221;30px||30px||true|false&#8221; custom_margin_tablet=&#8221;&#8221; custom_margin_phone=&#8221;&#8221; custom_margin_last_edited=&#8221;on|desktop&#8221; global_colors_info=&#8221;{}&#8221;][\/et_pb_button][et_pb_button button_url=&#8221;https:\/\/fundesplai.org\/nusos\/wp-content\/uploads\/sites\/18\/2019\/10\/diptic-proposta-educativa-castellano.pdf&#8221; button_text=&#8221;Resumen nuSOS en castellano&#8221; button_alignment=&#8221;center&#8221; _builder_version=&#8221;4.16&#8243; custom_button=&#8221;on&#8221; button_text_color=&#8221;#000000&#8243; button_bg_color=&#8221;#dddddd&#8221; custom_margin=&#8221;30px||30px||true|false&#8221; custom_margin_tablet=&#8221;&#8221; custom_margin_phone=&#8221;&#8221; custom_margin_last_edited=&#8221;on|desktop&#8221; global_colors_info=&#8221;{}&#8221;][\/et_pb_button][et_pb_testimonial author=&#8221;Malala Yousafzai&#8221; job_title=&#8221;Premi Nobel de la Pau&#8221; portrait_url=&#8221;https:\/\/fundesplai.org\/nusos\/wp-content\/uploads\/sites\/18\/2019\/08\/Malala_Yousafzai_2015_wikipedia.jpg&#8221; _builder_version=&#8221;4.17.4&#8243; custom_margin=&#8221;||10px||false|false&#8221; global_colors_info=&#8221;{}&#8221;]<\/p>\n<p>Milions d\u2019homes, dones i infants viuen enmig de la guerra cada dia. I la seva \u00fanica elecci\u00f3 per tenir seguretat \u00e9s anar-se\u2019n. \u201cTrien\u201d ser despla\u00e7ats. Per\u00f2 no \u00e9s que sigui precisament una elecci\u00f3.<\/p>\n<p>[\/et_pb_testimonial][\/et_pb_column][\/et_pb_row][et_pb_row _builder_version=&#8221;4.17.4&#8243; _module_preset=&#8221;default&#8221; global_colors_info=&#8221;{}&#8221;][et_pb_column type=&#8221;4_4&#8243; _builder_version=&#8221;4.17.4&#8243; _module_preset=&#8221;default&#8221; global_colors_info=&#8221;{}&#8221;][et_pb_text _builder_version=&#8221;4.21.0&#8243; _module_preset=&#8221;default&#8221; hover_enabled=&#8221;0&#8243; global_colors_info=&#8221;{}&#8221; sticky_enabled=&#8221;0&#8243;]<\/p>\n<h2 style=\"text-align: center\">Com ho fem?<\/h2>\n<p>[\/et_pb_text][et_pb_text _builder_version=&#8221;4.21.0&#8243; _module_preset=&#8221;default&#8221; hover_enabled=&#8221;0&#8243; global_colors_info=&#8221;{}&#8221; sticky_enabled=&#8221;0&#8243;]<\/p>\n<p>La proposta educativa es pot aplicar a diferents nivells als esplais, als menjadors escolars, als centres oberts, a les col\u00f2nies, als casals d\u2019estiu, als espais familiars, etc.\u00a0<strong>a partir de la pedagogia de la pregunta, la m\u00e0gia de l\u2019eix d\u2019animaci\u00f3 i les activitats participatives i din\u00e0miques especialment dissenyades per a nuSOS<\/strong>. Cada equip educatiu decideix l\u2019abast, l\u2019orientaci\u00f3 i el calendari de desplegament de la proposta.<\/p>\n<p>Posem a l\u2019abast dels equips diversos<strong><a href=\"https:\/\/fundesplai.org\/nusos\/recursos\/\">\u00a0recursos<\/a>\u00a0<\/strong>i materials de suport com:<\/p>\n<ul>\n<li>El\u00a0<a href=\"https:\/\/fundesplai.org\/nusos\/quadern-pedagogic\/\"><strong>quadern pedag\u00f2gic<\/strong><\/a><\/li>\n<li>Les<a href=\"https:\/\/fundesplai.org\/nusos\/activitats\/\"><strong>\u00a0activitats<\/strong><\/a>\u00a0de lleure educatiu<\/li>\n<li><a href=\"https:\/\/fundesplai.org\/nusos\/eix-danimacio\/\"><strong>L\u2019eix d\u2019animaci\u00f3<\/strong><\/a><\/li>\n<li>La proposta dels\u00a0<a href=\"https:\/\/fundesplai.org\/nusos\/reptes-collectius\/\"><strong>reptes col\u00b7lectius<\/strong><\/a><\/li>\n<li><strong><a href=\"https:\/\/escoles.fundesplai.org\/blog\/recursos\/100-contes-i-novelles-per-a-infants-i-joves-sobre-migracions-i-refugi\/\">Guia de contes i novel\u00b7les sobre migracions i refugi<\/a><\/strong><\/li>\n<li>Les\u00a0<strong>maletes pedag\u00f2giques<\/strong><\/li>\n<\/ul>\n<p>[\/et_pb_text][et_pb_image src=&#8221;https:\/\/fundesplai.org\/nusos\/wp-content\/uploads\/sites\/18\/2019\/09\/infografia-ciutadania-global-nuSOS-Fundesplai_2.jpg&#8221; title_text=&#8221;infografia ciutadania global nuSOS Fundesplai_2&#8243; align=&#8221;center&#8221; _builder_version=&#8221;4.17.4&#8243; _module_preset=&#8221;default&#8221; global_colors_info=&#8221;{}&#8221;][\/et_pb_image][\/et_pb_column][\/et_pb_row][et_pb_row _builder_version=&#8221;4.16&#8243; module_alignment=&#8221;center&#8221; custom_margin=&#8221;50px||50px||true|false&#8221; custom_margin_tablet=&#8221;&#8221; custom_margin_phone=&#8221;10px||10px||false|false&#8221; custom_margin_last_edited=&#8221;on|phone&#8221; locked=&#8221;off&#8221; global_colors_info=&#8221;{}&#8221;][et_pb_column type=&#8221;4_4&#8243; _builder_version=&#8221;4.16&#8243; global_colors_info=&#8221;{}&#8221;][et_pb_text _builder_version=&#8221;4.17.4&#8243; custom_margin=&#8221;30px||||false|false&#8221; global_colors_info=&#8221;{}&#8221;]<\/p>\n<h2 style=\"text-align: center\">Elements clau<\/h2>\n<p>[\/et_pb_text][\/et_pb_column][\/et_pb_row][et_pb_row column_structure=&#8221;1_3,1_3,1_3&#8243; make_equal=&#8221;on&#8221; _builder_version=&#8221;4.16&#8243; background_image=&#8221;https:\/\/fundesplai.org\/nusos\/wp-content\/uploads\/sites\/18\/2019\/08\/Eixos-animacio-Nusos-Fundesplai_N_papallona.jpg&#8221; width=&#8221;100%&#8221; max_width=&#8221;2559px&#8221; custom_margin=&#8221;50px||50px||true|false&#8221; custom_margin_tablet=&#8221;&#8221; custom_margin_phone=&#8221;||||true&#8221; custom_margin_last_edited=&#8221;on|phone&#8221; global_colors_info=&#8221;{}&#8221;][et_pb_column type=&#8221;1_3&#8243; _builder_version=&#8221;4.16&#8243; background_image=&#8221;https:\/\/fundesplai.org\/nusos\/wp-content\/uploads\/sites\/18\/2019\/08\/Activitats_nusos_Fundesplai_N.jpg&#8221; global_colors_info=&#8221;{}&#8221;][et_pb_cta title=&#8221;Activitats&#8221; button_url=&#8221;https:\/\/projectes.fundesplai.org\/nusos\/activitats\/&#8221; button_text=&#8221; +&#8221; _builder_version=&#8221;4.16&#8243; header_level=&#8221;h1&#8243; header_font=&#8221;|600|||||||&#8221; header_text_align=&#8221;center&#8221; body_font=&#8221;|600|||||||&#8221; background_enable_color=&#8221;off&#8221; custom_button=&#8221;on&#8221; button_text_size=&#8221;17px&#8221; button_border_width=&#8221;0px&#8221; button_border_radius=&#8221;33px&#8221; button_use_icon=&#8221;off&#8221; button_alignment=&#8221;center&#8221; animation_style=&#8221;zoom&#8221; animation_direction=&#8221;bottom&#8221; animation_starting_opacity=&#8221;56%&#8221; link_option_url=&#8221;https:\/\/projectes.fundesplai.org\/nusos\/activitats\/&#8221; header_text_shadow_style=&#8221;preset3&#8243; header_text_shadow_color=&#8221;#000000&#8243; text_shadow_style=&#8221;preset3&#8243; text_shadow_blur_strength=&#8221;0.02em&#8221; text_shadow_color=&#8221;#000000&#8243; global_colors_info=&#8221;{}&#8221;]<\/p>\n<p>Activitats de lleure per a totes les edats enfocades a despertar l&#8217;esperit cr\u00edtic i aprofundir en la proposta educativa nuSOS.<br \/>Educaci\u00f3 per a la ciutadania global.<\/p>\n<p>[\/et_pb_cta][\/et_pb_column][et_pb_column type=&#8221;1_3&#8243; _builder_version=&#8221;4.16&#8243; background_image=&#8221;https:\/\/fundesplai.org\/nusos\/wp-content\/uploads\/sites\/18\/2019\/08\/Eixos-animacio-Nusos-Fundesplai_N_papallona.jpg&#8221; global_colors_info=&#8221;{}&#8221;][et_pb_cta title=&#8221;Eix d&#8217;animaci\u00f3&#8221; button_url=&#8221;https:\/\/projectes.fundesplai.org\/nusos\/eix-danimacio\/&#8221; button_text=&#8221; +&#8221; _builder_version=&#8221;4.16&#8243; header_level=&#8221;h1&#8243; header_font=&#8221;|600|||||||&#8221; header_text_align=&#8221;center&#8221; body_font=&#8221;|600|||||||&#8221; background_enable_color=&#8221;off&#8221; background_enable_image=&#8221;off&#8221; custom_button=&#8221;on&#8221; button_text_size=&#8221;17px&#8221; button_border_width=&#8221;0px&#8221; button_border_radius=&#8221;33px&#8221; button_use_icon=&#8221;off&#8221; button_alignment=&#8221;center&#8221; animation_style=&#8221;zoom&#8221; animation_direction=&#8221;bottom&#8221; animation_starting_opacity=&#8221;56%&#8221; link_option_url=&#8221;https:\/\/projectes.fundesplai.org\/nusos\/eix-danimacio\/&#8221; header_text_shadow_style=&#8221;preset3&#8243; header_text_shadow_color=&#8221;#000000&#8243; text_shadow_style=&#8221;preset3&#8243; text_shadow_blur_strength=&#8221;0.02em&#8221; text_shadow_color=&#8221;#000000&#8243; global_colors_info=&#8221;{}&#8221;]<\/p>\n<p>La Bolboreta, una papallona migrat\u00f2ria, i la Ubuntu, una maleta m\u00e0gica molt viatgera, ens acompanyaran en aquesta aventura.<br \/>Les vols con\u00e8ixer?<\/p>\n<p>[\/et_pb_cta][\/et_pb_column][et_pb_column type=&#8221;1_3&#8243; _builder_version=&#8221;4.16&#8243; background_image=&#8221;https:\/\/fundesplai.org\/nusos\/wp-content\/uploads\/sites\/18\/2019\/08\/Reptes-colectius-nusos_N.jpg&#8221; global_colors_info=&#8221;{}&#8221;][et_pb_cta title=&#8221;Reptes col\u00b7lectius&#8221; button_url=&#8221;https:\/\/projectes.fundesplai.org\/nusos\/reptes-collectius\/&#8221; button_text=&#8221; +&#8221; _builder_version=&#8221;4.16&#8243; header_level=&#8221;h1&#8243; header_font=&#8221;|600|||||||&#8221; header_text_align=&#8221;center&#8221; body_font=&#8221;|600|||||||&#8221; background_enable_color=&#8221;off&#8221; custom_button=&#8221;on&#8221; button_text_size=&#8221;17px&#8221; button_border_width=&#8221;0px&#8221; button_border_radius=&#8221;33px&#8221; button_use_icon=&#8221;off&#8221; button_alignment=&#8221;center&#8221; animation_style=&#8221;zoom&#8221; animation_direction=&#8221;bottom&#8221; animation_starting_opacity=&#8221;56%&#8221; link_option_url=&#8221;https:\/\/projectes.fundesplai.org\/nusos\/reptes-collectius\/&#8221; header_text_shadow_style=&#8221;preset3&#8243; header_text_shadow_color=&#8221;#000000&#8243; text_shadow_style=&#8221;preset3&#8243; text_shadow_blur_strength=&#8221;0.02em&#8221; text_shadow_color=&#8221;#000000&#8243; global_colors_info=&#8221;{}&#8221;]<\/p>\n<p>Amb els reptes col\u00b7lectius ens mobilitzem en un moment puntual per refor\u00e7ar la incid\u00e8ncia p\u00fablica.<br \/>#DretalLleure 2020<br \/>#mespontsmenysmurs 2021<\/p>\n<p>[\/et_pb_cta][\/et_pb_column][\/et_pb_row][et_pb_row _builder_version=&#8221;4.16&#8243; custom_margin=&#8221;50px||50px||true|false&#8221; custom_margin_tablet=&#8221;&#8221; custom_margin_phone=&#8221;30px||30px||true|false&#8221; custom_margin_last_edited=&#8221;on|desktop&#8221; global_colors_info=&#8221;{}&#8221;][et_pb_column type=&#8221;4_4&#8243; _builder_version=&#8221;4.16&#8243; global_colors_info=&#8221;{}&#8221;][et_pb_text _builder_version=&#8221;4.19.0&#8243; global_colors_info=&#8221;{}&#8221;]<\/p>\n<h2 style=\"text-align: center\">Resum d&#8217;activitats 19-20<\/h2>\n<p><iframe loading=\"lazy\" title=\"Presentaci\u00f3 del treball fet al curs NuSOS\" width=\"1080\" height=\"608\" src=\"https:\/\/www.youtube.com\/embed\/VH3e1Lawmdk?feature=oembed\"  allow=\"accelerometer; autoplay; clipboard-write; encrypted-media; gyroscope; picture-in-picture; web-share\" allowfullscreen><\/iframe><\/p>\n<p>[\/et_pb_text][\/et_pb_column][\/et_pb_row][\/et_pb_section][et_pb_section fb_built=&#8221;1&#8243; _builder_version=&#8221;4.19.0&#8243; _module_preset=&#8221;default&#8221; global_colors_info=&#8221;{}&#8221;][et_pb_row _builder_version=&#8221;4.19.0&#8243; _module_preset=&#8221;default&#8221; global_colors_info=&#8221;{}&#8221;][et_pb_column type=&#8221;4_4&#8243; _builder_version=&#8221;4.19.0&#8243; _module_preset=&#8221;default&#8221; global_colors_info=&#8221;{}&#8221;][et_pb_text _builder_version=&#8221;4.19.0&#8243; custom_margin=&#8221;40px||||false|false&#8221; global_colors_info=&#8221;{}&#8221;]<\/p>\n<h2 style=\"text-align: center\">Amb el suport i la col\u00b7laboraci\u00f3 de<\/h2>\n<p>[\/et_pb_text][\/et_pb_column][\/et_pb_row][et_pb_row column_structure=&#8221;1_4,1_4,1_4,1_4&#8243; _builder_version=&#8221;4.16&#8243; custom_margin=&#8221;50px||50px||true|false&#8221; custom_margin_tablet=&#8221;&#8221; custom_margin_phone=&#8221;30px||30px||true|false&#8221; custom_margin_last_edited=&#8221;on|phone&#8221; global_colors_info=&#8221;{}&#8221;][et_pb_column type=&#8221;1_4&#8243; _builder_version=&#8221;4.16&#8243; global_colors_info=&#8221;{}&#8221;][et_pb_image src=&#8221;https:\/\/fundesplai.org\/nusos\/wp-content\/uploads\/sites\/18\/2019\/08\/Generalitat.jpg&#8221; _builder_version=&#8221;4.16&#8243; custom_margin=&#8221;|30px||30px|false|true&#8221; global_colors_info=&#8221;{}&#8221;][\/et_pb_image][\/et_pb_column][et_pb_column type=&#8221;1_4&#8243; _builder_version=&#8221;4.16&#8243; global_colors_info=&#8221;{}&#8221;][et_pb_image src=&#8221;https:\/\/fundesplai.org\/nusos\/wp-content\/uploads\/sites\/18\/2019\/08\/Diputacio-de-barcelona.jpg&#8221; _builder_version=&#8221;4.16&#8243; custom_margin=&#8221;|30px||30px|false|true&#8221; global_colors_info=&#8221;{}&#8221;][\/et_pb_image][\/et_pb_column][et_pb_column type=&#8221;1_4&#8243; _builder_version=&#8221;4.16&#8243; global_colors_info=&#8221;{}&#8221;][et_pb_image src=&#8221;https:\/\/fundesplai.org\/nusos\/wp-content\/uploads\/sites\/18\/2019\/08\/Ajuntament-de-barcelona.jpg&#8221; _builder_version=&#8221;4.16&#8243; custom_margin=&#8221;|30px||30px|false|true&#8221; global_colors_info=&#8221;{}&#8221;][\/et_pb_image][\/et_pb_column][et_pb_column type=&#8221;1_4&#8243; _builder_version=&#8221;4.16&#8243; global_colors_info=&#8221;{}&#8221;][et_pb_image src=&#8221;https:\/\/fundesplai.org\/nusos\/wp-content\/uploads\/sites\/18\/2019\/08\/OTROS_FINES_I_S_GOB.jpg&#8221; _builder_version=&#8221;4.16&#8243; custom_margin=&#8221;|30px||30px|false|true&#8221; global_colors_info=&#8221;{}&#8221;][\/et_pb_image][\/et_pb_column][\/et_pb_row][\/et_pb_section]<\/p>\n","protected":false},"excerpt":{"rendered":"<p>Qu\u00e8 \u00e9s?nuSOS \u00e9s la proposta educativa de Fundesplai per als cursos 2019-2021.Una proposta educativa entorn la ciutadania global, les migracions i el refugi perqu\u00e8 els infants i joves reconeguin els Drets Humans i la diversitat com a valors indispensables per a la conviv\u00e8ncia i la sostenibilitat al nostre m\u00f3n. Perqu\u00e8 estem davant d&#8217;un gran repte [&hellip;]<\/p>\n","protected":false},"author":4,"featured_media":0,"parent":0,"menu_order":0,"comment_status":"closed","ping_status":"closed","template":"","meta":{"_et_pb_use_builder":"on","_et_pb_old_content":"","_et_gb_content_width":"","footnotes":""},"class_list":["post-81","page","type-page","status-publish","hentry"],"yoast_head":"<!-- This site is optimized with the Yoast SEO plugin v27.4 - https:\/\/yoast.com\/product\/yoast-seo-wordpress\/ -->\n<title>HOME - Nusos<\/title>\n<meta name=\"robots\" content=\"index, follow, max-snippet:-1, max-image-preview:large, max-video-preview:-1\" \/>\n<link rel=\"canonical\" href=\"https:\/\/fundesplai.org\/nusos\/\" \/>\n<meta property=\"og:locale\" content=\"ca_ES\" \/>\n<meta property=\"og:type\" content=\"article\" \/>\n<meta property=\"og:title\" content=\"HOME - Nusos\" \/>\n<meta property=\"og:description\" content=\"Qu\u00e8 \u00e9s?nuSOS \u00e9s la proposta educativa de Fundesplai per als cursos 2019-2021.Una proposta educativa entorn la ciutadania global, les migracions i el refugi perqu\u00e8 els infants i joves reconeguin els Drets Humans i la diversitat com a valors indispensables per a la conviv\u00e8ncia i la sostenibilitat al nostre m\u00f3n. Perqu\u00e8 estem davant d&#039;un gran repte [&hellip;]\" \/>\n<meta property=\"og:url\" content=\"https:\/\/fundesplai.org\/nusos\/\" \/>\n<meta property=\"og:site_name\" content=\"Nusos\" \/>\n<meta property=\"article:modified_time\" content=\"2023-07-06T07:01:50+00:00\" \/>\n<meta name=\"twitter:card\" content=\"summary_large_image\" \/>\n<meta name=\"twitter:label1\" content=\"Temps estimat de lectura\" \/>\n\t<meta name=\"twitter:data1\" content=\"4 minuts\" \/>\n<script type=\"application\/ld+json\" class=\"yoast-schema-graph\">{\"@context\":\"https:\\\/\\\/schema.org\",\"@graph\":[{\"@type\":\"WebPage\",\"@id\":\"https:\\\/\\\/fundesplai.org\\\/nusos\\\/\",\"url\":\"https:\\\/\\\/fundesplai.org\\\/nusos\\\/\",\"name\":\"HOME - Nusos\",\"isPartOf\":{\"@id\":\"https:\\\/\\\/fundesplai.org\\\/nusos\\\/#website\"},\"datePublished\":\"2019-08-26T13:15:15+00:00\",\"dateModified\":\"2023-07-06T07:01:50+00:00\",\"breadcrumb\":{\"@id\":\"https:\\\/\\\/fundesplai.org\\\/nusos\\\/#breadcrumb\"},\"inLanguage\":\"ca\",\"potentialAction\":[{\"@type\":\"ReadAction\",\"target\":[\"https:\\\/\\\/fundesplai.org\\\/nusos\\\/\"]}]},{\"@type\":\"BreadcrumbList\",\"@id\":\"https:\\\/\\\/fundesplai.org\\\/nusos\\\/#breadcrumb\",\"itemListElement\":[{\"@type\":\"ListItem\",\"position\":1,\"name\":\"Inici\",\"item\":\"\\\/\"},{\"@type\":\"ListItem\",\"position\":2,\"name\":\"Nusos\",\"item\":\"https:\\\/\\\/fundesplai.org\\\/nusos\"},{\"@type\":\"ListItem\",\"position\":3,\"name\":\"HOME\"}]},{\"@type\":\"WebSite\",\"@id\":\"https:\\\/\\\/fundesplai.org\\\/nusos\\\/#website\",\"url\":\"https:\\\/\\\/fundesplai.org\\\/nusos\\\/\",\"name\":\"Nusos\",\"description\":\"Proposta educativa de Fundesplai\",\"potentialAction\":[{\"@type\":\"SearchAction\",\"target\":{\"@type\":\"EntryPoint\",\"urlTemplate\":\"https:\\\/\\\/fundesplai.org\\\/nusos\\\/?s={search_term_string}\"},\"query-input\":{\"@type\":\"PropertyValueSpecification\",\"valueRequired\":true,\"valueName\":\"search_term_string\"}}],\"inLanguage\":\"ca\"}]}<\/script>\n<!-- \/ Yoast SEO plugin. -->","yoast_head_json":{"title":"HOME - Nusos","robots":{"index":"index","follow":"follow","max-snippet":"max-snippet:-1","max-image-preview":"max-image-preview:large","max-video-preview":"max-video-preview:-1"},"canonical":"https:\/\/fundesplai.org\/nusos\/","og_locale":"ca_ES","og_type":"article","og_title":"HOME - Nusos","og_description":"Qu\u00e8 \u00e9s?nuSOS \u00e9s la proposta educativa de Fundesplai per als cursos 2019-2021.Una proposta educativa entorn la ciutadania global, les migracions i el refugi perqu\u00e8 els infants i joves reconeguin els Drets Humans i la diversitat com a valors indispensables per a la conviv\u00e8ncia i la sostenibilitat al nostre m\u00f3n. Perqu\u00e8 estem davant d'un gran repte [&hellip;]","og_url":"https:\/\/fundesplai.org\/nusos\/","og_site_name":"Nusos","article_modified_time":"2023-07-06T07:01:50+00:00","twitter_card":"summary_large_image","twitter_misc":{"Temps estimat de lectura":"4 minuts"},"schema":{"@context":"https:\/\/schema.org","@graph":[{"@type":"WebPage","@id":"https:\/\/fundesplai.org\/nusos\/","url":"https:\/\/fundesplai.org\/nusos\/","name":"HOME - Nusos","isPartOf":{"@id":"https:\/\/fundesplai.org\/nusos\/#website"},"datePublished":"2019-08-26T13:15:15+00:00","dateModified":"2023-07-06T07:01:50+00:00","breadcrumb":{"@id":"https:\/\/fundesplai.org\/nusos\/#breadcrumb"},"inLanguage":"ca","potentialAction":[{"@type":"ReadAction","target":["https:\/\/fundesplai.org\/nusos\/"]}]},{"@type":"BreadcrumbList","@id":"https:\/\/fundesplai.org\/nusos\/#breadcrumb","itemListElement":[{"@type":"ListItem","position":1,"name":"Inici","item":"\/"},{"@type":"ListItem","position":2,"name":"Nusos","item":"https:\/\/fundesplai.org\/nusos"},{"@type":"ListItem","position":3,"name":"HOME"}]},{"@type":"WebSite","@id":"https:\/\/fundesplai.org\/nusos\/#website","url":"https:\/\/fundesplai.org\/nusos\/","name":"Nusos","description":"Proposta educativa de Fundesplai","potentialAction":[{"@type":"SearchAction","target":{"@type":"EntryPoint","urlTemplate":"https:\/\/fundesplai.org\/nusos\/?s={search_term_string}"},"query-input":{"@type":"PropertyValueSpecification","valueRequired":true,"valueName":"search_term_string"}}],"inLanguage":"ca"}]}},"_links":{"self":[{"href":"https:\/\/fundesplai.org\/nusos\/wp-json\/wp\/v2\/pages\/81","targetHints":{"allow":["GET"]}}],"collection":[{"href":"https:\/\/fundesplai.org\/nusos\/wp-json\/wp\/v2\/pages"}],"about":[{"href":"https:\/\/fundesplai.org\/nusos\/wp-json\/wp\/v2\/types\/page"}],"author":[{"embeddable":true,"href":"https:\/\/fundesplai.org\/nusos\/wp-json\/wp\/v2\/users\/4"}],"replies":[{"embeddable":true,"href":"https:\/\/fundesplai.org\/nusos\/wp-json\/wp\/v2\/comments?post=81"}],"version-history":[{"count":10,"href":"https:\/\/fundesplai.org\/nusos\/wp-json\/wp\/v2\/pages\/81\/revisions"}],"predecessor-version":[{"id":1077,"href":"https:\/\/fundesplai.org\/nusos\/wp-json\/wp\/v2\/pages\/81\/revisions\/1077"}],"wp:attachment":[{"href":"https:\/\/fundesplai.org\/nusos\/wp-json\/wp\/v2\/media?parent=81"}],"curies":[{"name":"wp","href":"https:\/\/api.w.org\/{rel}","templated":true}]}}