{"id":338,"date":"2022-09-13T12:55:54","date_gmt":"2022-09-13T10:55:54","guid":{"rendered":"https:\/\/fundesplai.org\/mirall\/?page_id=338"},"modified":"2023-07-05T14:15:41","modified_gmt":"2023-07-05T12:15:41","slug":"eix-animacio-de-12-a-16-anys","status":"publish","type":"page","link":"https:\/\/fundesplai.org\/mirall\/eix-animacio-de-12-a-16-anys\/","title":{"rendered":"De 12 a 16 anys"},"content":{"rendered":"<p>[et_pb_section fb_built=&#8221;1&#8243; _builder_version=&#8221;4.17.4&#8243; _module_preset=&#8221;default&#8221; global_colors_info=&#8221;{}&#8221;][et_pb_row _builder_version=&#8221;4.21.0&#8243; _module_preset=&#8221;default&#8221; hover_enabled=&#8221;0&#8243; global_colors_info=&#8221;{}&#8221; custom_margin=&#8221;||50px||false|false&#8221; sticky_enabled=&#8221;0&#8243;][et_pb_column type=&#8221;4_4&#8243; _builder_version=&#8221;4.17.4&#8243; _module_preset=&#8221;default&#8221; global_colors_info=&#8221;{}&#8221;][et_pb_post_title meta=&#8221;off&#8221; featured_image=&#8221;off&#8221; _builder_version=&#8221;4.17.4&#8243; _module_preset=&#8221;default&#8221; global_colors_info=&#8221;{}&#8221;][\/et_pb_post_title][et_pb_text _builder_version=&#8221;4.17.4&#8243; _module_preset=&#8221;default&#8221; global_colors_info=&#8221;{}&#8221;]<\/p>\n<div class=\"et_pb_module et_pb_text et_pb_text_2  et_pb_text_align_left et_pb_bg_layout_light\">\n<div class=\"et_pb_text_inner\">\n<h3>ELS PROJECTES I ELS CIBERCORRESPONSALS<\/h3>\n<p>Mantenim la nostra habitual proposta d\u2019activitats per a joves estructurades en projectes que pretenen inspirar-los per dur a terme les seves pr\u00f2pies propostes de treball, i\u00a0<strong>hi afegim el projecte Cibercorresponsals com a eix transversal de les activitats que desenvoluparem al llarg del curs<\/strong>.<\/p>\n<p>Cibercorresponsals \u00e9s un\u00a0<strong>projecte impulsat per la Plataforma de Organizaciones de la Infancia per promoure la participaci\u00f3, sensibilitzaci\u00f3 i opini\u00f3 dels adolescents a favor dels Drets de la Inf\u00e0ncia<\/strong>, utilitzant les tecnologies de la informaci\u00f3 i la comunicaci\u00f3.<\/p>\n<p>Proposem que aquest projecte serveixi per a qu\u00e8 els vostres grups puguin compartir i intercanviar les seves opinions i viv\u00e8ncies amb altres grups de joves de Catalunya i de l\u2019estat espanyol. L\u2019hem triat per diverses raons:<\/p>\n<ul>\n<li>Promou nous usos de les noves tecnologies des d\u2019una vessant productiva, saludable i segura.<\/li>\n<li>Fomenta la participaci\u00f3, el treball en equip, la reflexi\u00f3 cr\u00edtica, l\u2019an\u00e0lisi i la capacitat per argumentar i exposar les opinions.<\/li>\n<li>Projecta la imatge del grup i el reconeixement dels projectes que duem a terme.<\/li>\n<li>\u00c9s una oportunitat per con\u00e8ixer altres grups de joves, altres realitats i altres punts de vista.<\/li>\n<\/ul>\n<\/div>\n<\/div>\n<div class=\"et_pb_module et_pb_text et_pb_text_3  et_pb_text_align_left et_pb_bg_layout_light\">\n<div class=\"et_pb_text_inner\">\n<h3>L\u2019ESPAI VIRTUAL DELS CIBERCORRESPONSALS<\/h3>\n<p>Aquest projecte consisteix en un espai de comunicaci\u00f3 i expressi\u00f3 a trav\u00e9s d\u2019una comunitat virtual. Cada jove participant disposa del seu propi\u00a0<strong>blog\u00a0<\/strong>i l\u2019educador\/a, construeix el blog del grup a trav\u00e9s de les aportacions de cada jove en el seu propi espai. La comunitat virtual \u00e9s, en realitat, una\u00a0<strong>xarxa social\u00a0<\/strong>amb perfils, foros i contactes per a compartir i relacionar-se, per\u00f2 sempre des d\u2019un prisma educatiu i de seguretat on-line.<\/p>\n<p><strong>El projecte Cibercorresponsals es coordinar\u00e0 des de la Federaci\u00f3. Tots els esplais i grups de joves interessats a participar, poseu-vos-hi en contacte a trav\u00e9s de l\u2019adre\u00e7a\u00a0<a href=\"mailto:federacio@esplai.org\" target=\"_blank\" rel=\"noreferrer noopener\">federacio@esplai.org<\/a><\/strong><\/p>\n<\/div>\n<\/div>\n<p>[\/et_pb_text][\/et_pb_column][\/et_pb_row][\/et_pb_section]<\/p>\n","protected":false},"excerpt":{"rendered":"<p>ELS PROJECTES I ELS CIBERCORRESPONSALS Mantenim la nostra habitual proposta d\u2019activitats per a joves estructurades en projectes que pretenen inspirar-los per dur a terme les seves pr\u00f2pies propostes de treball, i\u00a0hi afegim el projecte Cibercorresponsals com a eix transversal de les activitats que desenvoluparem al llarg del curs. Cibercorresponsals \u00e9s un\u00a0projecte impulsat per la Plataforma [&hellip;]<\/p>\n","protected":false},"author":27,"featured_media":0,"parent":0,"menu_order":0,"comment_status":"closed","ping_status":"closed","template":"","meta":{"_et_pb_use_builder":"on","_et_pb_old_content":"","_et_gb_content_width":"","footnotes":""},"class_list":["post-338","page","type-page","status-publish","hentry"],"yoast_head":"<!-- This site is optimized with the Yoast SEO plugin v27.4 - https:\/\/yoast.com\/product\/yoast-seo-wordpress\/ -->\n<title>De 12 a 16 anys - Mirall<\/title>\n<meta name=\"robots\" content=\"index, follow, max-snippet:-1, max-image-preview:large, max-video-preview:-1\" \/>\n<link rel=\"canonical\" href=\"https:\/\/fundesplai.org\/mirall\/eix-animacio-de-12-a-16-anys\/\" \/>\n<meta property=\"og:locale\" content=\"ca_ES\" \/>\n<meta property=\"og:type\" content=\"article\" \/>\n<meta property=\"og:title\" content=\"De 12 a 16 anys - Mirall\" \/>\n<meta property=\"og:description\" content=\"ELS PROJECTES I ELS CIBERCORRESPONSALS Mantenim la nostra habitual proposta d\u2019activitats per a joves estructurades en projectes que pretenen inspirar-los per dur a terme les seves pr\u00f2pies propostes de treball, i\u00a0hi afegim el projecte Cibercorresponsals com a eix transversal de les activitats que desenvoluparem al llarg del curs. Cibercorresponsals \u00e9s un\u00a0projecte impulsat per la Plataforma [&hellip;]\" \/>\n<meta property=\"og:url\" content=\"https:\/\/fundesplai.org\/mirall\/eix-animacio-de-12-a-16-anys\/\" \/>\n<meta property=\"og:site_name\" content=\"Mirall\" \/>\n<meta property=\"article:modified_time\" content=\"2023-07-05T12:15:41+00:00\" \/>\n<meta name=\"twitter:card\" content=\"summary_large_image\" \/>\n<meta name=\"twitter:label1\" content=\"Temps estimat de lectura\" \/>\n\t<meta name=\"twitter:data1\" content=\"2 minuts\" \/>\n<script type=\"application\/ld+json\" class=\"yoast-schema-graph\">{\"@context\":\"https:\\\/\\\/schema.org\",\"@graph\":[{\"@type\":\"WebPage\",\"@id\":\"https:\\\/\\\/fundesplai.org\\\/mirall\\\/eix-animacio-de-12-a-16-anys\\\/\",\"url\":\"https:\\\/\\\/fundesplai.org\\\/mirall\\\/eix-animacio-de-12-a-16-anys\\\/\",\"name\":\"De 12 a 16 anys - Mirall\",\"isPartOf\":{\"@id\":\"https:\\\/\\\/fundesplai.org\\\/mirall\\\/#website\"},\"datePublished\":\"2022-09-13T10:55:54+00:00\",\"dateModified\":\"2023-07-05T12:15:41+00:00\",\"breadcrumb\":{\"@id\":\"https:\\\/\\\/fundesplai.org\\\/mirall\\\/eix-animacio-de-12-a-16-anys\\\/#breadcrumb\"},\"inLanguage\":\"ca\",\"potentialAction\":[{\"@type\":\"ReadAction\",\"target\":[\"https:\\\/\\\/fundesplai.org\\\/mirall\\\/eix-animacio-de-12-a-16-anys\\\/\"]}]},{\"@type\":\"BreadcrumbList\",\"@id\":\"https:\\\/\\\/fundesplai.org\\\/mirall\\\/eix-animacio-de-12-a-16-anys\\\/#breadcrumb\",\"itemListElement\":[{\"@type\":\"ListItem\",\"position\":1,\"name\":\"Inici\",\"item\":\"\\\/\"},{\"@type\":\"ListItem\",\"position\":2,\"name\":\"Mirall\",\"item\":\"https:\\\/\\\/fundesplai.org\\\/mirall\"},{\"@type\":\"ListItem\",\"position\":3,\"name\":\"De 12 a 16 anys\"}]},{\"@type\":\"WebSite\",\"@id\":\"https:\\\/\\\/fundesplai.org\\\/mirall\\\/#website\",\"url\":\"https:\\\/\\\/fundesplai.org\\\/mirall\\\/\",\"name\":\"Mirall\",\"description\":\"Proposta educativa de Fundesplai\",\"potentialAction\":[{\"@type\":\"SearchAction\",\"target\":{\"@type\":\"EntryPoint\",\"urlTemplate\":\"https:\\\/\\\/fundesplai.org\\\/mirall\\\/?s={search_term_string}\"},\"query-input\":{\"@type\":\"PropertyValueSpecification\",\"valueRequired\":true,\"valueName\":\"search_term_string\"}}],\"inLanguage\":\"ca\"}]}<\/script>\n<!-- \/ Yoast SEO plugin. -->","yoast_head_json":{"title":"De 12 a 16 anys - Mirall","robots":{"index":"index","follow":"follow","max-snippet":"max-snippet:-1","max-image-preview":"max-image-preview:large","max-video-preview":"max-video-preview:-1"},"canonical":"https:\/\/fundesplai.org\/mirall\/eix-animacio-de-12-a-16-anys\/","og_locale":"ca_ES","og_type":"article","og_title":"De 12 a 16 anys - Mirall","og_description":"ELS PROJECTES I ELS CIBERCORRESPONSALS Mantenim la nostra habitual proposta d\u2019activitats per a joves estructurades en projectes que pretenen inspirar-los per dur a terme les seves pr\u00f2pies propostes de treball, i\u00a0hi afegim el projecte Cibercorresponsals com a eix transversal de les activitats que desenvoluparem al llarg del curs. Cibercorresponsals \u00e9s un\u00a0projecte impulsat per la Plataforma [&hellip;]","og_url":"https:\/\/fundesplai.org\/mirall\/eix-animacio-de-12-a-16-anys\/","og_site_name":"Mirall","article_modified_time":"2023-07-05T12:15:41+00:00","twitter_card":"summary_large_image","twitter_misc":{"Temps estimat de lectura":"2 minuts"},"schema":{"@context":"https:\/\/schema.org","@graph":[{"@type":"WebPage","@id":"https:\/\/fundesplai.org\/mirall\/eix-animacio-de-12-a-16-anys\/","url":"https:\/\/fundesplai.org\/mirall\/eix-animacio-de-12-a-16-anys\/","name":"De 12 a 16 anys - Mirall","isPartOf":{"@id":"https:\/\/fundesplai.org\/mirall\/#website"},"datePublished":"2022-09-13T10:55:54+00:00","dateModified":"2023-07-05T12:15:41+00:00","breadcrumb":{"@id":"https:\/\/fundesplai.org\/mirall\/eix-animacio-de-12-a-16-anys\/#breadcrumb"},"inLanguage":"ca","potentialAction":[{"@type":"ReadAction","target":["https:\/\/fundesplai.org\/mirall\/eix-animacio-de-12-a-16-anys\/"]}]},{"@type":"BreadcrumbList","@id":"https:\/\/fundesplai.org\/mirall\/eix-animacio-de-12-a-16-anys\/#breadcrumb","itemListElement":[{"@type":"ListItem","position":1,"name":"Inici","item":"\/"},{"@type":"ListItem","position":2,"name":"Mirall","item":"https:\/\/fundesplai.org\/mirall"},{"@type":"ListItem","position":3,"name":"De 12 a 16 anys"}]},{"@type":"WebSite","@id":"https:\/\/fundesplai.org\/mirall\/#website","url":"https:\/\/fundesplai.org\/mirall\/","name":"Mirall","description":"Proposta educativa de Fundesplai","potentialAction":[{"@type":"SearchAction","target":{"@type":"EntryPoint","urlTemplate":"https:\/\/fundesplai.org\/mirall\/?s={search_term_string}"},"query-input":{"@type":"PropertyValueSpecification","valueRequired":true,"valueName":"search_term_string"}}],"inLanguage":"ca"}]}},"_links":{"self":[{"href":"https:\/\/fundesplai.org\/mirall\/wp-json\/wp\/v2\/pages\/338","targetHints":{"allow":["GET"]}}],"collection":[{"href":"https:\/\/fundesplai.org\/mirall\/wp-json\/wp\/v2\/pages"}],"about":[{"href":"https:\/\/fundesplai.org\/mirall\/wp-json\/wp\/v2\/types\/page"}],"author":[{"embeddable":true,"href":"https:\/\/fundesplai.org\/mirall\/wp-json\/wp\/v2\/users\/27"}],"replies":[{"embeddable":true,"href":"https:\/\/fundesplai.org\/mirall\/wp-json\/wp\/v2\/comments?post=338"}],"version-history":[{"count":4,"href":"https:\/\/fundesplai.org\/mirall\/wp-json\/wp\/v2\/pages\/338\/revisions"}],"predecessor-version":[{"id":386,"href":"https:\/\/fundesplai.org\/mirall\/wp-json\/wp\/v2\/pages\/338\/revisions\/386"}],"wp:attachment":[{"href":"https:\/\/fundesplai.org\/mirall\/wp-json\/wp\/v2\/media?parent=338"}],"curies":[{"name":"wp","href":"https:\/\/api.w.org\/{rel}","templated":true}]}}