{"id":28,"date":"2019-07-17T14:53:05","date_gmt":"2019-07-17T12:53:05","guid":{"rendered":"http:\/\/projectes.fundesplai.org\/nusos\/?page_id=28"},"modified":"2026-01-19T15:13:27","modified_gmt":"2026-01-19T14:13:27","slug":"reptes-collectius","status":"publish","type":"page","link":"https:\/\/fundesplai.org\/marxa-per-la-pau\/reptes-collectius\/","title":{"rendered":"Reptes col\u00b7lectius"},"content":{"rendered":"<p>[et_pb_section fb_built=&#8221;1&#8243; disabled_on=&#8221;off|off|off&#8221; _builder_version=&#8221;4.16&#8243; global_colors_info=&#8221;{}&#8221;][et_pb_row _builder_version=&#8221;4.16&#8243; custom_margin=&#8221;50px||50px||true|false&#8221; custom_margin_tablet=&#8221;&#8221; custom_margin_phone=&#8221;30px||30px||true|false&#8221; custom_margin_last_edited=&#8221;on|phone&#8221; locked=&#8221;off&#8221; global_colors_info=&#8221;{}&#8221;][et_pb_column type=&#8221;4_4&#8243; _builder_version=&#8221;4.16&#8243; global_colors_info=&#8221;{}&#8221;][et_pb_text admin_label=&#8221;t\u00edtol&#8221; _builder_version=&#8221;4.27.4&#8243; global_colors_info=&#8221;{}&#8221;]<\/p>\n<h2 style=\"text-align: center\">Reptes col\u00b7lectius<\/h2>\n<p>[\/et_pb_text][et_pb_text _builder_version=&#8221;4.27.4&#8243; global_colors_info=&#8221;{}&#8221;]<\/p>\n<p style=\"text-align: center\">Els reptes col\u00b7lectius s\u00f3n accions col\u00b7lectives basades en la metodologia de l&#8217;<a href=\"https:\/\/aprenentatgeservei.cat\/\">Aprenentatge i Servei (ApS)<\/a> que estan vinculades a la proposta educativa i mobilitzen els infants, joves i fam\u00edlies dels esplais, el temps del migdia, etc. <strong>Com m\u00e9s siguem, m\u00e9s riurem i m\u00e9s for\u00e7a tindrem!<\/strong><\/p>\n<p>[\/et_pb_text][\/et_pb_column][\/et_pb_row][et_pb_row column_structure=&#8221;1_2,1_2&#8243; disabled_on=&#8221;off|off|off&#8221; _builder_version=&#8221;4.16&#8243; custom_margin=&#8221;50px||50px||true|false&#8221; custom_margin_tablet=&#8221;&#8221; custom_margin_phone=&#8221;30px||30px||true|false&#8221; custom_margin_last_edited=&#8221;on|phone&#8221; locked=&#8221;off&#8221; global_colors_info=&#8221;{}&#8221;][et_pb_column type=&#8221;1_2&#8243; _builder_version=&#8221;4.16&#8243; background_color=&#8221;#F5F5F5&#8243; custom_padding=&#8221;20px|20px|20px|20px|false|false&#8221; border_width_all=&#8221;14px&#8221; border_color_all=&#8221;#ffffff&#8221; border_width_right=&#8221;30px&#8221; global_colors_info=&#8221;{}&#8221;][et_pb_image src=&#8221;https:\/\/fundesplai.org\/marxa-per-la-pau\/wp-content\/uploads\/sites\/36\/2025\/09\/Infants-fent-simbol-pau-Fundesplai.webp&#8221; alt=&#8221;Infants-fent-simbol-pau-Fundesplai&#8221; title_text=&#8221;Infants-fent-simbol-pau-Fundesplai&#8221; show_bottom_space=&#8221;off&#8221; align=&#8221;center&#8221; _builder_version=&#8221;4.27.4&#8243; custom_margin=&#8221;10px|10px|10px|10px|false|false&#8221; custom_margin_tablet=&#8221;&#8221; custom_margin_phone=&#8221;|10px||10px|false|false&#8221; custom_margin_last_edited=&#8221;on|phone&#8221; global_colors_info=&#8221;{}&#8221;][\/et_pb_image][et_pb_text admin_label=&#8221;20N&#8221; _builder_version=&#8221;4.27.4&#8243; custom_margin=&#8221;20px||20px||false|false&#8221; global_colors_info=&#8221;{}&#8221;]<\/p>\n<h3 style=\"text-align: center\">20N<br \/>DRETS DELS INFANTS<\/h3>\n<p>[\/et_pb_text][et_pb_button button_url=&#8221;https:\/\/fundesplai.org\/marxa-per-la-pau\/reptes-collectius\/repte-reivindiquem-larticle-55\/&#8221; button_text=&#8221;Activitats pel 20N&#8221; button_alignment=&#8221;center&#8221; disabled_on=&#8221;off|off|off&#8221; _builder_version=&#8221;4.27.4&#8243; _module_preset=&#8221;default&#8221; custom_margin=&#8221;30px||||false|false&#8221; global_colors_info=&#8221;{}&#8221;][\/et_pb_button][et_pb_text disabled_on=&#8221;on|on|on&#8221; _builder_version=&#8221;4.27.4&#8243; _module_preset=&#8221;default&#8221; disabled=&#8221;on&#8221; global_colors_info=&#8221;{}&#8221;]<\/p>\n<p style=\"text-align: center\">Accions de divulgaci\u00f3 dels drets de l\u2019infant i de reivindicaci\u00f3 del <b>Dret a un M\u00f3n de Pau.<\/b><\/p>\n<p>[\/et_pb_text][\/et_pb_column][et_pb_column type=&#8221;1_2&#8243; _builder_version=&#8221;4.16&#8243; background_color=&#8221;#F5F5F5&#8243; custom_padding=&#8221;20px|20px|20px|20px|false|false&#8221; border_width_all=&#8221;14px&#8221; border_color_all=&#8221;#ffffff&#8221; border_width_left=&#8221;30px&#8221; global_colors_info=&#8221;{}&#8221;][et_pb_image src=&#8221;https:\/\/fundesplai.org\/marxa-per-la-pau\/wp-content\/uploads\/sites\/36\/2025\/09\/Infants-manifestacio-PAU-Fundesplai.webp&#8221; alt=&#8221;Infants-manifestacio-PAU-Fundesplai&#8221; title_text=&#8221;Infants-manifestacio-PAU-Fundesplai&#8221; show_bottom_space=&#8221;off&#8221; align=&#8221;center&#8221; _builder_version=&#8221;4.27.4&#8243; custom_margin=&#8221;10px|10px|10px|10px|false|false&#8221; custom_margin_tablet=&#8221;&#8221; custom_margin_phone=&#8221;|10px||10px|false|false&#8221; custom_margin_last_edited=&#8221;on|phone&#8221; global_colors_info=&#8221;{}&#8221;][\/et_pb_image][et_pb_text admin_label=&#8221;MARXES PER LA PAU&#8221; _builder_version=&#8221;4.27.4&#8243; custom_margin=&#8221;20px||20px||false|false&#8221; global_colors_info=&#8221;{}&#8221;]<\/p>\n<h3 style=\"text-align: center\">DENIP<br \/>MARXES PER LA PAU<\/h3>\n<p>[\/et_pb_text][et_pb_button button_url=&#8221;https:\/\/fundesplai.org\/marxa-per-la-pau\/reptes-collectius\/repte-denip-marxes-pau\/&#8221; button_text=&#8221;Activitats DENIP&#8221; button_alignment=&#8221;center&#8221; disabled_on=&#8221;off|off|off&#8221; _builder_version=&#8221;4.27.5&#8243; _module_preset=&#8221;default&#8221; custom_margin=&#8221;30px||||false|false&#8221; hover_enabled=&#8221;0&#8243; global_colors_info=&#8221;{}&#8221; sticky_enabled=&#8221;0&#8243;][\/et_pb_button][et_pb_text _builder_version=&#8221;4.27.4&#8243; _module_preset=&#8221;default&#8221; global_colors_info=&#8221;{}&#8221; disabled_on=&#8221;on|on|on&#8221; disabled=&#8221;on&#8221;]<\/p>\n<p class=\"gmail-paragraph\" style=\"text-align: center\">En el DENIP impulsarem trobades territorials on infants i joves puguin <strong>caminar conjuntament per la Pau<\/strong>.<\/p>\n<p>[\/et_pb_text][\/et_pb_column][\/et_pb_row][\/et_pb_section][et_pb_section fb_built=&#8221;1&#8243; admin_label=&#8221;Section&#8221; _builder_version=&#8221;4.16&#8243; locked=&#8221;off&#8221; collapsed=&#8221;off&#8221; global_colors_info=&#8221;{}&#8221;][et_pb_row _builder_version=&#8221;4.16&#8243; module_alignment=&#8221;center&#8221; custom_margin=&#8221;50px||50px||true|false&#8221; custom_margin_tablet=&#8221;&#8221; custom_margin_phone=&#8221;10px||10px||false|false&#8221; custom_margin_last_edited=&#8221;on|phone&#8221; locked=&#8221;off&#8221; global_colors_info=&#8221;{}&#8221;][et_pb_column type=&#8221;4_4&#8243; _builder_version=&#8221;4.16&#8243; global_colors_info=&#8221;{}&#8221;][et_pb_text admin_label=&#8221;ALTRES ELEMENTS CLAU&#8221; _builder_version=&#8221;4.21.0&#8243; global_colors_info=&#8221;{}&#8221;]<\/p>\n<h2 style=\"text-align: center\">Altres elements clau<\/h2>\n<p>[\/et_pb_text][\/et_pb_column][\/et_pb_row][et_pb_row column_structure=&#8221;1_3,1_3,1_3&#8243; make_equal=&#8221;on&#8221; _builder_version=&#8221;4.27.4&#8243; background_image=&#8221;https:\/\/fundesplai.org\/mcm\/wp-content\/uploads\/sites\/25\/2021\/08\/eix-animacio-Fundesplai-proposta-alimentacio.jpg&#8221; width=&#8221;100%&#8221; max_width=&#8221;2559px&#8221; custom_margin=&#8221;50px||50px||true|false&#8221; custom_margin_tablet=&#8221;&#8221; custom_margin_phone=&#8221;||||true&#8221; custom_margin_last_edited=&#8221;on|phone&#8221; locked=&#8221;off&#8221; global_colors_info=&#8221;{}&#8221;][et_pb_column type=&#8221;1_3&#8243; _builder_version=&#8221;4.21.0&#8243; background_image=&#8221;https:\/\/fundesplai.org\/en-veu-i-en-peu\/wp-content\/uploads\/sites\/36\/2023\/07\/Destacat_quadern_Estima_Fundesplai.jpg&#8221; global_colors_info=&#8221;{}&#8221;][et_pb_cta title=&#8221;Quadern pedag\u00f2gic&#8221; button_url=&#8221;https:\/\/fundesplai.org\/en-veu-i-en-peu\/quadern-pedagogic\/&#8221; button_text=&#8221; +&#8221; admin_label=&#8221;QUADERN&#8221; _builder_version=&#8221;4.27.4&#8243; header_level=&#8221;h1&#8243; header_font=&#8221;|600|||||||&#8221; header_text_align=&#8221;center&#8221; body_font=&#8221;|600|||||||&#8221; background_enable_color=&#8221;off&#8221; background_enable_image=&#8221;off&#8221; custom_button=&#8221;on&#8221; button_text_size=&#8221;17px&#8221; button_border_width=&#8221;0px&#8221; button_border_radius=&#8221;33px&#8221; button_use_icon=&#8221;off&#8221; button_alignment=&#8221;center&#8221; animation_style=&#8221;zoom&#8221; animation_direction=&#8221;bottom&#8221; animation_starting_opacity=&#8221;56%&#8221; link_option_url=&#8221;https:\/\/fundesplai.org\/en-veu-i-en-peu\/quadern-pedagogic\/&#8221; header_text_shadow_style=&#8221;preset3&#8243; header_text_shadow_color=&#8221;#000000&#8243; text_shadow_style=&#8221;preset3&#8243; text_shadow_blur_strength=&#8221;0.02em&#8221; text_shadow_color=&#8221;#000000&#8243; global_colors_info=&#8221;{}&#8221;]<\/p>\n<p style=\"text-align: center\">Encara no te l\u2019has llegit? Te\u2019l pots descarregar per aprofundir en les tem\u00e0tiques de la proposta educativa i aclarir conceptes.<\/p>\n<p>[\/et_pb_cta][\/et_pb_column][et_pb_column type=&#8221;1_3&#8243; _builder_version=&#8221;4.27.4&#8243; background_image=&#8221;https:\/\/fundesplai.org\/marxa-per-la-pau\/wp-content\/uploads\/sites\/36\/2025\/09\/eix_animacio_salam2.webp&#8221; global_colors_info=&#8221;{}&#8221;][et_pb_cta title=&#8221;Eix d&#8217;animaci\u00f3&#8221; button_url=&#8221;https:\/\/fundesplai.org\/en-veu-i-en-peu\/eix-danimacio\/&#8221; button_text=&#8221; +&#8221; admin_label=&#8221;EIX d&#8217;ANIMACI\u00d3&#8221; _builder_version=&#8221;4.27.4&#8243; header_level=&#8221;h1&#8243; header_font=&#8221;|600|||||||&#8221; header_text_align=&#8221;center&#8221; body_font=&#8221;|600|||||||&#8221; background_enable_color=&#8221;off&#8221; background_enable_image=&#8221;off&#8221; custom_button=&#8221;on&#8221; button_text_size=&#8221;17px&#8221; button_border_width=&#8221;0px&#8221; button_border_radius=&#8221;33px&#8221; button_use_icon=&#8221;off&#8221; button_alignment=&#8221;center&#8221; animation_style=&#8221;zoom&#8221; animation_direction=&#8221;bottom&#8221; animation_starting_opacity=&#8221;56%&#8221; link_option_url=&#8221;https:\/\/fundesplai.org\/en-veu-i-en-peu\/eix-danimacio\/&#8221; header_text_shadow_style=&#8221;preset3&#8243; header_text_shadow_color=&#8221;#000000&#8243; text_shadow_style=&#8221;preset3&#8243; text_shadow_blur_strength=&#8221;0.02em&#8221; text_shadow_color=&#8221;#000000&#8243; locked=&#8221;off&#8221; global_colors_info=&#8221;{}&#8221;]<\/p>\n<p>La Salam, la ChronoPAX i les propostes d&#8217;activisme digital ens acompanyaran en aquest viatge.<\/p>\n<p>[\/et_pb_cta][\/et_pb_column][et_pb_column type=&#8221;1_3&#8243; _builder_version=&#8221;4.27.4&#8243; background_image=&#8221;https:\/\/fundesplai.org\/marxa-per-la-pau\/wp-content\/uploads\/sites\/36\/2023\/07\/Destacat_activitats_Estima_Fundesplai.jpg&#8221; global_colors_info=&#8221;{}&#8221;][et_pb_cta title=&#8221;Activitats&#8221; button_url=&#8221;https:\/\/fundesplai.org\/en-veu-i-en-peu\/activitats\/&#8221; button_text=&#8221; +&#8221; admin_label=&#8221;ACTIVITATS&#8221; _builder_version=&#8221;4.27.4&#8243; header_level=&#8221;h1&#8243; header_font=&#8221;|600|||||||&#8221; header_text_align=&#8221;center&#8221; body_font=&#8221;|600|||||||&#8221; background_enable_color=&#8221;off&#8221; background_enable_image=&#8221;off&#8221; custom_button=&#8221;on&#8221; button_text_size=&#8221;17px&#8221; button_border_width=&#8221;0px&#8221; button_border_radius=&#8221;33px&#8221; button_use_icon=&#8221;off&#8221; button_alignment=&#8221;center&#8221; animation_style=&#8221;zoom&#8221; animation_direction=&#8221;bottom&#8221; animation_starting_opacity=&#8221;56%&#8221; link_option_url=&#8221;https:\/\/fundesplai.org\/en-veu-i-en-peu\/activitats\/&#8221; header_text_shadow_style=&#8221;preset3&#8243; header_text_shadow_color=&#8221;#000000&#8243; text_shadow_style=&#8221;preset3&#8243; text_shadow_blur_strength=&#8221;0.02em&#8221; text_shadow_color=&#8221;#000000&#8243; locked=&#8221;off&#8221; global_colors_info=&#8221;{}&#8221;]<\/p>\n<p>Activitats de lleure per a totes les edats enfocades a aprofundir en la proposta educativa.<\/p>\n<p>[\/et_pb_cta][\/et_pb_column][\/et_pb_row][\/et_pb_section][et_pb_section fb_built=&#8221;1&#8243; disabled_on=&#8221;off|off|off&#8221; admin_label=&#8221;Section&#8221; _builder_version=&#8221;4.16&#8243; global_module=&#8221;2343&#8243; locked=&#8221;off&#8221; collapsed=&#8221;off&#8221; global_colors_info=&#8221;{}&#8221;][et_pb_row _builder_version=&#8221;4.16&#8243; custom_margin=&#8221;50px||50px||true|false&#8221; custom_margin_tablet=&#8221;&#8221; custom_margin_phone=&#8221;30px||30px||true|false&#8221; custom_margin_last_edited=&#8221;on|desktop&#8221; global_colors_info=&#8221;{}&#8221;][et_pb_column type=&#8221;4_4&#8243; _builder_version=&#8221;4.16&#8243; global_colors_info=&#8221;{}&#8221;][et_pb_text admin_label=&#8221;AMB LA COL\u00b7LABORACI\u00f3 DE&#8221; _builder_version=&#8221;4.19.0&#8243; global_colors_info=&#8221;{}&#8221;]<\/p>\n<h2 style=\"text-align: center\">Amb la col\u00b7laboraci\u00f3 de<\/h2>\n<p>[\/et_pb_text][\/et_pb_column][\/et_pb_row][et_pb_row column_structure=&#8221;1_5,1_5,1_5,1_5,1_5&#8243; admin_label=&#8221;Row col\u00b7laboracions&#8221; _builder_version=&#8221;4.16&#8243; custom_margin=&#8221;50px||50px||true|false&#8221; custom_margin_tablet=&#8221;&#8221; custom_margin_phone=&#8221;30px||30px||true|false&#8221; custom_margin_last_edited=&#8221;on|phone&#8221; locked=&#8221;off&#8221; global_colors_info=&#8221;{}&#8221;][et_pb_column type=&#8221;1_5&#8243; _builder_version=&#8221;4.16&#8243; global_colors_info=&#8221;{}&#8221;][et_pb_image src=&#8221;https:\/\/fundesplai.org\/marxa-per-la-pau\/wp-content\/uploads\/sites\/36\/2023\/07\/Logo-agencia-catalana-cooperacio-desenvolupament.webp&#8221; alt=&#8221;Logo agencia catalana cooperaci\u00f3 desenvolupament&#8221; title_text=&#8221;Logo agencia catalana cooperaci\u00f3 desenvolupament&#8221; _builder_version=&#8221;4.27.4&#8243; custom_margin=&#8221;|30px||30px|false|true&#8221; global_colors_info=&#8221;{}&#8221;][\/et_pb_image][\/et_pb_column][et_pb_column type=&#8221;1_5&#8243; _builder_version=&#8221;4.16&#8243; global_colors_info=&#8221;{}&#8221;][et_pb_image src=&#8221;https:\/\/fundesplai.org\/marxa-per-la-pau\/wp-content\/uploads\/sites\/36\/2023\/07\/Logo_generalitat_catalunya.webp&#8221; alt=&#8221;Logo_generalitat_catalunya&#8221; title_text=&#8221;Logo_generalitat_catalunya&#8221; _builder_version=&#8221;4.27.4&#8243; custom_margin=&#8221;|30px||30px|false|true&#8221; global_colors_info=&#8221;{}&#8221;][\/et_pb_image][\/et_pb_column][et_pb_column type=&#8221;1_5&#8243; _builder_version=&#8221;4.16&#8243; global_colors_info=&#8221;{}&#8221;][et_pb_image src=&#8221;https:\/\/fundesplai.org\/marxa-per-la-pau\/wp-content\/uploads\/sites\/36\/2023\/07\/Ajuntament-de-barcelona.webp&#8221; alt=&#8221;Logo de l&#8217;Ajuntament de Barcelona&#8221; title_text=&#8221;Ajuntament-de-barcelona&#8221; _builder_version=&#8221;4.27.4&#8243; custom_margin=&#8221;|30px||30px|false|true&#8221; global_colors_info=&#8221;{}&#8221;][\/et_pb_image][\/et_pb_column][et_pb_column type=&#8221;1_5&#8243; _builder_version=&#8221;4.16&#8243; global_colors_info=&#8221;{}&#8221;][et_pb_image src=&#8221;https:\/\/fundesplai.org\/marxa-per-la-pau\/wp-content\/uploads\/sites\/36\/2023\/07\/Diputacio-de-barcelona.webp&#8221; title_text=&#8221;Diputacio-de-barcelona&#8221; _builder_version=&#8221;4.27.4&#8243; custom_margin=&#8221;|30px||30px|false|true&#8221; global_colors_info=&#8221;{}&#8221;][\/et_pb_image][\/et_pb_column][et_pb_column type=&#8221;1_5&#8243; _builder_version=&#8221;4.16&#8243; global_colors_info=&#8221;{}&#8221;][et_pb_image src=&#8221;https:\/\/fundesplai.org\/marxa-per-la-pau\/wp-content\/uploads\/sites\/36\/2023\/07\/agenda2030_logo.webp&#8221; alt=&#8221;Logo de l&#8217;Agenda 2030 per a Catalunya&#8221; title_text=&#8221;agenda2030_logo&#8221; _builder_version=&#8221;4.27.4&#8243; custom_margin=&#8221;|30px||30px|false|true&#8221; global_colors_info=&#8221;{}&#8221;][\/et_pb_image][\/et_pb_column][\/et_pb_row][\/et_pb_section]<\/p>\n","protected":false},"excerpt":{"rendered":"<p>Reptes col\u00b7lectiusEls reptes col\u00b7lectius s\u00f3n accions col\u00b7lectives basades en la metodologia de l&#8217;Aprenentatge i Servei (ApS) que estan vinculades a la proposta educativa i mobilitzen els infants, joves i fam\u00edlies dels esplais, el temps del migdia, etc. Com m\u00e9s siguem, m\u00e9s riurem i m\u00e9s for\u00e7a tindrem!20NDRETS DELS INFANTSAccions de divulgaci\u00f3 dels drets de l\u2019infant i [&hellip;]<\/p>\n","protected":false},"author":4,"featured_media":2369,"parent":0,"menu_order":0,"comment_status":"closed","ping_status":"closed","template":"","meta":{"_et_pb_use_builder":"on","_et_pb_old_content":"","_et_gb_content_width":"","footnotes":""},"class_list":["post-28","page","type-page","status-publish","has-post-thumbnail","hentry"],"yoast_head":"<!-- This site is optimized with the Yoast SEO plugin v27.3 - https:\/\/yoast.com\/product\/yoast-seo-wordpress\/ -->\n<title>Reptes col\u00b7lectius - Marxa per la Pau<\/title>\n<meta name=\"robots\" content=\"index, follow, max-snippet:-1, max-image-preview:large, max-video-preview:-1\" \/>\n<link rel=\"canonical\" href=\"https:\/\/fundesplai.org\/marxa-per-la-pau\/reptes-collectius\/\" \/>\n<meta property=\"og:locale\" content=\"ca_ES\" \/>\n<meta property=\"og:type\" content=\"article\" \/>\n<meta property=\"og:title\" content=\"Reptes col\u00b7lectius - Marxa per la Pau\" \/>\n<meta property=\"og:description\" content=\"Reptes col\u00b7lectiusEls reptes col\u00b7lectius s\u00f3n accions col\u00b7lectives basades en la metodologia de l&#039;Aprenentatge i Servei (ApS) que estan vinculades a la proposta educativa i mobilitzen els infants, joves i fam\u00edlies dels esplais, el temps del migdia, etc. Com m\u00e9s siguem, m\u00e9s riurem i m\u00e9s for\u00e7a tindrem!20NDRETS DELS INFANTSAccions de divulgaci\u00f3 dels drets de l\u2019infant i [&hellip;]\" \/>\n<meta property=\"og:url\" content=\"https:\/\/fundesplai.org\/marxa-per-la-pau\/reptes-collectius\/\" \/>\n<meta property=\"og:site_name\" content=\"Marxa per la Pau\" \/>\n<meta property=\"article:modified_time\" content=\"2026-01-19T14:13:27+00:00\" \/>\n<meta property=\"og:image\" content=\"https:\/\/fundesplai.org\/marxa-per-la-pau\/wp-content\/uploads\/sites\/36\/2023\/07\/Reptes_proposta_Estima_Fundesplai.jpg\" \/>\n\t<meta property=\"og:image:width\" content=\"1888\" \/>\n\t<meta property=\"og:image:height\" content=\"1276\" \/>\n\t<meta property=\"og:image:type\" content=\"image\/jpeg\" \/>\n<meta name=\"twitter:card\" content=\"summary_large_image\" \/>\n<meta name=\"twitter:label1\" content=\"Temps estimat de lectura\" \/>\n\t<meta name=\"twitter:data1\" content=\"3 minuts\" \/>\n<script type=\"application\/ld+json\" class=\"yoast-schema-graph\">{\"@context\":\"https:\\\/\\\/schema.org\",\"@graph\":[{\"@type\":\"WebPage\",\"@id\":\"https:\\\/\\\/fundesplai.org\\\/marxa-per-la-pau\\\/reptes-collectius\\\/\",\"url\":\"https:\\\/\\\/fundesplai.org\\\/marxa-per-la-pau\\\/reptes-collectius\\\/\",\"name\":\"Reptes col\u00b7lectius - Marxa per la Pau\",\"isPartOf\":{\"@id\":\"https:\\\/\\\/fundesplai.org\\\/marxa-per-la-pau\\\/#website\"},\"primaryImageOfPage\":{\"@id\":\"https:\\\/\\\/fundesplai.org\\\/marxa-per-la-pau\\\/reptes-collectius\\\/#primaryimage\"},\"image\":{\"@id\":\"https:\\\/\\\/fundesplai.org\\\/marxa-per-la-pau\\\/reptes-collectius\\\/#primaryimage\"},\"thumbnailUrl\":\"https:\\\/\\\/fundesplai.org\\\/marxa-per-la-pau\\\/wp-content\\\/uploads\\\/sites\\\/36\\\/2023\\\/07\\\/Reptes_proposta_Estima_Fundesplai.jpg\",\"datePublished\":\"2019-07-17T12:53:05+00:00\",\"dateModified\":\"2026-01-19T14:13:27+00:00\",\"breadcrumb\":{\"@id\":\"https:\\\/\\\/fundesplai.org\\\/marxa-per-la-pau\\\/reptes-collectius\\\/#breadcrumb\"},\"inLanguage\":\"ca\",\"potentialAction\":[{\"@type\":\"ReadAction\",\"target\":[\"https:\\\/\\\/fundesplai.org\\\/marxa-per-la-pau\\\/reptes-collectius\\\/\"]}]},{\"@type\":\"ImageObject\",\"inLanguage\":\"ca\",\"@id\":\"https:\\\/\\\/fundesplai.org\\\/marxa-per-la-pau\\\/reptes-collectius\\\/#primaryimage\",\"url\":\"https:\\\/\\\/fundesplai.org\\\/marxa-per-la-pau\\\/wp-content\\\/uploads\\\/sites\\\/36\\\/2023\\\/07\\\/Reptes_proposta_Estima_Fundesplai.jpg\",\"contentUrl\":\"https:\\\/\\\/fundesplai.org\\\/marxa-per-la-pau\\\/wp-content\\\/uploads\\\/sites\\\/36\\\/2023\\\/07\\\/Reptes_proposta_Estima_Fundesplai.jpg\",\"width\":1888,\"height\":1276},{\"@type\":\"BreadcrumbList\",\"@id\":\"https:\\\/\\\/fundesplai.org\\\/marxa-per-la-pau\\\/reptes-collectius\\\/#breadcrumb\",\"itemListElement\":[{\"@type\":\"ListItem\",\"position\":1,\"name\":\"Inici\",\"item\":\"\\\/\"},{\"@type\":\"ListItem\",\"position\":2,\"name\":\"Marxa per la Pau\",\"item\":\"https:\\\/\\\/fundesplai.org\\\/marxa-per-la-pau\"},{\"@type\":\"ListItem\",\"position\":3,\"name\":\"Reptes col\u00b7lectius\"}]},{\"@type\":\"WebSite\",\"@id\":\"https:\\\/\\\/fundesplai.org\\\/marxa-per-la-pau\\\/#website\",\"url\":\"https:\\\/\\\/fundesplai.org\\\/marxa-per-la-pau\\\/\",\"name\":\"Marxa per la Pau\",\"description\":\"\",\"potentialAction\":[{\"@type\":\"SearchAction\",\"target\":{\"@type\":\"EntryPoint\",\"urlTemplate\":\"https:\\\/\\\/fundesplai.org\\\/marxa-per-la-pau\\\/?s={search_term_string}\"},\"query-input\":{\"@type\":\"PropertyValueSpecification\",\"valueRequired\":true,\"valueName\":\"search_term_string\"}}],\"inLanguage\":\"ca\"}]}<\/script>\n<!-- \/ Yoast SEO plugin. -->","yoast_head_json":{"title":"Reptes col\u00b7lectius - Marxa per la Pau","robots":{"index":"index","follow":"follow","max-snippet":"max-snippet:-1","max-image-preview":"max-image-preview:large","max-video-preview":"max-video-preview:-1"},"canonical":"https:\/\/fundesplai.org\/marxa-per-la-pau\/reptes-collectius\/","og_locale":"ca_ES","og_type":"article","og_title":"Reptes col\u00b7lectius - Marxa per la Pau","og_description":"Reptes col\u00b7lectiusEls reptes col\u00b7lectius s\u00f3n accions col\u00b7lectives basades en la metodologia de l'Aprenentatge i Servei (ApS) que estan vinculades a la proposta educativa i mobilitzen els infants, joves i fam\u00edlies dels esplais, el temps del migdia, etc. Com m\u00e9s siguem, m\u00e9s riurem i m\u00e9s for\u00e7a tindrem!20NDRETS DELS INFANTSAccions de divulgaci\u00f3 dels drets de l\u2019infant i [&hellip;]","og_url":"https:\/\/fundesplai.org\/marxa-per-la-pau\/reptes-collectius\/","og_site_name":"Marxa per la Pau","article_modified_time":"2026-01-19T14:13:27+00:00","og_image":[{"width":1888,"height":1276,"url":"https:\/\/fundesplai.org\/marxa-per-la-pau\/wp-content\/uploads\/sites\/36\/2023\/07\/Reptes_proposta_Estima_Fundesplai.jpg","type":"image\/jpeg"}],"twitter_card":"summary_large_image","twitter_misc":{"Temps estimat de lectura":"3 minuts"},"schema":{"@context":"https:\/\/schema.org","@graph":[{"@type":"WebPage","@id":"https:\/\/fundesplai.org\/marxa-per-la-pau\/reptes-collectius\/","url":"https:\/\/fundesplai.org\/marxa-per-la-pau\/reptes-collectius\/","name":"Reptes col\u00b7lectius - Marxa per la Pau","isPartOf":{"@id":"https:\/\/fundesplai.org\/marxa-per-la-pau\/#website"},"primaryImageOfPage":{"@id":"https:\/\/fundesplai.org\/marxa-per-la-pau\/reptes-collectius\/#primaryimage"},"image":{"@id":"https:\/\/fundesplai.org\/marxa-per-la-pau\/reptes-collectius\/#primaryimage"},"thumbnailUrl":"https:\/\/fundesplai.org\/marxa-per-la-pau\/wp-content\/uploads\/sites\/36\/2023\/07\/Reptes_proposta_Estima_Fundesplai.jpg","datePublished":"2019-07-17T12:53:05+00:00","dateModified":"2026-01-19T14:13:27+00:00","breadcrumb":{"@id":"https:\/\/fundesplai.org\/marxa-per-la-pau\/reptes-collectius\/#breadcrumb"},"inLanguage":"ca","potentialAction":[{"@type":"ReadAction","target":["https:\/\/fundesplai.org\/marxa-per-la-pau\/reptes-collectius\/"]}]},{"@type":"ImageObject","inLanguage":"ca","@id":"https:\/\/fundesplai.org\/marxa-per-la-pau\/reptes-collectius\/#primaryimage","url":"https:\/\/fundesplai.org\/marxa-per-la-pau\/wp-content\/uploads\/sites\/36\/2023\/07\/Reptes_proposta_Estima_Fundesplai.jpg","contentUrl":"https:\/\/fundesplai.org\/marxa-per-la-pau\/wp-content\/uploads\/sites\/36\/2023\/07\/Reptes_proposta_Estima_Fundesplai.jpg","width":1888,"height":1276},{"@type":"BreadcrumbList","@id":"https:\/\/fundesplai.org\/marxa-per-la-pau\/reptes-collectius\/#breadcrumb","itemListElement":[{"@type":"ListItem","position":1,"name":"Inici","item":"\/"},{"@type":"ListItem","position":2,"name":"Marxa per la Pau","item":"https:\/\/fundesplai.org\/marxa-per-la-pau"},{"@type":"ListItem","position":3,"name":"Reptes col\u00b7lectius"}]},{"@type":"WebSite","@id":"https:\/\/fundesplai.org\/marxa-per-la-pau\/#website","url":"https:\/\/fundesplai.org\/marxa-per-la-pau\/","name":"Marxa per la Pau","description":"","potentialAction":[{"@type":"SearchAction","target":{"@type":"EntryPoint","urlTemplate":"https:\/\/fundesplai.org\/marxa-per-la-pau\/?s={search_term_string}"},"query-input":{"@type":"PropertyValueSpecification","valueRequired":true,"valueName":"search_term_string"}}],"inLanguage":"ca"}]}},"_links":{"self":[{"href":"https:\/\/fundesplai.org\/marxa-per-la-pau\/wp-json\/wp\/v2\/pages\/28","targetHints":{"allow":["GET"]}}],"collection":[{"href":"https:\/\/fundesplai.org\/marxa-per-la-pau\/wp-json\/wp\/v2\/pages"}],"about":[{"href":"https:\/\/fundesplai.org\/marxa-per-la-pau\/wp-json\/wp\/v2\/types\/page"}],"author":[{"embeddable":true,"href":"https:\/\/fundesplai.org\/marxa-per-la-pau\/wp-json\/wp\/v2\/users\/4"}],"replies":[{"embeddable":true,"href":"https:\/\/fundesplai.org\/marxa-per-la-pau\/wp-json\/wp\/v2\/comments?post=28"}],"version-history":[{"count":56,"href":"https:\/\/fundesplai.org\/marxa-per-la-pau\/wp-json\/wp\/v2\/pages\/28\/revisions"}],"predecessor-version":[{"id":3418,"href":"https:\/\/fundesplai.org\/marxa-per-la-pau\/wp-json\/wp\/v2\/pages\/28\/revisions\/3418"}],"wp:featuredmedia":[{"embeddable":true,"href":"https:\/\/fundesplai.org\/marxa-per-la-pau\/wp-json\/wp\/v2\/media\/2369"}],"wp:attachment":[{"href":"https:\/\/fundesplai.org\/marxa-per-la-pau\/wp-json\/wp\/v2\/media?parent=28"}],"curies":[{"name":"wp","href":"https:\/\/api.w.org\/{rel}","templated":true}]}}