{"id":18,"date":"2019-07-17T14:49:20","date_gmt":"2019-07-17T12:49:20","guid":{"rendered":"http:\/\/projectes.fundesplai.org\/nusos\/?page_id=18"},"modified":"2026-03-20T15:37:41","modified_gmt":"2026-03-20T14:37:41","slug":"inscripcions","status":"publish","type":"page","link":"https:\/\/fundesplai.org\/marxa-per-la-pau\/inscripcions\/","title":{"rendered":"Inscriu-t&#8217;hi"},"content":{"rendered":"<p>[et_pb_section fb_built=&#8221;1&#8243; _builder_version=&#8221;4.16&#8243; global_colors_info=&#8221;{}&#8221;][et_pb_row _builder_version=&#8221;4.16&#8243; custom_margin=&#8221;50px||50px||true|false&#8221; custom_margin_tablet=&#8221;&#8221; custom_margin_phone=&#8221;30px||30px||true|false&#8221; custom_margin_last_edited=&#8221;on|phone&#8221; global_colors_info=&#8221;{}&#8221;][et_pb_column type=&#8221;4_4&#8243; _builder_version=&#8221;4.16&#8243; global_colors_info=&#8221;{}&#8221;][et_pb_text admin_label=&#8221;Inscriu-t&#8217;hi&#8221; _builder_version=&#8221;4.27.5&#8243; global_colors_info=&#8221;{}&#8221;]<\/p>\n<h2 style=\"text-align: center\">Inscriu-t&#8217;hi!<\/h2>\n<p>[\/et_pb_text][\/et_pb_column][\/et_pb_row][\/et_pb_section][et_pb_section fb_built=&#8221;1&#8243; admin_label=&#8221;Section&#8221; _builder_version=&#8221;4.27.5&#8243; locked=&#8221;off&#8221; collapsed=&#8221;off&#8221; global_colors_info=&#8221;{}&#8221;][et_pb_row _builder_version=&#8221;4.27.5&#8243; module_alignment=&#8221;center&#8221; custom_margin=&#8221;50px||50px||true|false&#8221; custom_margin_tablet=&#8221;&#8221; custom_margin_phone=&#8221;0px||0px||false|false&#8221; custom_margin_last_edited=&#8221;on|phone&#8221; locked=&#8221;off&#8221; global_colors_info=&#8221;{}&#8221;][et_pb_column type=&#8221;4_4&#8243; _builder_version=&#8221;4.16&#8243; global_colors_info=&#8221;{}&#8221;][et_pb_text disabled_on=&#8221;on|on|on&#8221; admin_label=&#8221;formulari&#8221; _builder_version=&#8221;4.27.5&#8243; disabled=&#8221;on&#8221; global_colors_info=&#8221;{}&#8221;]<\/p>\n\n<p>[\/et_pb_text][et_pb_text _builder_version=&#8221;4.27.5&#8243; _module_preset=&#8221;default&#8221; custom_margin=&#8221;||||false|false&#8221; hover_enabled=&#8221;0&#8243; border_radii=&#8221;on|5px|5px|5px|5px&#8221; border_width_all=&#8221;3px&#8221; border_color_all=&#8221;#dcdc1c&#8221; global_colors_info=&#8221;{}&#8221; sticky_enabled=&#8221;0&#8243;]<\/p>\n<p style=\"text-align: center\"><strong>Per motius organitzatius el registre d&#8217;inscripcions ja est\u00e0 tancat. Pots sumarte a la marxa de manera lliure per revindicar la Pau de totes maneres, per\u00f2 no podr\u00e0s gaudir de l&#8217;obsequi de la botifarra en arribar a la pla\u00e7a de Sant Boi. Disculpa les mol\u00e8sties.\u00a0<\/strong><\/p>\n<p style=\"text-align: center\"><strong>T&#8217;hi esperem!<\/strong><\/p>\n<p>[\/et_pb_text][\/et_pb_column][\/et_pb_row][et_pb_row column_structure=&#8221;1_3,2_3&#8243; admin_label=&#8221;Row Whatsapp&#8221; _builder_version=&#8221;4.27.5&#8243; _module_preset=&#8221;default&#8221; custom_margin=&#8221;50px||||false|false&#8221; locked=&#8221;off&#8221; global_colors_info=&#8221;{}&#8221;][et_pb_column type=&#8221;1_3&#8243; _builder_version=&#8221;4.27.5&#8243; _module_preset=&#8221;default&#8221; global_colors_info=&#8221;{}&#8221;][et_pb_image src=&#8221;https:\/\/fundesplai.org\/marxa-per-la-pau\/wp-content\/uploads\/sites\/36\/2026\/02\/Difusio-canal-whatsapp-3.png&#8221; title_text=&#8221;Difusio-canal-whatsapp-3&#8243; url=&#8221;https:\/\/whatsapp.com\/channel\/0029VbByk1P7tkjHdnaIkx3V&#8221; align=&#8221;center&#8221; _builder_version=&#8221;4.27.5&#8243; _module_preset=&#8221;default&#8221; width=&#8221;60%&#8221; global_colors_info=&#8221;{}&#8221;][\/et_pb_image][\/et_pb_column][et_pb_column type=&#8221;2_3&#8243; _builder_version=&#8221;4.27.5&#8243; _module_preset=&#8221;default&#8221; global_colors_info=&#8221;{}&#8221;][et_pb_text _builder_version=&#8221;4.27.5&#8243; _module_preset=&#8221;default&#8221; text_text_color=&#8221;#000000&#8243; custom_margin=&#8221;20px||||false|false&#8221; global_colors_info=&#8221;{}&#8221;]<\/p>\n<p style=\"text-align: left\"><strong>SEGUEIX EL CANAL DE WHATSAPP<\/strong><\/p>\n<p style=\"text-align: left\">Si ja t&#8217;has inscrit a la Marxa per la Pau \u00e9s important\u00edssim que et sumis al <strong><a href=\"https:\/\/whatsapp.com\/channel\/0029VbByk1P7tkjHdnaIkx3V\">canal de Whatsapp<\/a><\/strong> per seguir les novetats en directe: horaris, recorreguts, not\u00edcies d&#8217;\u00faltima hora, canvis, incid\u00e8ncies,&#8230;<\/p>\n<p style=\"text-align: left\"><a href=\"https:\/\/whatsapp.com\/channel\/0029VbByk1P7tkjHdnaIkx3V\"><strong>&gt; Enlla\u00e7 per unir-te al canal Whatsapp Marxa per la Pau<\/strong><\/a><\/p>\n<p>[\/et_pb_text][\/et_pb_column][\/et_pb_row][et_pb_row admin_label=&#8221;Row Mail&#8221; _builder_version=&#8221;4.27.5&#8243; _module_preset=&#8221;default&#8221; custom_margin=&#8221;50px||||false|false&#8221; locked=&#8221;off&#8221; global_colors_info=&#8221;{}&#8221;][et_pb_column type=&#8221;4_4&#8243; _builder_version=&#8221;4.27.5&#8243; _module_preset=&#8221;default&#8221; global_colors_info=&#8221;{}&#8221;][et_pb_text admin_label=&#8221;Mail&#8221; _builder_version=&#8221;4.27.5&#8243; _module_preset=&#8221;default&#8221; custom_margin=&#8221;40px||||false|false&#8221; global_colors_info=&#8221;{}&#8221;]<\/p>\n<p>Si encara et queda algun dubte concret, ens pots escriure a <strong>marxaperlapau@fundesplai.org<\/strong><\/p>\n<p>T&#8217;esperem al punt d&#8217;inici que hagis triat el mateix dia <strong>22 de mar\u00e7<\/strong> de 2026 a l&#8217;hora convinguda segons l&#8217;itinerari.<\/p>\n<p>Recorda que \u00e9s una activitat f\u00edsica al medi natural i per assegurar una bona experi\u00e8ncia cal portar aigua, roba c\u00f2mode, cal\u00e7at c\u00f2mode, i tot el que puguis necessitar durant la marxa, i sobretot, moltes ganes de caminar, de passar-ho b\u00e9 i de reivindicar la pau de manera col\u00b7lectiva i contundent.<\/p>\n<p>[\/et_pb_text][\/et_pb_column][\/et_pb_row][et_pb_row column_structure=&#8221;1_3,2_3&#8243; admin_label=&#8221;Row ROBA BLANCA&#8221; _builder_version=&#8221;4.27.5&#8243; _module_preset=&#8221;default&#8221; custom_margin=&#8221;40px||||false|false&#8221; locked=&#8221;off&#8221; global_colors_info=&#8221;{}&#8221;][et_pb_column type=&#8221;1_3&#8243; _builder_version=&#8221;4.27.5&#8243; _module_preset=&#8221;default&#8221; global_colors_info=&#8221;{}&#8221;][et_pb_image src=&#8221;https:\/\/fundesplai.org\/marxa-per-la-pau\/wp-content\/uploads\/sites\/36\/2026\/02\/Samarreta-blanca_marxa-pau_fundesplai.png&#8221; title_text=&#8221;Samarreta blanca_marxa pau_fundesplai&#8221; align=&#8221;center&#8221; _builder_version=&#8221;4.27.5&#8243; _module_preset=&#8221;default&#8221; global_colors_info=&#8221;{}&#8221;][\/et_pb_image][\/et_pb_column][et_pb_column type=&#8221;2_3&#8243; _builder_version=&#8221;4.27.5&#8243; _module_preset=&#8221;default&#8221; global_colors_info=&#8221;{}&#8221;][et_pb_text _builder_version=&#8221;4.27.5&#8243; _module_preset=&#8221;default&#8221; text_text_color=&#8221;#000000&#8243; text_font_size=&#8221;22px&#8221; custom_margin=&#8221;20px||||false|false&#8221; global_colors_info=&#8221;{}&#8221;]<\/p>\n<p><strong>EL BLANC \u00c9S EL COLOR DE LA PAU<\/strong><br \/>Si us plau, vine amb <strong>roba blanca a la part de dalt del cos<\/strong> (Jersei, jaqueta, samarreta,&#8230;) perqu\u00e8 puguem representar una marxa blanca com a s\u00edmbol de la Pau.<\/p>\n<p>[\/et_pb_text][\/et_pb_column][\/et_pb_row][et_pb_row _builder_version=&#8221;4.27.5&#8243; _module_preset=&#8221;default&#8221; custom_margin=&#8221;40px||50px||false|false&#8221; locked=&#8221;off&#8221; global_colors_info=&#8221;{}&#8221;][et_pb_column type=&#8221;4_4&#8243; _builder_version=&#8221;4.27.5&#8243; _module_preset=&#8221;default&#8221; global_colors_info=&#8221;{}&#8221;][et_pb_text _builder_version=&#8221;4.27.5&#8243; _module_preset=&#8221;default&#8221; text_font_size=&#8221;22px&#8221; global_colors_info=&#8221;{}&#8221;]<\/p>\n<p style=\"text-align: center\"><strong>Ens veiem el dia 22 de mar\u00e7!<\/strong><\/p>\n<p>[\/et_pb_text][\/et_pb_column][\/et_pb_row][\/et_pb_section][et_pb_section fb_built=&#8221;1&#8243; disabled_on=&#8221;off|off|off&#8221; admin_label=&#8221;Section COL\u00b7LABORACI\u00d3&#8221; _builder_version=&#8221;4.27.5&#8243; width_tablet=&#8221;&#8221; width_phone=&#8221;&#8221; width_last_edited=&#8221;on|phone&#8221; custom_margin=&#8221;40px||40px||false|false&#8221; global_module=&#8221;2343&#8243; locked=&#8221;off&#8221; collapsed=&#8221;off&#8221; global_colors_info=&#8221;{}&#8221;][et_pb_row _builder_version=&#8221;4.27.5&#8243; custom_margin=&#8221;50px||30px||false|false&#8221; custom_margin_tablet=&#8221;&#8221; custom_margin_phone=&#8221;30px||30px||true|false&#8221; custom_margin_last_edited=&#8221;on|desktop&#8221; global_colors_info=&#8221;{}&#8221;][et_pb_column type=&#8221;4_4&#8243; _builder_version=&#8221;4.16&#8243; global_colors_info=&#8221;{}&#8221;][et_pb_text admin_label=&#8221;AMB LA COL\u00b7LABORACI\u00f3 DE&#8221; _builder_version=&#8221;4.27.5&#8243; header_text_align=&#8221;center&#8221; text_orientation=&#8221;center&#8221; global_colors_info=&#8221;{}&#8221;]<\/p>\n<h2 style=\"text-align: center\">Amb la col\u00b7laboraci\u00f3 de<\/h2>\n<p>[\/et_pb_text][\/et_pb_column][\/et_pb_row][et_pb_row column_structure=&#8221;1_5,1_5,1_5,1_5,1_5&#8243; disabled_on=&#8221;on|on|on&#8221; admin_label=&#8221;Row col\u00b7laboracions&#8221; _builder_version=&#8221;4.27.5&#8243; width_tablet=&#8221;&#8221; width_phone=&#8221;70%&#8221; width_last_edited=&#8221;on|desktop&#8221; custom_margin=&#8221;0px||0px||true|false&#8221; custom_margin_tablet=&#8221;0px||0px||true|false&#8221; custom_margin_phone=&#8221;0px||0px||false|false&#8221; custom_margin_last_edited=&#8221;on|phone&#8221; disabled=&#8221;on&#8221; locked=&#8221;off&#8221; global_colors_info=&#8221;{}&#8221;][et_pb_column type=&#8221;1_5&#8243; _builder_version=&#8221;4.16&#8243; global_colors_info=&#8221;{}&#8221;][et_pb_image src=&#8221;https:\/\/fundesplai.org\/marxa-per-la-pau\/wp-content\/uploads\/sites\/36\/2023\/07\/Logo-agencia-catalana-cooperacio-desenvolupament.webp&#8221; alt=&#8221;Logo agencia catalana cooperaci\u00f3 desenvolupament&#8221; title_text=&#8221;Logo agencia catalana cooperaci\u00f3 desenvolupament&#8221; _builder_version=&#8221;4.27.5&#8243; custom_margin=&#8221;10px|30px|10px|30px|false|true&#8221; global_colors_info=&#8221;{}&#8221;][\/et_pb_image][\/et_pb_column][et_pb_column type=&#8221;1_5&#8243; _builder_version=&#8221;4.16&#8243; global_colors_info=&#8221;{}&#8221;][et_pb_image src=&#8221;https:\/\/fundesplai.org\/marxa-per-la-pau\/wp-content\/uploads\/sites\/36\/2023\/07\/Logo_generalitat_catalunya.webp&#8221; alt=&#8221;Logo_generalitat_catalunya&#8221; title_text=&#8221;Logo_generalitat_catalunya&#8221; _builder_version=&#8221;4.27.4&#8243; custom_margin=&#8221;10px|30px|10px|30px|false|true&#8221; global_colors_info=&#8221;{}&#8221;][\/et_pb_image][\/et_pb_column][et_pb_column type=&#8221;1_5&#8243; _builder_version=&#8221;4.16&#8243; global_colors_info=&#8221;{}&#8221;][et_pb_image src=&#8221;https:\/\/fundesplai.org\/marxa-per-la-pau\/wp-content\/uploads\/sites\/36\/2023\/07\/Ajuntament-de-barcelona.webp&#8221; alt=&#8221;Logo de l&#8217;Ajuntament de Barcelona&#8221; title_text=&#8221;Ajuntament-de-barcelona&#8221; _builder_version=&#8221;4.27.4&#8243; custom_margin=&#8221;10px|30px|10px|30px|false|true&#8221; global_colors_info=&#8221;{}&#8221;][\/et_pb_image][\/et_pb_column][et_pb_column type=&#8221;1_5&#8243; _builder_version=&#8221;4.16&#8243; global_colors_info=&#8221;{}&#8221;][et_pb_image src=&#8221;https:\/\/fundesplai.org\/marxa-per-la-pau\/wp-content\/uploads\/sites\/36\/2023\/07\/Diputacio-de-barcelona.webp&#8221; title_text=&#8221;Diputacio-de-barcelona&#8221; _builder_version=&#8221;4.27.4&#8243; custom_margin=&#8221;10px|30px|10px|30px|false|true&#8221; global_colors_info=&#8221;{}&#8221;][\/et_pb_image][\/et_pb_column][et_pb_column type=&#8221;1_5&#8243; _builder_version=&#8221;4.16&#8243; global_colors_info=&#8221;{}&#8221;][et_pb_image src=&#8221;https:\/\/fundesplai.org\/marxa-per-la-pau\/wp-content\/uploads\/sites\/36\/2023\/07\/agenda2030_logo.webp&#8221; alt=&#8221;Logo de l&#8217;Agenda 2030 per a Catalunya&#8221; title_text=&#8221;agenda2030_logo&#8221; _builder_version=&#8221;4.27.4&#8243; custom_margin=&#8221;10px|30px|10px|30px|false|true&#8221; global_colors_info=&#8221;{}&#8221;][\/et_pb_image][\/et_pb_column][\/et_pb_row][et_pb_row column_structure=&#8221;1_4,1_4,1_4,1_4&#8243; disabled_on=&#8221;off|off|off&#8221; admin_label=&#8221;Row col\u00b7laboracions&#8221; _builder_version=&#8221;4.27.5&#8243; width_tablet=&#8221;&#8221; width_phone=&#8221;70%&#8221; width_last_edited=&#8221;on|desktop&#8221; custom_margin=&#8221;0px||0px||true|false&#8221; custom_margin_tablet=&#8221;0px||0px||true|false&#8221; custom_margin_phone=&#8221;0px||0px||false|false&#8221; custom_margin_last_edited=&#8221;on|phone&#8221; locked=&#8221;off&#8221; global_colors_info=&#8221;{}&#8221;][et_pb_column type=&#8221;1_4&#8243; _builder_version=&#8221;4.16&#8243; global_colors_info=&#8221;{}&#8221;][et_pb_image src=&#8221;https:\/\/fundesplai.org\/marxa-per-la-pau\/wp-content\/uploads\/sites\/36\/2026\/02\/logo-ponts-per-la-pau-web_a.png&#8221; alt=&#8221;Logo agencia catalana cooperaci\u00f3 desenvolupament&#8221; title_text=&#8221;logo-ponts-per-la-pau-web_a&#8221; admin_label=&#8221;Ponts Pau&#8221; _builder_version=&#8221;4.27.5&#8243; custom_margin=&#8221;10px||10px||false|true&#8221; global_colors_info=&#8221;{}&#8221;][\/et_pb_image][\/et_pb_column][et_pb_column type=&#8221;1_4&#8243; _builder_version=&#8221;4.16&#8243; global_colors_info=&#8221;{}&#8221;][et_pb_image src=&#8221;https:\/\/fundesplai.org\/marxa-per-la-pau\/wp-content\/uploads\/sites\/36\/2026\/02\/FUNDIPAU-logo_a.png&#8221; alt=&#8221;Logo_generalitat_catalunya&#8221; title_text=&#8221;FUNDIPAU logo_a&#8221; admin_label=&#8221;Fundipau&#8221; _builder_version=&#8221;4.27.5&#8243; custom_margin=&#8221;10px||10px||false|true&#8221; global_colors_info=&#8221;{}&#8221;][\/et_pb_image][\/et_pb_column][et_pb_column type=&#8221;1_4&#8243; _builder_version=&#8221;4.16&#8243; global_colors_info=&#8221;{}&#8221;][et_pb_image src=&#8221;https:\/\/fundesplai.org\/marxa-per-la-pau\/wp-content\/uploads\/sites\/36\/2026\/02\/logo-Federacio-Catalana-Esplai-2020-1.png&#8221; title_text=&#8221;logo-Federacio-Catalana-Esplai-2020&#8243; admin_label=&#8221;Fede&#8221; _builder_version=&#8221;4.27.5&#8243; custom_margin=&#8221;10px||10px||false|true&#8221; global_colors_info=&#8221;{}&#8221;][\/et_pb_image][\/et_pb_column][et_pb_column type=&#8221;1_4&#8243; _builder_version=&#8221;4.16&#8243; global_colors_info=&#8221;{}&#8221;][et_pb_image src=&#8221;https:\/\/fundesplai.org\/marxa-per-la-pau\/wp-content\/uploads\/sites\/36\/2026\/02\/Logo_parc_agrari_Baix-llobregat_a.png&#8221; alt=&#8221;Logo de l&#8217;Ajuntament de Barcelona&#8221; title_text=&#8221;Logo_parc_agrari_Baix llobregat_a&#8221; admin_label=&#8221;Parc Agrari&#8221; _builder_version=&#8221;4.27.5&#8243; custom_margin=&#8221;10px||10px||false|true&#8221; global_colors_info=&#8221;{}&#8221;][\/et_pb_image][\/et_pb_column][\/et_pb_row][et_pb_row column_structure=&#8221;1_3,1_3,1_3&#8243; disabled_on=&#8221;off|off|off&#8221; admin_label=&#8221;Row col\u00b7laboracions&#8221; _builder_version=&#8221;4.27.5&#8243; width_tablet=&#8221;&#8221; width_phone=&#8221;70%&#8221; width_last_edited=&#8221;on|desktop&#8221; custom_margin=&#8221;0px||0px||true|false&#8221; custom_margin_tablet=&#8221;0px||0px||true|false&#8221; custom_margin_phone=&#8221;100px||0px||false|false&#8221; custom_margin_last_edited=&#8221;on|phone&#8221; locked=&#8221;off&#8221; global_colors_info=&#8221;{}&#8221;][et_pb_column type=&#8221;1_3&#8243; _builder_version=&#8221;4.16&#8243; global_colors_info=&#8221;{}&#8221;][et_pb_image src=&#8221;https:\/\/fundesplai.org\/marxa-per-la-pau\/wp-content\/uploads\/sites\/36\/2026\/02\/SantBoi_Logo_a.png&#8221; title_text=&#8221;SantBoi_Logo_a&#8221; admin_label=&#8221;Aj Sant Boi&#8221; _builder_version=&#8221;4.27.5&#8243; custom_margin=&#8221;10px||10px||false|true&#8221; global_colors_info=&#8221;{}&#8221;][\/et_pb_image][\/et_pb_column][et_pb_column type=&#8221;1_3&#8243; _builder_version=&#8221;4.16&#8243; global_colors_info=&#8221;{}&#8221;][et_pb_image src=&#8221;https:\/\/fundesplai.org\/marxa-per-la-pau\/wp-content\/uploads\/sites\/36\/2026\/03\/fgc.jpg&#8221; alt=&#8221;logo ferrocarrils de la generalitat&#8221; title_text=&#8221;logo FGC&#8221; admin_label=&#8221;Ferrocarrils&#8221; _builder_version=&#8221;4.27.5&#8243; width=&#8221;50%&#8221; custom_margin=&#8221;10px||10px|40px|false|false&#8221; global_colors_info=&#8221;{}&#8221;][\/et_pb_image][\/et_pb_column][et_pb_column type=&#8221;1_3&#8243; _builder_version=&#8221;4.16&#8243; global_colors_info=&#8221;{}&#8221;][et_pb_image src=&#8221;https:\/\/fundesplai.org\/marxa-per-la-pau\/wp-content\/uploads\/sites\/36\/2026\/03\/Logo-Generalitat_petit.jpg&#8221; alt=&#8221;logo ferrocarrils de la generalitat&#8221; title_text=&#8221;Logo Generalitat_petit&#8221; admin_label=&#8221;Generalitat&#8221; _builder_version=&#8221;4.27.5&#8243; width=&#8221;50%&#8221; custom_margin=&#8221;10px||10px|40px|false|false&#8221; custom_padding=&#8221;20px||||false|false&#8221; global_colors_info=&#8221;{}&#8221;][\/et_pb_image][\/et_pb_column][\/et_pb_row][\/et_pb_section]<\/p>\n","protected":false},"excerpt":{"rendered":"<p>Inscriu-t&#8217;hi!Per motius organitzatius el registre d&#8217;inscripcions ja est\u00e0 tancat. Pots sumarte a la marxa de manera lliure per revindicar la Pau de totes maneres, per\u00f2 no podr\u00e0s gaudir de l&#8217;obsequi de la botifarra en arribar a la pla\u00e7a de Sant Boi. Disculpa les mol\u00e8sties.\u00a0 T&#8217;hi esperem!SEGUEIX EL CANAL DE WHATSAPP Si ja [&hellip;]<\/p>\n","protected":false},"author":4,"featured_media":0,"parent":0,"menu_order":0,"comment_status":"closed","ping_status":"closed","template":"","meta":{"_et_pb_use_builder":"on","_et_pb_old_content":"","_et_gb_content_width":"","footnotes":""},"class_list":["post-18","page","type-page","status-publish","hentry"],"yoast_head":"<!-- This site is optimized with the Yoast SEO plugin v27.3 - https:\/\/yoast.com\/product\/yoast-seo-wordpress\/ -->\n<title>Inscriu-t&#039;hi - Marxa per la Pau<\/title>\n<meta name=\"robots\" content=\"index, follow, max-snippet:-1, max-image-preview:large, max-video-preview:-1\" \/>\n<link rel=\"canonical\" href=\"https:\/\/fundesplai.org\/marxa-per-la-pau\/inscripcions\/\" \/>\n<meta property=\"og:locale\" content=\"ca_ES\" \/>\n<meta property=\"og:type\" content=\"article\" \/>\n<meta property=\"og:title\" content=\"Inscriu-t&#039;hi - Marxa per la Pau\" \/>\n<meta property=\"og:description\" content=\"Inscriu-t&#039;hi!Per motius organitzatius el registre d&#039;inscripcions ja est\u00e0 tancat. Pots sumarte a la marxa de manera lliure per revindicar la Pau de totes maneres, per\u00f2 no podr\u00e0s gaudir de l&#039;obsequi de la botifarra en arribar a la pla\u00e7a de Sant Boi. Disculpa les mol\u00e8sties.\u00a0 T&#039;hi esperem!SEGUEIX EL CANAL DE WHATSAPP Si ja [&hellip;]\" \/>\n<meta property=\"og:url\" content=\"https:\/\/fundesplai.org\/marxa-per-la-pau\/inscripcions\/\" \/>\n<meta property=\"og:site_name\" content=\"Marxa per la Pau\" \/>\n<meta property=\"article:modified_time\" content=\"2026-03-20T14:37:41+00:00\" \/>\n<meta name=\"twitter:card\" content=\"summary_large_image\" \/>\n<meta name=\"twitter:label1\" content=\"Temps estimat de lectura\" \/>\n\t<meta name=\"twitter:data1\" content=\"4 minuts\" \/>\n<script type=\"application\/ld+json\" class=\"yoast-schema-graph\">{\"@context\":\"https:\\\/\\\/schema.org\",\"@graph\":[{\"@type\":\"WebPage\",\"@id\":\"https:\\\/\\\/fundesplai.org\\\/marxa-per-la-pau\\\/inscripcions\\\/\",\"url\":\"https:\\\/\\\/fundesplai.org\\\/marxa-per-la-pau\\\/inscripcions\\\/\",\"name\":\"Inscriu-t'hi - Marxa per la Pau\",\"isPartOf\":{\"@id\":\"https:\\\/\\\/fundesplai.org\\\/marxa-per-la-pau\\\/#website\"},\"datePublished\":\"2019-07-17T12:49:20+00:00\",\"dateModified\":\"2026-03-20T14:37:41+00:00\",\"breadcrumb\":{\"@id\":\"https:\\\/\\\/fundesplai.org\\\/marxa-per-la-pau\\\/inscripcions\\\/#breadcrumb\"},\"inLanguage\":\"ca\",\"potentialAction\":[{\"@type\":\"ReadAction\",\"target\":[\"https:\\\/\\\/fundesplai.org\\\/marxa-per-la-pau\\\/inscripcions\\\/\"]}]},{\"@type\":\"BreadcrumbList\",\"@id\":\"https:\\\/\\\/fundesplai.org\\\/marxa-per-la-pau\\\/inscripcions\\\/#breadcrumb\",\"itemListElement\":[{\"@type\":\"ListItem\",\"position\":1,\"name\":\"Inici\",\"item\":\"\\\/\"},{\"@type\":\"ListItem\",\"position\":2,\"name\":\"Marxa per la Pau\",\"item\":\"https:\\\/\\\/fundesplai.org\\\/marxa-per-la-pau\"},{\"@type\":\"ListItem\",\"position\":3,\"name\":\"Inscriu-t&#8217;hi\"}]},{\"@type\":\"WebSite\",\"@id\":\"https:\\\/\\\/fundesplai.org\\\/marxa-per-la-pau\\\/#website\",\"url\":\"https:\\\/\\\/fundesplai.org\\\/marxa-per-la-pau\\\/\",\"name\":\"Marxa per la Pau\",\"description\":\"\",\"potentialAction\":[{\"@type\":\"SearchAction\",\"target\":{\"@type\":\"EntryPoint\",\"urlTemplate\":\"https:\\\/\\\/fundesplai.org\\\/marxa-per-la-pau\\\/?s={search_term_string}\"},\"query-input\":{\"@type\":\"PropertyValueSpecification\",\"valueRequired\":true,\"valueName\":\"search_term_string\"}}],\"inLanguage\":\"ca\"}]}<\/script>\n<!-- \/ Yoast SEO plugin. -->","yoast_head_json":{"title":"Inscriu-t'hi - Marxa per la Pau","robots":{"index":"index","follow":"follow","max-snippet":"max-snippet:-1","max-image-preview":"max-image-preview:large","max-video-preview":"max-video-preview:-1"},"canonical":"https:\/\/fundesplai.org\/marxa-per-la-pau\/inscripcions\/","og_locale":"ca_ES","og_type":"article","og_title":"Inscriu-t'hi - Marxa per la Pau","og_description":"Inscriu-t'hi!Per motius organitzatius el registre d'inscripcions ja est\u00e0 tancat. Pots sumarte a la marxa de manera lliure per revindicar la Pau de totes maneres, per\u00f2 no podr\u00e0s gaudir de l'obsequi de la botifarra en arribar a la pla\u00e7a de Sant Boi. Disculpa les mol\u00e8sties.\u00a0 T'hi esperem!SEGUEIX EL CANAL DE WHATSAPP Si ja [&hellip;]","og_url":"https:\/\/fundesplai.org\/marxa-per-la-pau\/inscripcions\/","og_site_name":"Marxa per la Pau","article_modified_time":"2026-03-20T14:37:41+00:00","twitter_card":"summary_large_image","twitter_misc":{"Temps estimat de lectura":"4 minuts"},"schema":{"@context":"https:\/\/schema.org","@graph":[{"@type":"WebPage","@id":"https:\/\/fundesplai.org\/marxa-per-la-pau\/inscripcions\/","url":"https:\/\/fundesplai.org\/marxa-per-la-pau\/inscripcions\/","name":"Inscriu-t'hi - Marxa per la Pau","isPartOf":{"@id":"https:\/\/fundesplai.org\/marxa-per-la-pau\/#website"},"datePublished":"2019-07-17T12:49:20+00:00","dateModified":"2026-03-20T14:37:41+00:00","breadcrumb":{"@id":"https:\/\/fundesplai.org\/marxa-per-la-pau\/inscripcions\/#breadcrumb"},"inLanguage":"ca","potentialAction":[{"@type":"ReadAction","target":["https:\/\/fundesplai.org\/marxa-per-la-pau\/inscripcions\/"]}]},{"@type":"BreadcrumbList","@id":"https:\/\/fundesplai.org\/marxa-per-la-pau\/inscripcions\/#breadcrumb","itemListElement":[{"@type":"ListItem","position":1,"name":"Inici","item":"\/"},{"@type":"ListItem","position":2,"name":"Marxa per la Pau","item":"https:\/\/fundesplai.org\/marxa-per-la-pau"},{"@type":"ListItem","position":3,"name":"Inscriu-t&#8217;hi"}]},{"@type":"WebSite","@id":"https:\/\/fundesplai.org\/marxa-per-la-pau\/#website","url":"https:\/\/fundesplai.org\/marxa-per-la-pau\/","name":"Marxa per la Pau","description":"","potentialAction":[{"@type":"SearchAction","target":{"@type":"EntryPoint","urlTemplate":"https:\/\/fundesplai.org\/marxa-per-la-pau\/?s={search_term_string}"},"query-input":{"@type":"PropertyValueSpecification","valueRequired":true,"valueName":"search_term_string"}}],"inLanguage":"ca"}]}},"_links":{"self":[{"href":"https:\/\/fundesplai.org\/marxa-per-la-pau\/wp-json\/wp\/v2\/pages\/18","targetHints":{"allow":["GET"]}}],"collection":[{"href":"https:\/\/fundesplai.org\/marxa-per-la-pau\/wp-json\/wp\/v2\/pages"}],"about":[{"href":"https:\/\/fundesplai.org\/marxa-per-la-pau\/wp-json\/wp\/v2\/types\/page"}],"author":[{"embeddable":true,"href":"https:\/\/fundesplai.org\/marxa-per-la-pau\/wp-json\/wp\/v2\/users\/4"}],"replies":[{"embeddable":true,"href":"https:\/\/fundesplai.org\/marxa-per-la-pau\/wp-json\/wp\/v2\/comments?post=18"}],"version-history":[{"count":84,"href":"https:\/\/fundesplai.org\/marxa-per-la-pau\/wp-json\/wp\/v2\/pages\/18\/revisions"}],"predecessor-version":[{"id":4145,"href":"https:\/\/fundesplai.org\/marxa-per-la-pau\/wp-json\/wp\/v2\/pages\/18\/revisions\/4145"}],"wp:attachment":[{"href":"https:\/\/fundesplai.org\/marxa-per-la-pau\/wp-json\/wp\/v2\/media?parent=18"}],"curies":[{"name":"wp","href":"https:\/\/api.w.org\/{rel}","templated":true}]}}