{"id":70,"date":"2021-08-17T11:32:55","date_gmt":"2021-08-17T09:32:55","guid":{"rendered":"https:\/\/fundesplai.org\/mandala\/?page_id=70"},"modified":"2023-10-19T14:29:39","modified_gmt":"2023-10-19T12:29:39","slug":"de-8-a-12-anys","status":"publish","type":"page","link":"https:\/\/fundesplai.org\/mandala\/activitats-2\/de-8-a-12-anys\/","title":{"rendered":"De 8 a 12 anys"},"content":{"rendered":"[et_pb_section fb_built=&#8221;1&#8243; _builder_version=&#8221;4.16&#8243; global_colors_info=&#8221;{}&#8221;][et_pb_row _builder_version=&#8221;4.16&#8243; background_size=&#8221;initial&#8221; background_position=&#8221;top_left&#8221; background_repeat=&#8221;repeat&#8221; global_colors_info=&#8221;{}&#8221;][et_pb_column type=&#8221;4_4&#8243; _builder_version=&#8221;4.16&#8243; custom_padding=&#8221;|||&#8221; global_colors_info=&#8221;{}&#8221; custom_padding__hover=&#8221;|||&#8221;][et_pb_post_title meta=&#8221;off&#8221; featured_image=&#8221;off&#8221; _builder_version=&#8221;4.16&#8243; _module_preset=&#8221;default&#8221; global_colors_info=&#8221;{}&#8221;][\/et_pb_post_title][et_pb_text _builder_version=&#8221;4.19.0&#8243; background_size=&#8221;initial&#8221; background_position=&#8221;top_left&#8221; background_repeat=&#8221;repeat&#8221; global_colors_info=&#8221;{}&#8221;]<h3><span style=\"color: #333333;font-size: 22px\">Objectius educatius<\/span><\/h3>\n<ol>\n<li>Expressar els propis sentiments. Estar disposats al di\u00e0leg i la comunicaci\u00f3. Escoltar de forma activa, parant atenci\u00f3 a les explicacions dels altres.<\/li>\n<li>Ser capa\u00e7os de posar-se al lloc dels altres. Rebutjar situacions d\u2019injust\u00edcia i exclusi\u00f3.<\/li>\n<li>Con\u00e8ixer diferents experi\u00e8ncies culturals. Integrar bones pr\u00e0ctiques i valorar positivament els punts forts d\u2019altres cultures.<\/li>\n<li>Mantenir un bon autoconcepte i apreciar els altres.<\/li>\n<li>Formar les pr\u00f2pies opinions entorn a situacions que s\u2019esdevenen a la societat.<\/li>\n<li>Treballar en equip, cooperar i ajudar-se m\u00fatuament.<\/li>\n<li>Reflexionar entorn les desigualtats.<\/li>\n<\/ol>\n<p><!-- \/wp:post-content --><\/p>[\/et_pb_text][et_pb_text _builder_version=&#8221;4.19.0&#8243; _module_preset=&#8221;default&#8221; custom_margin=&#8221;40px||||false|false&#8221; global_colors_info=&#8221;{}&#8221;]<h3>Activitats<\/h3>[\/et_pb_text][\/et_pb_column][\/et_pb_row][et_pb_row column_structure=&#8221;1_5,1_5,1_5,1_5,1_5&#8243; _builder_version=&#8221;4.19.0&#8243; _module_preset=&#8221;default&#8221; custom_margin=&#8221;||50px||false|false&#8221; global_colors_info=&#8221;{}&#8221;][et_pb_column type=&#8221;1_5&#8243; _builder_version=&#8221;4.19.0&#8243; _module_preset=&#8221;default&#8221; global_colors_info=&#8221;{}&#8221;][et_pb_image src=&#8221;http:\/\/fundesplai.org\/mandala\/wp-content\/uploads\/sites\/6\/2023\/03\/la-tribu-de-camelot-en-escena.png&#8221; alt=&#8221;la tribu de camelot en escena&#8221; title_text=&#8221;la tribu de camelot en escena&#8221; url=&#8221;https:\/\/fundesplai.org\/banc-recursos\/recurs\/la-tribu-de-camelot-a-escena\/&#8221; align=&#8221;center&#8221; _builder_version=&#8221;4.21.0&#8243; _module_preset=&#8221;default&#8221; hover_enabled=&#8221;0&#8243; global_colors_info=&#8221;{}&#8221; sticky_enabled=&#8221;0&#8243;][\/et_pb_image][\/et_pb_column][et_pb_column type=&#8221;1_5&#8243; _builder_version=&#8221;4.19.0&#8243; _module_preset=&#8221;default&#8221; global_colors_info=&#8221;{}&#8221;][et_pb_image src=&#8221;http:\/\/fundesplai.org\/mandala\/wp-content\/uploads\/sites\/6\/2023\/03\/gimcana-de-les-8-monedes.png&#8221; alt=&#8221;gimcana de les 8 monedes&#8221; title_text=&#8221;gimcana de les 8 monedes&#8221; url=&#8221;https:\/\/fundesplai.org\/banc-recursos\/recurs\/gimcana-de-les-9-monedes\/&#8221; align=&#8221;center&#8221; _builder_version=&#8221;4.21.0&#8243; _module_preset=&#8221;default&#8221; hover_enabled=&#8221;0&#8243; global_colors_info=&#8221;{}&#8221; sticky_enabled=&#8221;0&#8243;][\/et_pb_image][\/et_pb_column][et_pb_column type=&#8221;1_5&#8243; _builder_version=&#8221;4.19.0&#8243; _module_preset=&#8221;default&#8221; global_colors_info=&#8221;{}&#8221;][et_pb_image src=&#8221;http:\/\/fundesplai.org\/mandala\/wp-content\/uploads\/sites\/6\/2023\/03\/carnestoltes-intercultural.png&#8221; alt=&#8221;carnestoltes intercultural&#8221; title_text=&#8221;carnestoltes intercultural&#8221; url=&#8221;https:\/\/fundesplai.org\/banc-recursos\/recurs\/carnestoltes-intercultural\/&#8221; align=&#8221;center&#8221; _builder_version=&#8221;4.21.0&#8243; _module_preset=&#8221;default&#8221; hover_enabled=&#8221;0&#8243; global_colors_info=&#8221;{}&#8221; sticky_enabled=&#8221;0&#8243;][\/et_pb_image][\/et_pb_column][et_pb_column type=&#8221;1_5&#8243; _builder_version=&#8221;4.19.0&#8243; _module_preset=&#8221;default&#8221; global_colors_info=&#8221;{}&#8221;][et_pb_image src=&#8221;http:\/\/fundesplai.org\/mandala\/wp-content\/uploads\/sites\/6\/2023\/03\/art-i-diversitat-cultural.png&#8221; alt=&#8221;art i diversitat cultural&#8221; title_text=&#8221;art i diversitat cultural&#8221; url=&#8221;https:\/\/fundesplai.org\/banc-recursos\/recurs\/art-i-diversitat-cultural\/&#8221; align=&#8221;center&#8221; _builder_version=&#8221;4.21.0&#8243; _module_preset=&#8221;default&#8221; hover_enabled=&#8221;0&#8243; global_colors_info=&#8221;{}&#8221; sticky_enabled=&#8221;0&#8243;][\/et_pb_image][\/et_pb_column][et_pb_column type=&#8221;1_5&#8243; _builder_version=&#8221;4.19.0&#8243; _module_preset=&#8221;default&#8221; global_colors_info=&#8221;{}&#8221;][et_pb_image src=&#8221;http:\/\/fundesplai.org\/mandala\/wp-content\/uploads\/sites\/6\/2023\/03\/fem-de-periodistes.png&#8221; alt=&#8221;fem de periodistes&#8221; title_text=&#8221;fem de periodistes&#8221; url=&#8221;https:\/\/fundesplai.org\/banc-recursos\/recurs\/fem-de-periodistes\/&#8221; align=&#8221;center&#8221; _builder_version=&#8221;4.21.0&#8243; _module_preset=&#8221;default&#8221; hover_enabled=&#8221;0&#8243; global_colors_info=&#8221;{}&#8221; sticky_enabled=&#8221;0&#8243;][\/et_pb_image][\/et_pb_column][\/et_pb_row][\/et_pb_section]<!-- \/wp:freeform -->","protected":false},"excerpt":{"rendered":"<p>Objectius educatius Expressar els propis sentiments. Estar disposats al di\u00e0leg i la comunicaci\u00f3. Escoltar de forma activa, parant atenci\u00f3 a les explicacions dels altres. Ser capa\u00e7os de posar-se al lloc dels altres. Rebutjar situacions d\u2019injust\u00edcia i exclusi\u00f3. Con\u00e8ixer diferents experi\u00e8ncies culturals. Integrar bones pr\u00e0ctiques i valorar positivament els punts forts d\u2019altres cultures. Mantenir un bon [&hellip;]<\/p>\n","protected":false},"author":4,"featured_media":0,"parent":138,"menu_order":0,"comment_status":"closed","ping_status":"closed","template":"","meta":{"_et_pb_use_builder":"on","_et_pb_old_content":"<!-- wp:heading {\"level\":3} -->\r\n<h3>Objectius educatius<\/h3>\r\n<!-- \/wp:heading --><!-- wp:paragraph -->\r\n<p>1. Expressar els propis sentiments. Estar disposats al di\u00e0leg i la comunicaci\u00f3. Escoltar de forma activa, parant atenci\u00f3 a les explicacions dels altres.<br \/>2. Ser capa\u00e7os de posar-se al lloc dels altres. Rebutjar situacions d\u2019injust\u00edcia i exclusi\u00f3.<br \/>3. Con\u00e8ixer diferents experi\u00e8ncies culturals. Integrar bones pr\u00e0ctiques i valorar positivament els punts forts d\u2019altres cultures.<br \/>4. Mantenir un bon autoconcepte i apreciar els altres.<br \/>5. Formar les pr\u00f2pies opinions entorn a situacions que s\u2019esdevenen a la societat.<br \/>6. Treballar en equip, cooperar i ajudar-se m\u00fatuament.<br \/>7. Reflexionar entorn les desigualtats.<\/p>\r\n<!-- \/wp:paragraph --><!-- wp:heading {\"level\":3} -->\r\n<h3>Projecte de teatre<\/h3>\r\n<!-- \/wp:heading --><!-- wp:paragraph -->\r\n<p>Els infants mitjans treballaran entorn un projecte de teatre que els permetr\u00e0 posar-se a la pell dels personatges de l\u2019obra, treballar en equip, reflexionar entorn les situacions que viuen els personatges i posar en pr\u00e0ctica totes les seves habilitats creatives.<\/p>\r\n<!-- \/wp:paragraph --><!-- wp:paragraph -->\r\n<p>Proposem treballar el segon llibre de La Tribu de Camelot.\u00a0<em>El misteri del bot\u00ed pirata<\/em>, perqu\u00e8 permetr\u00e0 als infants mitjans desenvolupar actituds de respecte, empatia i amistat. La manera de treballar de la colla ens ajudar\u00e0 a remarcar la igualtat entre les persones per damunt de les difer\u00e8ncies. El fet que La Tribu tingui l\u2019objectiu d\u2019ajudar els altres ens portar\u00e0 a reflexionar entorn les situacions injustes i de desigualtat. En definitiva, representar aquesta obra \u00e9s una molt bona ocasi\u00f3 per posar en pr\u00e0ctica els continguts de la proposta educativa i desenvolupar activitats des de la interculturalitat i la fraternitat.<\/p>\r\n<!-- \/wp:paragraph --><!-- wp:heading {\"level\":3} -->\r\n<h3>Activitats<\/h3>\r\n<!-- \/wp:heading -->","_et_gb_content_width":"1200","footnotes":""},"class_list":["post-70","page","type-page","status-publish","hentry"],"yoast_head":"<!-- This site is optimized with the Yoast SEO plugin v27.4 - https:\/\/yoast.com\/product\/yoast-seo-wordpress\/ -->\n<title>De 8 a 12 anys - Mandala<\/title>\n<meta name=\"robots\" content=\"index, follow, max-snippet:-1, max-image-preview:large, max-video-preview:-1\" \/>\n<link rel=\"canonical\" href=\"https:\/\/fundesplai.org\/mandala\/activitats-2\/de-8-a-12-anys\/\" \/>\n<meta property=\"og:locale\" content=\"ca_ES\" \/>\n<meta property=\"og:type\" content=\"article\" \/>\n<meta property=\"og:title\" content=\"De 8 a 12 anys - Mandala\" \/>\n<meta property=\"og:description\" content=\"Objectius educatius Expressar els propis sentiments. Estar disposats al di\u00e0leg i la comunicaci\u00f3. Escoltar de forma activa, parant atenci\u00f3 a les explicacions dels altres. Ser capa\u00e7os de posar-se al lloc dels altres. Rebutjar situacions d\u2019injust\u00edcia i exclusi\u00f3. Con\u00e8ixer diferents experi\u00e8ncies culturals. Integrar bones pr\u00e0ctiques i valorar positivament els punts forts d\u2019altres cultures. Mantenir un bon [&hellip;]\" \/>\n<meta property=\"og:url\" content=\"https:\/\/fundesplai.org\/mandala\/activitats-2\/de-8-a-12-anys\/\" \/>\n<meta property=\"og:site_name\" content=\"Mandala\" \/>\n<meta property=\"article:modified_time\" content=\"2023-10-19T12:29:39+00:00\" \/>\n<meta name=\"twitter:card\" content=\"summary_large_image\" \/>\n<meta name=\"twitter:label1\" content=\"Temps estimat de lectura\" \/>\n\t<meta name=\"twitter:data1\" content=\"2 minuts\" \/>\n<script type=\"application\/ld+json\" class=\"yoast-schema-graph\">{\"@context\":\"https:\\\/\\\/schema.org\",\"@graph\":[{\"@type\":\"WebPage\",\"@id\":\"https:\\\/\\\/fundesplai.org\\\/mandala\\\/activitats-2\\\/de-8-a-12-anys\\\/\",\"url\":\"https:\\\/\\\/fundesplai.org\\\/mandala\\\/activitats-2\\\/de-8-a-12-anys\\\/\",\"name\":\"De 8 a 12 anys - Mandala\",\"isPartOf\":{\"@id\":\"https:\\\/\\\/fundesplai.org\\\/mandala\\\/#website\"},\"datePublished\":\"2021-08-17T09:32:55+00:00\",\"dateModified\":\"2023-10-19T12:29:39+00:00\",\"breadcrumb\":{\"@id\":\"https:\\\/\\\/fundesplai.org\\\/mandala\\\/activitats-2\\\/de-8-a-12-anys\\\/#breadcrumb\"},\"inLanguage\":\"ca\",\"potentialAction\":[{\"@type\":\"ReadAction\",\"target\":[\"https:\\\/\\\/fundesplai.org\\\/mandala\\\/activitats-2\\\/de-8-a-12-anys\\\/\"]}]},{\"@type\":\"BreadcrumbList\",\"@id\":\"https:\\\/\\\/fundesplai.org\\\/mandala\\\/activitats-2\\\/de-8-a-12-anys\\\/#breadcrumb\",\"itemListElement\":[{\"@type\":\"ListItem\",\"position\":1,\"name\":\"Inici\",\"item\":\"\\\/\"},{\"@type\":\"ListItem\",\"position\":2,\"name\":\"Mandala\",\"item\":\"https:\\\/\\\/fundesplai.org\\\/mandala\"},{\"@type\":\"ListItem\",\"position\":3,\"name\":\"Activitats\",\"item\":\"https:\\\/\\\/fundesplai.org\\\/mandala\\\/activitats-2\\\/\"},{\"@type\":\"ListItem\",\"position\":4,\"name\":\"De 8 a 12 anys\"}]},{\"@type\":\"WebSite\",\"@id\":\"https:\\\/\\\/fundesplai.org\\\/mandala\\\/#website\",\"url\":\"https:\\\/\\\/fundesplai.org\\\/mandala\\\/\",\"name\":\"Mandala\",\"description\":\"Proposta educativa de Fundesplai\",\"potentialAction\":[{\"@type\":\"SearchAction\",\"target\":{\"@type\":\"EntryPoint\",\"urlTemplate\":\"https:\\\/\\\/fundesplai.org\\\/mandala\\\/?s={search_term_string}\"},\"query-input\":{\"@type\":\"PropertyValueSpecification\",\"valueRequired\":true,\"valueName\":\"search_term_string\"}}],\"inLanguage\":\"ca\"}]}<\/script>\n<!-- \/ Yoast SEO plugin. -->","yoast_head_json":{"title":"De 8 a 12 anys - Mandala","robots":{"index":"index","follow":"follow","max-snippet":"max-snippet:-1","max-image-preview":"max-image-preview:large","max-video-preview":"max-video-preview:-1"},"canonical":"https:\/\/fundesplai.org\/mandala\/activitats-2\/de-8-a-12-anys\/","og_locale":"ca_ES","og_type":"article","og_title":"De 8 a 12 anys - Mandala","og_description":"Objectius educatius Expressar els propis sentiments. Estar disposats al di\u00e0leg i la comunicaci\u00f3. Escoltar de forma activa, parant atenci\u00f3 a les explicacions dels altres. Ser capa\u00e7os de posar-se al lloc dels altres. Rebutjar situacions d\u2019injust\u00edcia i exclusi\u00f3. Con\u00e8ixer diferents experi\u00e8ncies culturals. Integrar bones pr\u00e0ctiques i valorar positivament els punts forts d\u2019altres cultures. Mantenir un bon [&hellip;]","og_url":"https:\/\/fundesplai.org\/mandala\/activitats-2\/de-8-a-12-anys\/","og_site_name":"Mandala","article_modified_time":"2023-10-19T12:29:39+00:00","twitter_card":"summary_large_image","twitter_misc":{"Temps estimat de lectura":"2 minuts"},"schema":{"@context":"https:\/\/schema.org","@graph":[{"@type":"WebPage","@id":"https:\/\/fundesplai.org\/mandala\/activitats-2\/de-8-a-12-anys\/","url":"https:\/\/fundesplai.org\/mandala\/activitats-2\/de-8-a-12-anys\/","name":"De 8 a 12 anys - Mandala","isPartOf":{"@id":"https:\/\/fundesplai.org\/mandala\/#website"},"datePublished":"2021-08-17T09:32:55+00:00","dateModified":"2023-10-19T12:29:39+00:00","breadcrumb":{"@id":"https:\/\/fundesplai.org\/mandala\/activitats-2\/de-8-a-12-anys\/#breadcrumb"},"inLanguage":"ca","potentialAction":[{"@type":"ReadAction","target":["https:\/\/fundesplai.org\/mandala\/activitats-2\/de-8-a-12-anys\/"]}]},{"@type":"BreadcrumbList","@id":"https:\/\/fundesplai.org\/mandala\/activitats-2\/de-8-a-12-anys\/#breadcrumb","itemListElement":[{"@type":"ListItem","position":1,"name":"Inici","item":"\/"},{"@type":"ListItem","position":2,"name":"Mandala","item":"https:\/\/fundesplai.org\/mandala"},{"@type":"ListItem","position":3,"name":"Activitats","item":"https:\/\/fundesplai.org\/mandala\/activitats-2\/"},{"@type":"ListItem","position":4,"name":"De 8 a 12 anys"}]},{"@type":"WebSite","@id":"https:\/\/fundesplai.org\/mandala\/#website","url":"https:\/\/fundesplai.org\/mandala\/","name":"Mandala","description":"Proposta educativa de Fundesplai","potentialAction":[{"@type":"SearchAction","target":{"@type":"EntryPoint","urlTemplate":"https:\/\/fundesplai.org\/mandala\/?s={search_term_string}"},"query-input":{"@type":"PropertyValueSpecification","valueRequired":true,"valueName":"search_term_string"}}],"inLanguage":"ca"}]}},"_links":{"self":[{"href":"https:\/\/fundesplai.org\/mandala\/wp-json\/wp\/v2\/pages\/70","targetHints":{"allow":["GET"]}}],"collection":[{"href":"https:\/\/fundesplai.org\/mandala\/wp-json\/wp\/v2\/pages"}],"about":[{"href":"https:\/\/fundesplai.org\/mandala\/wp-json\/wp\/v2\/types\/page"}],"author":[{"embeddable":true,"href":"https:\/\/fundesplai.org\/mandala\/wp-json\/wp\/v2\/users\/4"}],"replies":[{"embeddable":true,"href":"https:\/\/fundesplai.org\/mandala\/wp-json\/wp\/v2\/comments?post=70"}],"version-history":[{"count":9,"href":"https:\/\/fundesplai.org\/mandala\/wp-json\/wp\/v2\/pages\/70\/revisions"}],"predecessor-version":[{"id":307,"href":"https:\/\/fundesplai.org\/mandala\/wp-json\/wp\/v2\/pages\/70\/revisions\/307"}],"up":[{"embeddable":true,"href":"https:\/\/fundesplai.org\/mandala\/wp-json\/wp\/v2\/pages\/138"}],"wp:attachment":[{"href":"https:\/\/fundesplai.org\/mandala\/wp-json\/wp\/v2\/media?parent=70"}],"curies":[{"name":"wp","href":"https:\/\/api.w.org\/{rel}","templated":true}]}}