{"id":6,"date":"2021-08-10T10:38:06","date_gmt":"2021-08-10T08:38:06","guid":{"rendered":"https:\/\/fundesplai.org\/mandala\/?page_id=6"},"modified":"2023-03-16T12:30:14","modified_gmt":"2023-03-16T11:30:14","slug":"mandala","status":"publish","type":"page","link":"https:\/\/fundesplai.org\/mandala\/","title":{"rendered":"Presentaci\u00f3"},"content":{"rendered":"<p>[et_pb_section fb_built=&#8221;1&#8243; fullwidth=&#8221;on&#8221; _builder_version=&#8221;4.19.0&#8243; _module_preset=&#8221;default&#8221; global_colors_info=&#8221;{}&#8221;][et_pb_fullwidth_image src=&#8221;http:\/\/fundesplai.org\/mandala\/wp-content\/uploads\/sites\/6\/2023\/02\/portada_mandala.jpg&#8221; title_text=&#8221;portada_mandala&#8221; _builder_version=&#8221;4.19.0&#8243; _module_preset=&#8221;default&#8221; global_colors_info=&#8221;{}&#8221;][\/et_pb_fullwidth_image][\/et_pb_section][et_pb_section fb_built=&#8221;1&#8243; _builder_version=&#8221;4.16&#8243; background_color=&#8221;#FFFFFF&#8221; global_colors_info=&#8221;{}&#8221;][et_pb_row _builder_version=&#8221;4.16&#8243; background_size=&#8221;initial&#8221; background_position=&#8221;top_left&#8221; background_repeat=&#8221;repeat&#8221; width=&#8221;100%&#8221; global_colors_info=&#8221;{}&#8221;][et_pb_column type=&#8221;4_4&#8243; _builder_version=&#8221;4.16&#8243; custom_padding=&#8221;|||&#8221; global_colors_info=&#8221;{}&#8221; custom_padding__hover=&#8221;|||&#8221;][et_pb_text _builder_version=&#8221;4.19.0&#8243; _module_preset=&#8221;default&#8221; global_colors_info=&#8221;{}&#8221;]<\/p>\n<h2 style=\"text-align: center\">Qu\u00e8 \u00e9s?<\/h2>\n<p>[\/et_pb_text][et_pb_text _builder_version=&#8221;4.19.0&#8243; _module_preset=&#8221;default&#8221; global_colors_info=&#8221;{}&#8221;]<\/p>\n<p class=\"texte\" style=\"text-align: center\"><strong>Mandala<\/strong>\u00a0\u00e9s la segona proposta educativa de la campanya\u00a0<strong>Ciutadans Compromesos<\/strong> de l&#8217;any 2009-2010. Enguany ens proposem treballar a partir de la diversitat cultural que caracteritza la societat actual. El prop\u00f2sit principal de la proposta educativa \u00e9s promoure l\u2019enfocament intercultural i la fraternitat en l\u2019educaci\u00f3 en el lleure, per arribar a desenvolupar les compet\u00e8ncies necess\u00e0ries que ens permetin conviure en entorns de diversitat cultural.<\/p>\n<p>[\/et_pb_text][et_pb_button button_url=&#8221;http:\/\/fundesplai.org\/mandala\/wp-content\/uploads\/sites\/6\/2021\/08\/Proposta_educativa_09-baixa.pdf&#8221; url_new_window=&#8221;on&#8221; button_text=&#8221;Descarrega&#8217;t el quadern pedag\u00f2gic&#8221; button_alignment=&#8221;center&#8221; admin_label=&#8221;bot\u00f3 Descarrega&#8217;t el quadern pedag\u00f2gic&#8221; _builder_version=&#8221;4.19.0&#8243; _module_preset=&#8221;default&#8221; custom_margin=&#8221;30px||30px||false|false&#8221; hover_enabled=&#8221;0&#8243; locked=&#8221;off&#8221; global_colors_info=&#8221;{}&#8221; sticky_enabled=&#8221;0&#8243;][\/et_pb_button][\/et_pb_column][\/et_pb_row][et_pb_row disabled_on=&#8221;on|on|on&#8221; _builder_version=&#8221;4.16&#8243; background_size=&#8221;initial&#8221; background_position=&#8221;top_left&#8221; background_repeat=&#8221;repeat&#8221; disabled=&#8221;on&#8221; collapsed=&#8221;on&#8221; global_colors_info=&#8221;{}&#8221;][et_pb_column type=&#8221;4_4&#8243; _builder_version=&#8221;4.16&#8243; custom_padding=&#8221;|||&#8221; global_colors_info=&#8221;{}&#8221; custom_padding__hover=&#8221;|||&#8221;][et_pb_post_title author=&#8221;off&#8221; date=&#8221;off&#8221; comments=&#8221;off&#8221; _builder_version=&#8221;4.19.0&#8243; _module_preset=&#8221;default&#8221; custom_margin=&#8221;40px|||||&#8221; global_colors_info=&#8221;{}&#8221;][\/et_pb_post_title][et_pb_text _builder_version=&#8221;4.19.0&#8243; background_size=&#8221;initial&#8221; background_position=&#8221;top_left&#8221; background_repeat=&#8221;repeat&#8221; global_colors_info=&#8221;{}&#8221;]<\/p>\n<p><!-- divi:heading {\"level\":1} --><\/p>\n<h3 style=\"text-align: center\">Mandala. La proposta<br \/>per a la interculturalitat i la fraternitat<\/h3>\n<p>&nbsp;<\/p>\n<p class=\"texte\"><strong>Mandala<\/strong>\u00a0\u00e9s la segona proposta educativa de la campanya\u00a0<em>Ciutadans Compromesos<\/em>. Enguany ens proposem treballar a partir de la diversitat cultural que caracteritza la societat actual.<\/p>\n<p>La conviv\u00e8ncia entre persones de diferents indrets del m\u00f3n suposa la coexist\u00e8ncia de diferents cultures, tradicions, creences, costums, idiomes&#8230; Per\u00f2 aquesta heterogene\u00eftat cont\u00e9 elements comuns que hem de prendre per partir d\u2019all\u00f2 que ens uneix i establir els vincles que ens permetin integrar la difer\u00e8ncia.<\/p>\n<p>El prop\u00f2sit principal de la proposta educativa \u00e9s promoure l\u2019enfocament intercultural i la fraternitat en l\u2019educaci\u00f3 en el lleure, per arribar a desenvolupar les compet\u00e8ncies necess\u00e0ries que ens permetin conviure en entorns de diversitat cultural.<\/p>\n<p>Per aix\u00f2 posem l\u2019accent en les relacions interpersonals acollidores, fraternes i solid\u00e0ries; en el respecte cap a l\u2019altre i els seus pensaments; els espais per al intercanvi intercultural, els vincles socials i la responsabilitat de cadasc\u00fa a l\u2019hora de fer possible una societat m\u00e9s justa.<\/p>\n<p>Volem promoure la ciutadania global, la conviv\u00e8ncia harm\u00f2nica i la participaci\u00f3 i el comprom\u00eds de qualitat; i volem fer-ho, com diu Brandao, potenciant els processos socials que s\u00f3n el cam\u00ed per a la creaci\u00f3 de la cultura i que, a la vegada, ens uneixen mentre treballem per all\u00f2 com\u00fa:<\/p>\n<p><span class=\"texte\">\u201c<em>Aprendre \u00e9s abans que res, estar incl\u00f2s i participar en la creaci\u00f3, no tan sols de productes de la cultura sin\u00f3 de processos socials, de creaci\u00f3 d\u2019aquella cultura: processos que condueixen a un important canvi en la qualitat del comprom\u00eds, de la participaci\u00f3, del respecte al pensament ali\u00e8, de sentiments de solidaritat.<\/em>\u201d (Brandao, 1986:85)<\/span><\/p>\n<p>&nbsp;<\/p>\n<p><!-- \/divi:paragraph --><\/p>\n<p>[\/et_pb_text][\/et_pb_column][\/et_pb_row][\/et_pb_section][et_pb_section fb_built=&#8221;1&#8243; _builder_version=&#8221;4.17.4&#8243; _module_preset=&#8221;default&#8221; locked=&#8221;off&#8221; global_colors_info=&#8221;{}&#8221;][et_pb_row _builder_version=&#8221;4.17.4&#8243; _module_preset=&#8221;default&#8221; locked=&#8221;off&#8221; global_colors_info=&#8221;{}&#8221;][et_pb_column type=&#8221;4_4&#8243; _builder_version=&#8221;4.17.4&#8243; _module_preset=&#8221;default&#8221; global_colors_info=&#8221;{}&#8221;][et_pb_text admin_label=&#8221;Objectius&#8221; _builder_version=&#8221;4.19.0&#8243; _module_preset=&#8221;default&#8221; custom_margin=&#8221;40px||30px||false|false&#8221; global_colors_info=&#8221;{}&#8221;]<\/p>\n<h2>Objectius de la proposta<\/h2>\n<p>Els objectius educatius generals de la proposta educativa s\u2019articulen entorn dels 4 valors de la Fundaci\u00f3 Catalana de l\u2019Esplai:<\/p>\n<p>[\/et_pb_text][\/et_pb_column][\/et_pb_row][et_pb_row column_structure=&#8221;1_2,1_2&#8243; use_custom_gutter=&#8221;on&#8221; gutter_width=&#8221;4&#8243; module_class=&#8221;graella-icona-circular-giratoria&#8221; _builder_version=&#8221;4.17.4&#8243; locked=&#8221;off&#8221; global_colors_info=&#8221;{}&#8221;][et_pb_column type=&#8221;1_2&#8243; _builder_version=&#8221;4.16&#8243; custom_padding=&#8221;|||&#8221; global_colors_info=&#8221;{}&#8221; custom_padding__hover=&#8221;|||&#8221;][et_pb_blurb title=&#8221;Utopia&#8221; use_icon=&#8221;on&#8221; font_icon=&#8221;&#xf7f5;||fa||900&#8243; icon_color=&#8221;#333333&#8243; icon_placement=&#8221;left&#8221; _builder_version=&#8221;4.19.0&#8243; custom_margin=&#8221;||0px|&#8221; z_index_tablet=&#8221;500&#8243; global_colors_info=&#8221;{}&#8221;]<\/p>\n<p><strong>Conviure en harmonia en entorns d\u2019interculturalitat normalitzats i integrats en les relacions quotidianes del barri<\/strong>. Recon\u00e8ixer les pertinences de forma m\u00fatua. Concebre la diversitat cultural com un fet real, que existeix a la nostra societat i relacionar-nos de forma natural.<\/p>\n<p>[\/et_pb_blurb][\/et_pb_column][et_pb_column type=&#8221;1_2&#8243; _builder_version=&#8221;4.16&#8243; custom_padding=&#8221;|||&#8221; global_colors_info=&#8221;{}&#8221; custom_padding__hover=&#8221;|||&#8221;][et_pb_blurb title=&#8221;Iniciativa&#8221; use_icon=&#8221;on&#8221; font_icon=&#8221;&#xf255;||fa||900&#8243; icon_color=&#8221;#333333&#8243; icon_placement=&#8221;left&#8221; _builder_version=&#8221;4.19.0&#8243; custom_margin=&#8221;||0px|&#8221; z_index_tablet=&#8221;500&#8243; global_colors_info=&#8221;{}&#8221;]<\/p>\n<p><strong>Establir relacions interpersonals acollidores<\/strong> que permetin: despertar l\u2019inter\u00e8s pels diferents costums i maneres de fer; intercanviar bones pr\u00e0ctiques i adquirir noves compet\u00e8ncies interculturals. Ser els promotors de la cohesi\u00f3 social i la interacci\u00f3 entre les cultures coexistents en l\u2019escenari social.<\/p>\n<p>[\/et_pb_blurb][\/et_pb_column][\/et_pb_row][et_pb_row column_structure=&#8221;1_2,1_2&#8243; use_custom_gutter=&#8221;on&#8221; gutter_width=&#8221;4&#8243; module_class=&#8221;graella-icona-circular-giratoria&#8221; _builder_version=&#8221;4.17.4&#8243; locked=&#8221;off&#8221; global_colors_info=&#8221;{}&#8221;][et_pb_column type=&#8221;1_2&#8243; _builder_version=&#8221;4.16&#8243; custom_padding=&#8221;|||&#8221; global_colors_info=&#8221;{}&#8221; custom_padding__hover=&#8221;|||&#8221;][et_pb_blurb title=&#8221;Solidaritat&#8221; use_icon=&#8221;on&#8221; font_icon=&#8221;&#xe533;||fa||900&#8243; icon_color=&#8221;#333333&#8243; icon_placement=&#8221;left&#8221; _builder_version=&#8221;4.19.0&#8243; custom_margin=&#8221;||0px|&#8221; z_index_tablet=&#8221;500&#8243; global_colors_info=&#8221;{}&#8221;]<\/p>\n<p><strong>Establir relacions de cooperaci\u00f3 i empatia amb els col\u00b7lectius<\/strong> mitjan\u00e7ant la comprensi\u00f3 m\u00fatua fins a arribar a la construcci\u00f3 d\u2019una societat intercultural. Evitar l\u2019exclusi\u00f3 al diferent i, per tant, les desigualtats socials que aix\u00f2 genera.<\/p>\n<p>[\/et_pb_blurb][\/et_pb_column][et_pb_column type=&#8221;1_2&#8243; _builder_version=&#8221;4.16&#8243; custom_padding=&#8221;|||&#8221; global_colors_info=&#8221;{}&#8221; custom_padding__hover=&#8221;|||&#8221;][et_pb_blurb title=&#8221;Felicitat&#8221; use_icon=&#8221;on&#8221; font_icon=&#8221;&#xf336;||fa||900&#8243; icon_color=&#8221;#333333&#8243; icon_placement=&#8221;left&#8221; _builder_version=&#8221;4.19.0&#8243; custom_margin=&#8221;||0px|&#8221; z_index_tablet=&#8221;500&#8243; global_colors_info=&#8221;{}&#8221;]<\/p>\n<p><strong>Crear vincles a partir d\u2019all\u00f2 que \u00e9s com\u00fa i que compartim i respectar all\u00f2 que ens diferencia<\/strong>. Compartir en harmonia un mateix escenari reconeixent la interculturalitat. Valorar la riquesa que representa per a les persones i per a la societat, en general, l\u2019intercanvi cultural.<\/p>\n<p>[\/et_pb_blurb][\/et_pb_column][\/et_pb_row][\/et_pb_section][et_pb_section fb_built=&#8221;1&#8243; _builder_version=&#8221;4.19.0&#8243; _module_preset=&#8221;default&#8221; custom_margin=&#8221;50px||||false|false&#8221; global_colors_info=&#8221;{}&#8221;][et_pb_row _builder_version=&#8221;4.19.0&#8243; _module_preset=&#8221;default&#8221; global_colors_info=&#8221;{}&#8221;][et_pb_column type=&#8221;4_4&#8243; _builder_version=&#8221;4.19.0&#8243; _module_preset=&#8221;default&#8221; global_colors_info=&#8221;{}&#8221;][et_pb_text _builder_version=&#8221;4.19.0&#8243; _module_preset=&#8221;default&#8221; custom_margin=&#8221;||30px||false|false&#8221; global_colors_info=&#8221;{}&#8221;]<\/p>\n<h2 style=\"text-align: center\">Continguts<\/h2>\n<p>Els tres eixos de continguts que formen part de la proposta educativa d\u2019enguany es relacionen de la seg\u00fcent manera:<\/p>\n<p>[\/et_pb_text][et_pb_image src=&#8221;http:\/\/fundesplai.org\/mandala\/wp-content\/uploads\/sites\/6\/2021\/08\/grafic-continguts.gif&#8221; title_text=&#8221;grafic-continguts&#8221; align=&#8221;center&#8221; _builder_version=&#8221;4.19.0&#8243; _module_preset=&#8221;default&#8221; global_colors_info=&#8221;{}&#8221;][\/et_pb_image][\/et_pb_column][\/et_pb_row][\/et_pb_section][et_pb_section fb_built=&#8221;1&#8243; _builder_version=&#8221;4.19.0&#8243; _module_preset=&#8221;default&#8221; custom_margin=&#8221;50px||50px||false|false&#8221; global_colors_info=&#8221;{}&#8221;][et_pb_row _builder_version=&#8221;4.16&#8243; _module_preset=&#8221;default&#8221; custom_margin=&#8221;|auto|1px|auto||&#8221; global_colors_info=&#8221;{}&#8221;][et_pb_column type=&#8221;4_4&#8243; _builder_version=&#8221;4.16&#8243; _module_preset=&#8221;default&#8221; global_colors_info=&#8221;{}&#8221;][et_pb_text _builder_version=&#8221;4.19.0&#8243; _module_preset=&#8221;default&#8221; custom_padding=&#8221;40px|||||&#8221; global_colors_info=&#8221;{}&#8221;]<\/p>\n<h2 style=\"text-align: center\">Amb la col\u00b7laboraci\u00f3 de:<\/h2>\n<p>[\/et_pb_text][\/et_pb_column][\/et_pb_row][et_pb_row column_structure=&#8221;1_4,1_4,1_4,1_4&#8243; module_id=&#8221;logo-collaborador&#8221; module_class=&#8221;logo-collaborador&#8221; _builder_version=&#8221;4.16&#8243; _module_preset=&#8221;default&#8221; global_colors_info=&#8221;{}&#8221;][et_pb_column type=&#8221;1_4&#8243; _builder_version=&#8221;4.16&#8243; _module_preset=&#8221;default&#8221; global_colors_info=&#8221;{}&#8221;][et_pb_image src=&#8221;http:\/\/fundesplai.org\/mandala\/wp-content\/uploads\/sites\/6\/2021\/10\/logo-diputacio-barcelona-xarxa-de-municipis-removebg-preview.png&#8221; title_text=&#8221;logo-diputacio-barcelona-xarxa-de-municipis-removebg-preview&#8221; module_id=&#8221;logo-collaborador&#8221; module_class=&#8221;logo-collaborador&#8221; _builder_version=&#8221;4.16&#8243; _module_preset=&#8221;default&#8221; global_colors_info=&#8221;{}&#8221;][\/et_pb_image][\/et_pb_column][et_pb_column type=&#8221;1_4&#8243; _builder_version=&#8221;4.16&#8243; _module_preset=&#8221;default&#8221; global_colors_info=&#8221;{}&#8221;][et_pb_image src=&#8221;http:\/\/fundesplai.org\/mandala\/wp-content\/uploads\/sites\/6\/2021\/10\/1200px-Logotipo_de_la_Generalitat_de_Catalunya.svg_.png&#8221; title_text=&#8221;1200px-Logotipo_de_la_Generalitat_de_Catalunya.svg&#8221; module_id=&#8221;logo-collaborador&#8221; module_class=&#8221;logo-collaborador&#8221; _builder_version=&#8221;4.16&#8243; _module_preset=&#8221;default&#8221; global_colors_info=&#8221;{}&#8221;][\/et_pb_image][\/et_pb_column][et_pb_column type=&#8221;1_4&#8243; _builder_version=&#8221;4.16&#8243; _module_preset=&#8221;default&#8221; global_colors_info=&#8221;{}&#8221;][et_pb_image src=&#8221;http:\/\/fundesplai.org\/mandala\/wp-content\/uploads\/sites\/6\/2021\/10\/ajuntament-de-barcelona-limes_reduides-15_rgb-770&#215;288-1.png&#8221; title_text=&#8221;ajuntament-de-barcelona-limes_reduides-15_rgb-770&#215;288&#8243; module_id=&#8221;logo-collaborador&#8221; module_class=&#8221;logo-collaborador&#8221; _builder_version=&#8221;4.16&#8243; _module_preset=&#8221;default&#8221; global_colors_info=&#8221;{}&#8221;][\/et_pb_image][\/et_pb_column][et_pb_column type=&#8221;1_4&#8243; _builder_version=&#8221;4.16&#8243; _module_preset=&#8221;default&#8221; global_colors_info=&#8221;{}&#8221;][et_pb_image src=&#8221;http:\/\/fundesplai.org\/mandala\/wp-content\/uploads\/sites\/6\/2021\/10\/Dfuz5jkWAAAFadw.jpg&#8221; title_text=&#8221;Dfuz5jkWAAAFadw&#8221; module_id=&#8221;logo-collaborador&#8221; module_class=&#8221;logo-collaborador&#8221; _builder_version=&#8221;4.16&#8243; _module_preset=&#8221;default&#8221; global_colors_info=&#8221;{}&#8221;][\/et_pb_image][\/et_pb_column][\/et_pb_row][\/et_pb_section]<\/p>\n","protected":false},"excerpt":{"rendered":"<p>Qu\u00e8 \u00e9s?Mandala\u00a0\u00e9s la segona proposta educativa de la campanya\u00a0Ciutadans Compromesos de l&#8217;any 2009-2010. Enguany ens proposem treballar a partir de la diversitat cultural que caracteritza la societat actual. El prop\u00f2sit principal de la proposta educativa \u00e9s promoure l\u2019enfocament intercultural i la fraternitat en l\u2019educaci\u00f3 en el lleure, per arribar a desenvolupar les compet\u00e8ncies necess\u00e0ries que [&hellip;]<\/p>\n","protected":false},"author":4,"featured_media":0,"parent":0,"menu_order":0,"comment_status":"closed","ping_status":"closed","template":"","meta":{"_et_pb_use_builder":"on","_et_pb_old_content":"<!-- wp:heading {\"level\":1} -->\r\n<h1>Mandala. La proposta<br>per a la interculturalitat i la fraternitat<\/h1>\r\n<!-- \/wp:heading -->\r\n\r\n<!-- wp:paragraph -->\r\n<p><strong>Mandala <\/strong>\u00e9s la segona proposta educativa de la campanya Ciutadans Compromesos. Enguany ens proposem treballar a partir de la diversitat cultural que caracteritza la societat actual.<\/p>\r\n<!-- \/wp:paragraph -->\r\n\r\n<!-- wp:paragraph -->\r\n<p>La conviv\u00e8ncia entre persones de diferents indrets del m\u00f3n suposa la coexist\u00e8ncia de diferents cultures, tradicions, creences, costums, idiomes\u2026 Per\u00f2 aquesta heterogene\u00eftat cont\u00e9 elements comuns que hem de prendre per partir d\u2019all\u00f2 que ens uneix i establir els vincles que ens permetin integrar la difer\u00e8ncia.<\/p>\r\n<!-- \/wp:paragraph -->\r\n\r\n<!-- wp:paragraph -->\r\n<p>El prop\u00f2sit principal de la proposta educativa \u00e9s promoure l\u2019enfocament intercultural i la fraternitat en l\u2019educaci\u00f3 en el lleure, per arribar a desenvolupar les compet\u00e8ncies necess\u00e0ries que ens permetin conviure en entorns de diversitat cultural.<\/p>\r\n<!-- \/wp:paragraph -->\r\n\r\n<!-- wp:paragraph -->\r\n<p>Per aix\u00f2 posem l\u2019accent en les relacions interpersonals acollidores, fraternes i solid\u00e0ries; en el respecte cap a l\u2019altre i els seus pensaments; els espais per al intercanvi intercultural, els vincles socials i la responsabilitat de cadasc\u00fa a l\u2019hora de fer possible una societat m\u00e9s justa.<\/p>\r\n<!-- \/wp:paragraph -->\r\n\r\n<!-- wp:paragraph -->\r\n<p>Volem promoure la ciutadania global, la conviv\u00e8ncia harm\u00f2nica i la participaci\u00f3 i el comprom\u00eds de qualitat; i volem fer-ho, com diu Brandao, potenciant els processos socials que s\u00f3n el cam\u00ed per a la creaci\u00f3 de la cultura i que, a la vegada, ens uneixen mentre treballem per all\u00f2 com\u00fa:<\/p>\r\n<!-- \/wp:paragraph -->\r\n\r\n<!-- wp:paragraph -->\r\n<p>\u201cAprendre \u00e9s abans que res, estar incl\u00f2s i participar en la creaci\u00f3, no tan sols de productes de la cultura sin\u00f3 de processos socials, de creaci\u00f3 d\u2019aquella cultura: processos que condueixen a un important canvi en la qualitat del comprom\u00eds, de la participaci\u00f3, del respecte al pensament ali\u00e8, de sentiments de solidaritat.\u201d (Brandao, 1986:85)<\/p>\r\n<!-- \/wp:paragraph -->","_et_gb_content_width":"1200","footnotes":""},"class_list":["post-6","page","type-page","status-publish","hentry"],"yoast_head":"<!-- This site is optimized with the Yoast SEO plugin v27.4 - https:\/\/yoast.com\/product\/yoast-seo-wordpress\/ -->\n<title>Presentaci\u00f3 - Mandala<\/title>\n<meta name=\"robots\" content=\"index, follow, max-snippet:-1, max-image-preview:large, max-video-preview:-1\" \/>\n<link rel=\"canonical\" href=\"https:\/\/fundesplai.org\/mandala\/\" \/>\n<meta property=\"og:locale\" content=\"ca_ES\" \/>\n<meta property=\"og:type\" content=\"article\" \/>\n<meta property=\"og:title\" content=\"Presentaci\u00f3 - Mandala\" \/>\n<meta property=\"og:description\" content=\"Qu\u00e8 \u00e9s?Mandala\u00a0\u00e9s la segona proposta educativa de la campanya\u00a0Ciutadans Compromesos de l&#039;any 2009-2010. Enguany ens proposem treballar a partir de la diversitat cultural que caracteritza la societat actual. El prop\u00f2sit principal de la proposta educativa \u00e9s promoure l\u2019enfocament intercultural i la fraternitat en l\u2019educaci\u00f3 en el lleure, per arribar a desenvolupar les compet\u00e8ncies necess\u00e0ries que [&hellip;]\" \/>\n<meta property=\"og:url\" content=\"https:\/\/fundesplai.org\/mandala\/\" \/>\n<meta property=\"og:site_name\" content=\"Mandala\" \/>\n<meta property=\"article:modified_time\" content=\"2023-03-16T11:30:14+00:00\" \/>\n<meta name=\"twitter:card\" content=\"summary_large_image\" \/>\n<meta name=\"twitter:label1\" content=\"Temps estimat de lectura\" \/>\n\t<meta name=\"twitter:data1\" content=\"5 minuts\" \/>\n<script type=\"application\/ld+json\" class=\"yoast-schema-graph\">{\"@context\":\"https:\\\/\\\/schema.org\",\"@graph\":[{\"@type\":\"WebPage\",\"@id\":\"https:\\\/\\\/fundesplai.org\\\/mandala\\\/\",\"url\":\"https:\\\/\\\/fundesplai.org\\\/mandala\\\/\",\"name\":\"Presentaci\u00f3 - Mandala\",\"isPartOf\":{\"@id\":\"https:\\\/\\\/fundesplai.org\\\/mandala\\\/#website\"},\"datePublished\":\"2021-08-10T08:38:06+00:00\",\"dateModified\":\"2023-03-16T11:30:14+00:00\",\"breadcrumb\":{\"@id\":\"https:\\\/\\\/fundesplai.org\\\/mandala\\\/#breadcrumb\"},\"inLanguage\":\"ca\",\"potentialAction\":[{\"@type\":\"ReadAction\",\"target\":[\"https:\\\/\\\/fundesplai.org\\\/mandala\\\/\"]}]},{\"@type\":\"BreadcrumbList\",\"@id\":\"https:\\\/\\\/fundesplai.org\\\/mandala\\\/#breadcrumb\",\"itemListElement\":[{\"@type\":\"ListItem\",\"position\":1,\"name\":\"Inici\",\"item\":\"\\\/\"},{\"@type\":\"ListItem\",\"position\":2,\"name\":\"Mandala\",\"item\":\"https:\\\/\\\/fundesplai.org\\\/mandala\"},{\"@type\":\"ListItem\",\"position\":3,\"name\":\"Presentaci\u00f3\"}]},{\"@type\":\"WebSite\",\"@id\":\"https:\\\/\\\/fundesplai.org\\\/mandala\\\/#website\",\"url\":\"https:\\\/\\\/fundesplai.org\\\/mandala\\\/\",\"name\":\"Mandala\",\"description\":\"Proposta educativa de Fundesplai\",\"potentialAction\":[{\"@type\":\"SearchAction\",\"target\":{\"@type\":\"EntryPoint\",\"urlTemplate\":\"https:\\\/\\\/fundesplai.org\\\/mandala\\\/?s={search_term_string}\"},\"query-input\":{\"@type\":\"PropertyValueSpecification\",\"valueRequired\":true,\"valueName\":\"search_term_string\"}}],\"inLanguage\":\"ca\"}]}<\/script>\n<!-- \/ Yoast SEO plugin. -->","yoast_head_json":{"title":"Presentaci\u00f3 - Mandala","robots":{"index":"index","follow":"follow","max-snippet":"max-snippet:-1","max-image-preview":"max-image-preview:large","max-video-preview":"max-video-preview:-1"},"canonical":"https:\/\/fundesplai.org\/mandala\/","og_locale":"ca_ES","og_type":"article","og_title":"Presentaci\u00f3 - Mandala","og_description":"Qu\u00e8 \u00e9s?Mandala\u00a0\u00e9s la segona proposta educativa de la campanya\u00a0Ciutadans Compromesos de l'any 2009-2010. Enguany ens proposem treballar a partir de la diversitat cultural que caracteritza la societat actual. El prop\u00f2sit principal de la proposta educativa \u00e9s promoure l\u2019enfocament intercultural i la fraternitat en l\u2019educaci\u00f3 en el lleure, per arribar a desenvolupar les compet\u00e8ncies necess\u00e0ries que [&hellip;]","og_url":"https:\/\/fundesplai.org\/mandala\/","og_site_name":"Mandala","article_modified_time":"2023-03-16T11:30:14+00:00","twitter_card":"summary_large_image","twitter_misc":{"Temps estimat de lectura":"5 minuts"},"schema":{"@context":"https:\/\/schema.org","@graph":[{"@type":"WebPage","@id":"https:\/\/fundesplai.org\/mandala\/","url":"https:\/\/fundesplai.org\/mandala\/","name":"Presentaci\u00f3 - Mandala","isPartOf":{"@id":"https:\/\/fundesplai.org\/mandala\/#website"},"datePublished":"2021-08-10T08:38:06+00:00","dateModified":"2023-03-16T11:30:14+00:00","breadcrumb":{"@id":"https:\/\/fundesplai.org\/mandala\/#breadcrumb"},"inLanguage":"ca","potentialAction":[{"@type":"ReadAction","target":["https:\/\/fundesplai.org\/mandala\/"]}]},{"@type":"BreadcrumbList","@id":"https:\/\/fundesplai.org\/mandala\/#breadcrumb","itemListElement":[{"@type":"ListItem","position":1,"name":"Inici","item":"\/"},{"@type":"ListItem","position":2,"name":"Mandala","item":"https:\/\/fundesplai.org\/mandala"},{"@type":"ListItem","position":3,"name":"Presentaci\u00f3"}]},{"@type":"WebSite","@id":"https:\/\/fundesplai.org\/mandala\/#website","url":"https:\/\/fundesplai.org\/mandala\/","name":"Mandala","description":"Proposta educativa de Fundesplai","potentialAction":[{"@type":"SearchAction","target":{"@type":"EntryPoint","urlTemplate":"https:\/\/fundesplai.org\/mandala\/?s={search_term_string}"},"query-input":{"@type":"PropertyValueSpecification","valueRequired":true,"valueName":"search_term_string"}}],"inLanguage":"ca"}]}},"_links":{"self":[{"href":"https:\/\/fundesplai.org\/mandala\/wp-json\/wp\/v2\/pages\/6","targetHints":{"allow":["GET"]}}],"collection":[{"href":"https:\/\/fundesplai.org\/mandala\/wp-json\/wp\/v2\/pages"}],"about":[{"href":"https:\/\/fundesplai.org\/mandala\/wp-json\/wp\/v2\/types\/page"}],"author":[{"embeddable":true,"href":"https:\/\/fundesplai.org\/mandala\/wp-json\/wp\/v2\/users\/4"}],"replies":[{"embeddable":true,"href":"https:\/\/fundesplai.org\/mandala\/wp-json\/wp\/v2\/comments?post=6"}],"version-history":[{"count":13,"href":"https:\/\/fundesplai.org\/mandala\/wp-json\/wp\/v2\/pages\/6\/revisions"}],"predecessor-version":[{"id":204,"href":"https:\/\/fundesplai.org\/mandala\/wp-json\/wp\/v2\/pages\/6\/revisions\/204"}],"wp:attachment":[{"href":"https:\/\/fundesplai.org\/mandala\/wp-json\/wp\/v2\/media?parent=6"}],"curies":[{"name":"wp","href":"https:\/\/api.w.org\/{rel}","templated":true}]}}