{"id":1422,"date":"2024-07-31T13:24:24","date_gmt":"2024-07-31T11:24:24","guid":{"rendered":"https:\/\/fundesplai.org\/hederacatalunya\/?page_id=1422"},"modified":"2024-10-08T11:59:22","modified_gmt":"2024-10-08T09:59:22","slug":"inscripcio-jornada","status":"publish","type":"page","link":"https:\/\/fundesplai.org\/hederacatalunya\/inscripcio-jornada\/","title":{"rendered":"Inscripci\u00f3 a la jornada del projecte Hedera"},"content":{"rendered":"<p>[et_pb_section fb_built=&#8221;1&#8243; _builder_version=&#8221;4.21.0&#8243; _module_preset=&#8221;default&#8221; global_colors_info=&#8221;{}&#8221;][et_pb_row _builder_version=&#8221;4.21.0&#8243; _module_preset=&#8221;default&#8221; global_colors_info=&#8221;{}&#8221;][et_pb_column type=&#8221;4_4&#8243; _builder_version=&#8221;4.21.0&#8243; _module_preset=&#8221;default&#8221; global_colors_info=&#8221;{}&#8221;][et_pb_text _builder_version=&#8221;4.21.0&#8243; _module_preset=&#8221;default&#8221; hover_enabled=&#8221;0&#8243; global_colors_info=&#8221;{}&#8221; sticky_enabled=&#8221;0&#8243;]<\/p>\n<h2 style=\"text-align: center\">INSCRIPCI\u00d3 A LA JORNADA DEL PROJECTE HEDERA<\/h2>\n<p style=\"text-align: center\">Omple aquest formulari d&#8217;inscripci\u00f3 per a la jornada del projecte Hedera que tindr\u00e0 lloc el dia <strong>10 d&#8217;octubre del 2024<\/strong> a l&#8217;auditori de Centre Esplai (c\/ Riu Anoia Carrer Riu Anoia 42-54, El Prat de Llobregat), <strong>de 10 a 13h.<\/strong><\/p>\n<p><strong>&gt; <a href=\"https:\/\/fundesplai.org\/hederacatalunya\/wp-content\/uploads\/sites\/29\/2024\/10\/Programa-Jornada-Hedera.pdf\" target=\"_blank\" rel=\"noopener\">Consulta el programa aqu\u00ed (PDF)<\/a><\/strong><\/p>\n<p>[\/et_pb_text][et_pb_text admin_label=&#8221;FORMULARI&#8221; _builder_version=&#8221;4.21.0&#8243; _module_preset=&#8221;default&#8221; custom_margin=&#8221;40px||||false|false&#8221; global_colors_info=&#8221;{}&#8221;]<br \/>\n[\/et_pb_text][\/et_pb_column][\/et_pb_row][\/et_pb_section]<\/p>\n","protected":false},"excerpt":{"rendered":"<p>INSCRIPCI\u00d3 A LA JORNADA DEL PROJECTE HEDERA Omple aquest formulari d&#8217;inscripci\u00f3 per a la jornada del projecte Hedera que tindr\u00e0 lloc el dia 10 d&#8217;octubre del 2024 a l&#8217;auditori de Centre Esplai (c\/ Riu Anoia Carrer Riu Anoia 42-54, El Prat de Llobregat), de 10 a 13h. &gt; Consulta el programa aqu\u00ed (PDF)<p class=\"gform_not_found\">Ups! No hem pogut localitzar el teu formulari.<\/p><\/p>\n","protected":false},"author":3,"featured_media":0,"parent":0,"menu_order":0,"comment_status":"closed","ping_status":"closed","template":"","meta":{"_et_pb_use_builder":"on","_et_pb_old_content":"","_et_gb_content_width":"","footnotes":""},"class_list":["post-1422","page","type-page","status-publish","hentry"],"yoast_head":"<!-- This site is optimized with the Yoast SEO plugin v27.5 - https:\/\/yoast.com\/product\/yoast-seo-wordpress\/ -->\n<title>Inscripci\u00f3 a la jornada del projecte Hedera - Hedera<\/title>\n<meta name=\"robots\" content=\"index, follow, max-snippet:-1, max-image-preview:large, max-video-preview:-1\" \/>\n<link rel=\"canonical\" href=\"https:\/\/fundesplai.org\/hederacatalunya\/inscripcio-jornada\/\" \/>\n<meta property=\"og:locale\" content=\"ca_ES\" \/>\n<meta property=\"og:type\" content=\"article\" \/>\n<meta property=\"og:title\" content=\"Inscripci\u00f3 a la jornada del projecte Hedera - Hedera\" \/>\n<meta property=\"og:description\" content=\"INSCRIPCI\u00d3 A LA JORNADA DEL PROJECTE HEDERA Omple aquest formulari d&#039;inscripci\u00f3 per a la jornada del projecte Hedera que tindr\u00e0 lloc el dia 10 d&#039;octubre del 2024 a l&#039;auditori de Centre Esplai (c\/ Riu Anoia Carrer Riu Anoia 42-54, El Prat de Llobregat), de 10 a 13h. &gt; Consulta el programa aqu\u00ed (PDF)\" \/>\n<meta property=\"og:url\" content=\"https:\/\/fundesplai.org\/hederacatalunya\/inscripcio-jornada\/\" \/>\n<meta property=\"og:site_name\" content=\"Hedera\" \/>\n<meta property=\"article:modified_time\" content=\"2024-10-08T09:59:22+00:00\" \/>\n<meta name=\"twitter:card\" content=\"summary_large_image\" \/>\n<meta name=\"twitter:label1\" content=\"Temps estimat de lectura\" \/>\n\t<meta name=\"twitter:data1\" content=\"1 minut\" \/>\n<script type=\"application\/ld+json\" class=\"yoast-schema-graph\">{\"@context\":\"https:\\\/\\\/schema.org\",\"@graph\":[{\"@type\":\"WebPage\",\"@id\":\"https:\\\/\\\/fundesplai.org\\\/hederacatalunya\\\/inscripcio-jornada\\\/\",\"url\":\"https:\\\/\\\/fundesplai.org\\\/hederacatalunya\\\/inscripcio-jornada\\\/\",\"name\":\"Inscripci\u00f3 a la jornada del projecte Hedera - Hedera\",\"isPartOf\":{\"@id\":\"https:\\\/\\\/fundesplai.org\\\/hederacatalunya\\\/#website\"},\"datePublished\":\"2024-07-31T11:24:24+00:00\",\"dateModified\":\"2024-10-08T09:59:22+00:00\",\"breadcrumb\":{\"@id\":\"https:\\\/\\\/fundesplai.org\\\/hederacatalunya\\\/inscripcio-jornada\\\/#breadcrumb\"},\"inLanguage\":\"ca\",\"potentialAction\":[{\"@type\":\"ReadAction\",\"target\":[\"https:\\\/\\\/fundesplai.org\\\/hederacatalunya\\\/inscripcio-jornada\\\/\"]}]},{\"@type\":\"BreadcrumbList\",\"@id\":\"https:\\\/\\\/fundesplai.org\\\/hederacatalunya\\\/inscripcio-jornada\\\/#breadcrumb\",\"itemListElement\":[{\"@type\":\"ListItem\",\"position\":1,\"name\":\"Inici\",\"item\":\"\\\/\"},{\"@type\":\"ListItem\",\"position\":2,\"name\":\"Hedera\",\"item\":\"https:\\\/\\\/fundesplai.org\\\/hederacatalunya\"},{\"@type\":\"ListItem\",\"position\":3,\"name\":\"Inscripci\u00f3 a la jornada del projecte Hedera\"}]},{\"@type\":\"WebSite\",\"@id\":\"https:\\\/\\\/fundesplai.org\\\/hederacatalunya\\\/#website\",\"url\":\"https:\\\/\\\/fundesplai.org\\\/hederacatalunya\\\/\",\"name\":\"Hedera\",\"description\":\"\",\"potentialAction\":[{\"@type\":\"SearchAction\",\"target\":{\"@type\":\"EntryPoint\",\"urlTemplate\":\"https:\\\/\\\/fundesplai.org\\\/hederacatalunya\\\/?s={search_term_string}\"},\"query-input\":{\"@type\":\"PropertyValueSpecification\",\"valueRequired\":true,\"valueName\":\"search_term_string\"}}],\"inLanguage\":\"ca\"}]}<\/script>\n<!-- \/ Yoast SEO plugin. -->","yoast_head_json":{"title":"Inscripci\u00f3 a la jornada del projecte Hedera - Hedera","robots":{"index":"index","follow":"follow","max-snippet":"max-snippet:-1","max-image-preview":"max-image-preview:large","max-video-preview":"max-video-preview:-1"},"canonical":"https:\/\/fundesplai.org\/hederacatalunya\/inscripcio-jornada\/","og_locale":"ca_ES","og_type":"article","og_title":"Inscripci\u00f3 a la jornada del projecte Hedera - Hedera","og_description":"INSCRIPCI\u00d3 A LA JORNADA DEL PROJECTE HEDERA Omple aquest formulari d'inscripci\u00f3 per a la jornada del projecte Hedera que tindr\u00e0 lloc el dia 10 d'octubre del 2024 a l'auditori de Centre Esplai (c\/ Riu Anoia Carrer Riu Anoia 42-54, El Prat de Llobregat), de 10 a 13h. &gt; Consulta el programa aqu\u00ed (PDF)","og_url":"https:\/\/fundesplai.org\/hederacatalunya\/inscripcio-jornada\/","og_site_name":"Hedera","article_modified_time":"2024-10-08T09:59:22+00:00","twitter_card":"summary_large_image","twitter_misc":{"Temps estimat de lectura":"1 minut"},"schema":{"@context":"https:\/\/schema.org","@graph":[{"@type":"WebPage","@id":"https:\/\/fundesplai.org\/hederacatalunya\/inscripcio-jornada\/","url":"https:\/\/fundesplai.org\/hederacatalunya\/inscripcio-jornada\/","name":"Inscripci\u00f3 a la jornada del projecte Hedera - Hedera","isPartOf":{"@id":"https:\/\/fundesplai.org\/hederacatalunya\/#website"},"datePublished":"2024-07-31T11:24:24+00:00","dateModified":"2024-10-08T09:59:22+00:00","breadcrumb":{"@id":"https:\/\/fundesplai.org\/hederacatalunya\/inscripcio-jornada\/#breadcrumb"},"inLanguage":"ca","potentialAction":[{"@type":"ReadAction","target":["https:\/\/fundesplai.org\/hederacatalunya\/inscripcio-jornada\/"]}]},{"@type":"BreadcrumbList","@id":"https:\/\/fundesplai.org\/hederacatalunya\/inscripcio-jornada\/#breadcrumb","itemListElement":[{"@type":"ListItem","position":1,"name":"Inici","item":"\/"},{"@type":"ListItem","position":2,"name":"Hedera","item":"https:\/\/fundesplai.org\/hederacatalunya"},{"@type":"ListItem","position":3,"name":"Inscripci\u00f3 a la jornada del projecte Hedera"}]},{"@type":"WebSite","@id":"https:\/\/fundesplai.org\/hederacatalunya\/#website","url":"https:\/\/fundesplai.org\/hederacatalunya\/","name":"Hedera","description":"","potentialAction":[{"@type":"SearchAction","target":{"@type":"EntryPoint","urlTemplate":"https:\/\/fundesplai.org\/hederacatalunya\/?s={search_term_string}"},"query-input":{"@type":"PropertyValueSpecification","valueRequired":true,"valueName":"search_term_string"}}],"inLanguage":"ca"}]}},"_links":{"self":[{"href":"https:\/\/fundesplai.org\/hederacatalunya\/wp-json\/wp\/v2\/pages\/1422","targetHints":{"allow":["GET"]}}],"collection":[{"href":"https:\/\/fundesplai.org\/hederacatalunya\/wp-json\/wp\/v2\/pages"}],"about":[{"href":"https:\/\/fundesplai.org\/hederacatalunya\/wp-json\/wp\/v2\/types\/page"}],"author":[{"embeddable":true,"href":"https:\/\/fundesplai.org\/hederacatalunya\/wp-json\/wp\/v2\/users\/3"}],"replies":[{"embeddable":true,"href":"https:\/\/fundesplai.org\/hederacatalunya\/wp-json\/wp\/v2\/comments?post=1422"}],"version-history":[{"count":13,"href":"https:\/\/fundesplai.org\/hederacatalunya\/wp-json\/wp\/v2\/pages\/1422\/revisions"}],"predecessor-version":[{"id":1642,"href":"https:\/\/fundesplai.org\/hederacatalunya\/wp-json\/wp\/v2\/pages\/1422\/revisions\/1642"}],"wp:attachment":[{"href":"https:\/\/fundesplai.org\/hederacatalunya\/wp-json\/wp\/v2\/media?parent=1422"}],"curies":[{"name":"wp","href":"https:\/\/api.w.org\/{rel}","templated":true}]}}

Inscripció a la jornada del projecte Hedera

<p>[et_pb_section fb_built=&#8221;1&#8243; _builder_version=&#8221;4.21.0&#8243; _module_preset=&#8221;default&#8221; global_colors_info=&#8221;{}&#8221;][et_pb_row _builder_version=&#8221;4.21.0&#8243; _module_preset=&#8221;default&#8221; global_colors_info=&#8221;{}&#8221;][et_pb_column type=&#8221;4_4&#8243; _builder_version=&#8221;4.21.0&#8243; _module_preset=&#8221;default&#8221; global_colors_info=&#8221;{}&#8221;][et_pb_text _builder_version=&#8221;4.21.0&#8243; _module_preset=&#8221;default&#8221; hover_enabled=&#8221;0&#8243; global_colors_info=&#8221;{}&#8221; sticky_enabled=&#8221;0&#8243;]</p>
<h2 style="text-align: center">INSCRIPCIÓ A LA JORNADA DEL PROJECTE HEDERA</h2>
<p style="text-align: center">Omple aquest formulari d&#8217;inscripció per a la jornada del projecte Hedera que tindrà lloc el dia <strong>10 d&#8217;octubre del 2024</strong> a l&#8217;auditori de Centre Esplai (c/ Riu Anoia Carrer Riu Anoia 42-54, El Prat de Llobregat), <strong>de 10 a 13h.</strong></p>
<p><strong>&gt; <a href="https://fundesplai.org/hederacatalunya/wp-content/uploads/sites/29/2024/10/Programa-Jornada-Hedera.pdf" target="_blank" rel="noopener">Consulta el programa aquí (PDF)</a></strong></p>
<p>[/et_pb_text][et_pb_text admin_label=&#8221;FORMULARI&#8221; _builder_version=&#8221;4.21.0&#8243; _module_preset=&#8221;default&#8221; custom_margin=&#8221;40px||||false|false&#8221; global_colors_info=&#8221;{}&#8221;]<br />
[/et_pb_text][/et_pb_column][/et_pb_row][/et_pb_section]</p>

<p>INSCRIPCIÓ A LA JORNADA DEL PROJECTE HEDERA Omple aquest formulari d&#8217;inscripció per a la jornada del projecte Hedera que tindrà lloc el dia 10 d&#8217;octubre del 2024 a l&#8217;auditori de Centre Esplai (c/ Riu Anoia Carrer Riu Anoia 42-54, El Prat de Llobregat), de 10 a 13h. &gt; Consulta el programa aquí (PDF)<p class="gform_not_found">Ups! No hem pogut localitzar el teu formulari.</p></p>

<!-- This site is optimized with the Yoast SEO plugin v27.5 - https://yoast.com/product/yoast-seo-wordpress/ -->
<title>Inscripció a la jornada del projecte Hedera - Hedera</title>
<meta name="robots" content="index, follow, max-snippet:-1, max-image-preview:large, max-video-preview:-1" />
<link rel="canonical" href="https://fundesplai.org/hederacatalunya/inscripcio-jornada/" />
<meta property="og:locale" content="ca_ES" />
<meta property="og:type" content="article" />
<meta property="og:title" content="Inscripció a la jornada del projecte Hedera - Hedera" />
<meta property="og:description" content="INSCRIPCIÓ A LA JORNADA DEL PROJECTE HEDERA Omple aquest formulari d&#039;inscripció per a la jornada del projecte Hedera que tindrà lloc el dia 10 d&#039;octubre del 2024 a l&#039;auditori de Centre Esplai (c/ Riu Anoia Carrer Riu Anoia 42-54, El Prat de Llobregat), de 10 a 13h. &gt; Consulta el programa aquí (PDF)" />
<meta property="og:url" content="https://fundesplai.org/hederacatalunya/inscripcio-jornada/" />
<meta property="og:site_name" content="Hedera" />
<meta property="article:modified_time" content="2024-10-08T09:59:22+00:00" />
<meta name="twitter:card" content="summary_large_image" />
<meta name="twitter:label1" content="Temps estimat de lectura" />
	<meta name="twitter:data1" content="1 minut" />
<script type="application/ld+json" class="yoast-schema-graph">{"@context":"https:\/\/schema.org","@graph":[{"@type":"WebPage","@id":"https:\/\/fundesplai.org\/hederacatalunya\/inscripcio-jornada\/","url":"https:\/\/fundesplai.org\/hederacatalunya\/inscripcio-jornada\/","name":"Inscripció a la jornada del projecte Hedera - Hedera","isPartOf":{"@id":"https:\/\/fundesplai.org\/hederacatalunya\/#website"},"datePublished":"2024-07-31T11:24:24+00:00","dateModified":"2024-10-08T09:59:22+00:00","breadcrumb":{"@id":"https:\/\/fundesplai.org\/hederacatalunya\/inscripcio-jornada\/#breadcrumb"},"inLanguage":"ca","potentialAction":[{"@type":"ReadAction","target":["https:\/\/fundesplai.org\/hederacatalunya\/inscripcio-jornada\/"]}]},{"@type":"BreadcrumbList","@id":"https:\/\/fundesplai.org\/hederacatalunya\/inscripcio-jornada\/#breadcrumb","itemListElement":[{"@type":"ListItem","position":1,"name":"Inici","item":"\/"},{"@type":"ListItem","position":2,"name":"Hedera","item":"https:\/\/fundesplai.org\/hederacatalunya"},{"@type":"ListItem","position":3,"name":"Inscripció a la jornada del projecte Hedera"}]},{"@type":"WebSite","@id":"https:\/\/fundesplai.org\/hederacatalunya\/#website","url":"https:\/\/fundesplai.org\/hederacatalunya\/","name":"Hedera","description":"","potentialAction":[{"@type":"SearchAction","target":{"@type":"EntryPoint","urlTemplate":"https:\/\/fundesplai.org\/hederacatalunya\/?s={search_term_string}"},"query-input":{"@type":"PropertyValueSpecification","valueRequired":true,"valueName":"search_term_string"}}],"inLanguage":"ca"}]}</script>
<!-- / Yoast SEO plugin. -->

Inscripció a la jornada del projecte Hedera - Hedera

INSCRIPCIÓ A LA JORNADA DEL PROJECTE HEDERA Omple aquest formulari d'inscripció per a la jornada del projecte Hedera que tindrà lloc el dia 10 d'octubre del 2024 a l'auditori de Centre Esplai (c/ Riu Anoia Carrer Riu Anoia 42-54, El Prat de Llobregat), de 10 a 13h. &gt; Consulta el programa aquí (PDF)
