{"id":46598,"date":"2021-05-17T08:31:03","date_gmt":"2021-05-17T06:31:03","guid":{"rendered":"https:\/\/fundesplai.org\/nuestra-historia\/"},"modified":"2024-12-08T13:49:22","modified_gmt":"2024-12-08T12:49:22","slug":"nuestra-historia","status":"publish","type":"page","link":"https:\/\/fundesplai.org\/es\/conoce\/nuestra-historia\/","title":{"rendered":"Nuestra historia"},"content":{"rendered":"<p>[et_pb_section fb_built=\u00bb1&#8243; _builder_version=\u00bb4.16&#8243; _module_preset=\u00bbdefault\u00bb custom_margin=\u00bb30px||||false|false\u00bb global_colors_info=\u00bb{}\u00bb][et_pb_row _builder_version=\u00bb4.16&#8243; _module_preset=\u00bbdefault\u00bb global_colors_info=\u00bb{}\u00bb][et_pb_column type=\u00bb4_4&#8243; _builder_version=\u00bb4.16&#8243; _module_preset=\u00bbdefault\u00bb global_colors_info=\u00bb{}\u00bb][et_pb_post_title _builder_version=\u00bb4.19.0&#8243; _module_preset=\u00bbdefault\u00bb global_colors_info=\u00bb{}\u00bb][\/et_pb_post_title][et_pb_text _builder_version=\u00bb4.17.4&#8243; _module_preset=\u00bbdefault\u00bb global_colors_info=\u00bb{}\u00bb]<\/p>\n<p style=\"text-align: center\"><strong>M\u00e1s de 50 a\u00f1os transformando y mejorando a la sociedad catalana a trav\u00e9s de la educaci\u00f3n en el tiempo libre y el movimiento asociativo.<\/strong><br \/>Desde el principio, fue un proceso colectivo y diversificado en el territorio, fuertemente marcado por el movimiento obrero de finales del franquismo. Desde entonces, Fundesplai ha crecido mucho y ha permitido que miles de ni\u00f1os, ni\u00f1as, j\u00f3venes y familias disfruten del ocio educativo, contribuyendo a su crecimiento personal y colectivo y a la protecci\u00f3n de la naturaleza a trav\u00e9s de la educaci\u00f3n ambiental. Hemos caminado cada d\u00eda con la br\u00fajula de nuestra <a href=\"https:\/\/fundesplai.org\/es\/conoce\/mision-y-valores\/\">misi\u00f3n y valores<\/a>, apostando por los Derechos Humanos, por <strong>la educaci\u00f3n, la convivencia y la sostenibilidad<\/strong> y favoreciendo la econom\u00eda social, el tejido asociativo y la cohesi\u00f3n social para ir construyendo, poco a poco, un mundo un poco mejor.<\/p>\n<p>[\/et_pb_text][\/et_pb_column][\/et_pb_row][\/et_pb_section][et_pb_section fb_built=\u00bb1&#8243; _builder_version=\u00bb4.16&#8243; _module_preset=\u00bbdefault\u00bb custom_margin=\u00bb||||false|false\u00bb global_colors_info=\u00bb{}\u00bb][et_pb_row _builder_version=\u00bb4.16&#8243; _module_preset=\u00bbdefault\u00bb global_colors_info=\u00bb{}\u00bb][et_pb_column type=\u00bb4_4&#8243; _builder_version=\u00bb4.16&#8243; _module_preset=\u00bbdefault\u00bb global_colors_info=\u00bb{}\u00bb][et_pb_code admin_label=\u00bbTimeline\u00bb _builder_version=\u00bb4.21.0&#8243; _module_preset=\u00bbdefault\u00bb hover_enabled=\u00bb0&#8243; global_colors_info=\u00bb{}\u00bb sticky_enabled=\u00bb0&#8243;]\t\t\t<!-- Cool Timeline PRO V4.9.1 -->\r\n\t\t\t<div class=\"ctl-wrapper\" role=\"region\" aria-label=\"Timeline\">\r\n\t\t\t\t\t\t\t\t<div id=\"cool_timeline_1\" class=\"cool-timeline-wrapper ctl-both-sided ctl-vertical-wrapper ctl-compact-wrapper ctl-default\" data-nav=\"show\" data-line-filling=\"false\" data-nav-pos=\"right\" data-nav-style=\"style-1\">\r\n\t\t\t\t\t<div class=\"ctl-start\"><\/div>\r\n\t\t\t\t\t<!-- Timeline Container -->\r\n\t\t\t\t\t<div class=\"ctl-timeline ctl-timeline-container\" data-animation=\"fade\" aria-live=\"polite\">\r\n\t\t\t\t\t\t<!-- Center Line -->\r\n\t\t\t\t\t\t<div class=\"ctl-inner-line\" role=\"presentation\"><\/div>\r\n\t\t\t\t\t\t<div class=\"no-content\"><h4>Lo sentimos, todav\u00eda no has a\u00f1adido ninguna historia.<\/h4><\/div>\t\t\t\t\t<\/div>\r\n\t\t\t\t\t<div class=\"ctl-end\"><\/div>\r\n\t\t\t\t\t\t\t\t\t\t<!-- Each Timeline Style -->\r\n\t\t\t\t\t<style id=\"cool_timeline_1-styles\" type=\"text\/css\">\r\n\t\t\t\t\t\t.ctl-wrapper .cool-timeline-wrapper.ctl-compact-wrapper.ctl-default {--ctw-cbx-title-color: #666666;}\t\t\t\t\t\t\/* Specific Story Style Start *\/\/* Specific Story Style End *\/\t\t\t\t\t<\/style>\r\n\t\t\t\t\t\t\t\t\t\t<\/div>\r\n\t\t\t<\/div>\r\n\t\t\t[\/et_pb_code][\/et_pb_column][\/et_pb_row][\/et_pb_section]<\/p>\n","protected":false},"excerpt":{"rendered":"<p>Historia de m\u00e1s de 50 a\u00f1os transformando y mejorando a la sociedad catalana a trav\u00e9s de la educaci\u00f3n en el tiempo libre y el movimiento asociativo.<\/p>\n","protected":false},"author":1,"featured_media":35003,"parent":46601,"menu_order":0,"comment_status":"closed","ping_status":"closed","template":"","meta":{"_et_pb_use_builder":"on","_et_pb_old_content":"","_et_gb_content_width":"","footnotes":""},"class_list":["post-46598","page","type-page","status-publish","has-post-thumbnail","hentry"],"yoast_head":"<!-- This site is optimized with the Yoast SEO plugin v27.5 - https:\/\/yoast.com\/product\/yoast-seo-wordpress\/ -->\n<title>Nuestra historia - Fundesplai<\/title>\n<meta name=\"description\" content=\"Historia de m\u00e1s de 50 a\u00f1os transformando y mejorando a la sociedad catalana a trav\u00e9s de la educaci\u00f3n en el tiempo libre y el movimiento asociativo.\" \/>\n<meta name=\"robots\" content=\"index, follow, max-snippet:-1, max-image-preview:large, max-video-preview:-1\" \/>\n<link rel=\"canonical\" href=\"https:\/\/fundesplai.org\/es\/conoce\/nuestra-historia\/\" \/>\n<meta property=\"og:locale\" content=\"es_ES\" \/>\n<meta property=\"og:type\" content=\"article\" \/>\n<meta property=\"og:title\" content=\"Nuestra historia - Fundesplai\" \/>\n<meta property=\"og:description\" content=\"Historia de m\u00e1s de 50 a\u00f1os transformando y mejorando a la sociedad catalana a trav\u00e9s de la educaci\u00f3n en el tiempo libre y el movimiento asociativo.\" \/>\n<meta property=\"og:url\" content=\"https:\/\/fundesplai.org\/es\/conoce\/nuestra-historia\/\" \/>\n<meta property=\"og:site_name\" content=\"Fundesplai\" \/>\n<meta property=\"article:modified_time\" content=\"2024-12-08T12:49:22+00:00\" \/>\n<meta property=\"og:image\" content=\"https:\/\/fundesplai.org\/wp-content\/uploads\/2022\/04\/Cabalies_primeres-colonies-Fundesplai.jpg\" \/>\n\t<meta property=\"og:image:width\" content=\"600\" \/>\n\t<meta property=\"og:image:height\" content=\"350\" \/>\n\t<meta property=\"og:image:type\" content=\"image\/jpeg\" \/>\n<meta name=\"twitter:card\" content=\"summary_large_image\" \/>\n<meta name=\"twitter:label1\" content=\"Tiempo de lectura\" \/>\n\t<meta name=\"twitter:data1\" content=\"1 minuto\" \/>\n<script type=\"application\/ld+json\" class=\"yoast-schema-graph\">{\"@context\":\"https:\\\/\\\/schema.org\",\"@graph\":[{\"@type\":\"WebPage\",\"@id\":\"https:\\\/\\\/fundesplai.org\\\/es\\\/conoce\\\/nuestra-historia\\\/\",\"url\":\"https:\\\/\\\/fundesplai.org\\\/es\\\/conoce\\\/nuestra-historia\\\/\",\"name\":\"Nuestra historia - Fundesplai\",\"isPartOf\":{\"@id\":\"https:\\\/\\\/fundesplai.org\\\/es\\\/#website\"},\"primaryImageOfPage\":{\"@id\":\"https:\\\/\\\/fundesplai.org\\\/es\\\/conoce\\\/nuestra-historia\\\/#primaryimage\"},\"image\":{\"@id\":\"https:\\\/\\\/fundesplai.org\\\/es\\\/conoce\\\/nuestra-historia\\\/#primaryimage\"},\"thumbnailUrl\":\"https:\\\/\\\/fundesplai.org\\\/wp-content\\\/uploads\\\/2022\\\/04\\\/Cabalies_primeres-colonies-Fundesplai.jpg\",\"datePublished\":\"2021-05-17T06:31:03+00:00\",\"dateModified\":\"2024-12-08T12:49:22+00:00\",\"description\":\"Historia de m\u00e1s de 50 a\u00f1os transformando y mejorando a la sociedad catalana a trav\u00e9s de la educaci\u00f3n en el tiempo libre y el movimiento asociativo.\",\"breadcrumb\":{\"@id\":\"https:\\\/\\\/fundesplai.org\\\/es\\\/conoce\\\/nuestra-historia\\\/#breadcrumb\"},\"inLanguage\":\"es\",\"potentialAction\":[{\"@type\":\"ReadAction\",\"target\":[\"https:\\\/\\\/fundesplai.org\\\/es\\\/conoce\\\/nuestra-historia\\\/\"]}]},{\"@type\":\"ImageObject\",\"inLanguage\":\"es\",\"@id\":\"https:\\\/\\\/fundesplai.org\\\/es\\\/conoce\\\/nuestra-historia\\\/#primaryimage\",\"url\":\"https:\\\/\\\/fundesplai.org\\\/wp-content\\\/uploads\\\/2022\\\/04\\\/Cabalies_primeres-colonies-Fundesplai.jpg\",\"contentUrl\":\"https:\\\/\\\/fundesplai.org\\\/wp-content\\\/uploads\\\/2022\\\/04\\\/Cabalies_primeres-colonies-Fundesplai.jpg\",\"width\":600,\"height\":350,\"caption\":\"Cabalies_primeres col\u00f2nies Fundesplai\"},{\"@type\":\"BreadcrumbList\",\"@id\":\"https:\\\/\\\/fundesplai.org\\\/es\\\/conoce\\\/nuestra-historia\\\/#breadcrumb\",\"itemListElement\":[{\"@type\":\"ListItem\",\"position\":1,\"name\":\"Inici\",\"item\":\"https:\\\/\\\/fundesplai.org\\\/es\\\/inicio\\\/\"},{\"@type\":\"ListItem\",\"position\":2,\"name\":\"Conoce\",\"item\":\"https:\\\/\\\/fundesplai.org\\\/es\\\/conoce\\\/\"},{\"@type\":\"ListItem\",\"position\":3,\"name\":\"Nuestra historia\"}]},{\"@type\":\"WebSite\",\"@id\":\"https:\\\/\\\/fundesplai.org\\\/es\\\/#website\",\"url\":\"https:\\\/\\\/fundesplai.org\\\/es\\\/\",\"name\":\"Fundesplai\",\"description\":\"Eduquem per la conviv\u00e8ncia i la sostenibilitat\",\"potentialAction\":[{\"@type\":\"SearchAction\",\"target\":{\"@type\":\"EntryPoint\",\"urlTemplate\":\"https:\\\/\\\/fundesplai.org\\\/es\\\/?s={search_term_string}\"},\"query-input\":{\"@type\":\"PropertyValueSpecification\",\"valueRequired\":true,\"valueName\":\"search_term_string\"}}],\"inLanguage\":\"es\"}]}<\/script>\n<!-- \/ Yoast SEO plugin. -->","yoast_head_json":{"title":"Nuestra historia - Fundesplai","description":"Historia de m\u00e1s de 50 a\u00f1os transformando y mejorando a la sociedad catalana a trav\u00e9s de la educaci\u00f3n en el tiempo libre y el movimiento asociativo.","robots":{"index":"index","follow":"follow","max-snippet":"max-snippet:-1","max-image-preview":"max-image-preview:large","max-video-preview":"max-video-preview:-1"},"canonical":"https:\/\/fundesplai.org\/es\/conoce\/nuestra-historia\/","og_locale":"es_ES","og_type":"article","og_title":"Nuestra historia - Fundesplai","og_description":"Historia de m\u00e1s de 50 a\u00f1os transformando y mejorando a la sociedad catalana a trav\u00e9s de la educaci\u00f3n en el tiempo libre y el movimiento asociativo.","og_url":"https:\/\/fundesplai.org\/es\/conoce\/nuestra-historia\/","og_site_name":"Fundesplai","article_modified_time":"2024-12-08T12:49:22+00:00","og_image":[{"width":600,"height":350,"url":"https:\/\/fundesplai.org\/wp-content\/uploads\/2022\/04\/Cabalies_primeres-colonies-Fundesplai.jpg","type":"image\/jpeg"}],"twitter_card":"summary_large_image","twitter_misc":{"Tiempo de lectura":"1 minuto"},"schema":{"@context":"https:\/\/schema.org","@graph":[{"@type":"WebPage","@id":"https:\/\/fundesplai.org\/es\/conoce\/nuestra-historia\/","url":"https:\/\/fundesplai.org\/es\/conoce\/nuestra-historia\/","name":"Nuestra historia - Fundesplai","isPartOf":{"@id":"https:\/\/fundesplai.org\/es\/#website"},"primaryImageOfPage":{"@id":"https:\/\/fundesplai.org\/es\/conoce\/nuestra-historia\/#primaryimage"},"image":{"@id":"https:\/\/fundesplai.org\/es\/conoce\/nuestra-historia\/#primaryimage"},"thumbnailUrl":"https:\/\/fundesplai.org\/wp-content\/uploads\/2022\/04\/Cabalies_primeres-colonies-Fundesplai.jpg","datePublished":"2021-05-17T06:31:03+00:00","dateModified":"2024-12-08T12:49:22+00:00","description":"Historia de m\u00e1s de 50 a\u00f1os transformando y mejorando a la sociedad catalana a trav\u00e9s de la educaci\u00f3n en el tiempo libre y el movimiento asociativo.","breadcrumb":{"@id":"https:\/\/fundesplai.org\/es\/conoce\/nuestra-historia\/#breadcrumb"},"inLanguage":"es","potentialAction":[{"@type":"ReadAction","target":["https:\/\/fundesplai.org\/es\/conoce\/nuestra-historia\/"]}]},{"@type":"ImageObject","inLanguage":"es","@id":"https:\/\/fundesplai.org\/es\/conoce\/nuestra-historia\/#primaryimage","url":"https:\/\/fundesplai.org\/wp-content\/uploads\/2022\/04\/Cabalies_primeres-colonies-Fundesplai.jpg","contentUrl":"https:\/\/fundesplai.org\/wp-content\/uploads\/2022\/04\/Cabalies_primeres-colonies-Fundesplai.jpg","width":600,"height":350,"caption":"Cabalies_primeres col\u00f2nies Fundesplai"},{"@type":"BreadcrumbList","@id":"https:\/\/fundesplai.org\/es\/conoce\/nuestra-historia\/#breadcrumb","itemListElement":[{"@type":"ListItem","position":1,"name":"Inici","item":"https:\/\/fundesplai.org\/es\/inicio\/"},{"@type":"ListItem","position":2,"name":"Conoce","item":"https:\/\/fundesplai.org\/es\/conoce\/"},{"@type":"ListItem","position":3,"name":"Nuestra historia"}]},{"@type":"WebSite","@id":"https:\/\/fundesplai.org\/es\/#website","url":"https:\/\/fundesplai.org\/es\/","name":"Fundesplai","description":"Eduquem per la conviv\u00e8ncia i la sostenibilitat","potentialAction":[{"@type":"SearchAction","target":{"@type":"EntryPoint","urlTemplate":"https:\/\/fundesplai.org\/es\/?s={search_term_string}"},"query-input":{"@type":"PropertyValueSpecification","valueRequired":true,"valueName":"search_term_string"}}],"inLanguage":"es"}]}},"_links":{"self":[{"href":"https:\/\/fundesplai.org\/es\/wp-json\/wp\/v2\/pages\/46598","targetHints":{"allow":["GET"]}}],"collection":[{"href":"https:\/\/fundesplai.org\/es\/wp-json\/wp\/v2\/pages"}],"about":[{"href":"https:\/\/fundesplai.org\/es\/wp-json\/wp\/v2\/types\/page"}],"author":[{"embeddable":true,"href":"https:\/\/fundesplai.org\/es\/wp-json\/wp\/v2\/users\/1"}],"replies":[{"embeddable":true,"href":"https:\/\/fundesplai.org\/es\/wp-json\/wp\/v2\/comments?post=46598"}],"version-history":[{"count":24,"href":"https:\/\/fundesplai.org\/es\/wp-json\/wp\/v2\/pages\/46598\/revisions"}],"predecessor-version":[{"id":70641,"href":"https:\/\/fundesplai.org\/es\/wp-json\/wp\/v2\/pages\/46598\/revisions\/70641"}],"up":[{"embeddable":true,"href":"https:\/\/fundesplai.org\/es\/wp-json\/wp\/v2\/pages\/46601"}],"wp:featuredmedia":[{"embeddable":true,"href":"https:\/\/fundesplai.org\/es\/wp-json\/wp\/v2\/media\/35003"}],"wp:attachment":[{"href":"https:\/\/fundesplai.org\/es\/wp-json\/wp\/v2\/media?parent=46598"}],"curies":[{"name":"wp","href":"https:\/\/api.w.org\/{rel}","templated":true}]}}

<p>[et_pb_section fb_built=»1&#8243; _builder_version=»4.16&#8243; _module_preset=»default» custom_margin=»30px||||false|false» global_colors_info=»{}»][et_pb_row _builder_version=»4.16&#8243; _module_preset=»default» global_colors_info=»{}»][et_pb_column type=»4_4&#8243; _builder_version=»4.16&#8243; _module_preset=»default» global_colors_info=»{}»][et_pb_post_title _builder_version=»4.19.0&#8243; _module_preset=»default» global_colors_info=»{}»][/et_pb_post_title][et_pb_text _builder_version=»4.17.4&#8243; _module_preset=»default» global_colors_info=»{}»]</p>
<p style="text-align: center"><strong>Más de 50 años transformando y mejorando a la sociedad catalana a través de la educación en el tiempo libre y el movimiento asociativo.</strong><br />Desde el principio, fue un proceso colectivo y diversificado en el territorio, fuertemente marcado por el movimiento obrero de finales del franquismo. Desde entonces, Fundesplai ha crecido mucho y ha permitido que miles de niños, niñas, jóvenes y familias disfruten del ocio educativo, contribuyendo a su crecimiento personal y colectivo y a la protección de la naturaleza a través de la educación ambiental. Hemos caminado cada día con la brújula de nuestra <a href="https://fundesplai.org/es/conoce/mision-y-valores/">misión y valores</a>, apostando por los Derechos Humanos, por <strong>la educación, la convivencia y la sostenibilidad</strong> y favoreciendo la economía social, el tejido asociativo y la cohesión social para ir construyendo, poco a poco, un mundo un poco mejor.</p>
<p>[/et_pb_text][/et_pb_column][/et_pb_row][/et_pb_section][et_pb_section fb_built=»1&#8243; _builder_version=»4.16&#8243; _module_preset=»default» custom_margin=»||||false|false» global_colors_info=»{}»][et_pb_row _builder_version=»4.16&#8243; _module_preset=»default» global_colors_info=»{}»][et_pb_column type=»4_4&#8243; _builder_version=»4.16&#8243; _module_preset=»default» global_colors_info=»{}»][et_pb_code admin_label=»Timeline» _builder_version=»4.21.0&#8243; _module_preset=»default» hover_enabled=»0&#8243; global_colors_info=»{}» sticky_enabled=»0&#8243;]			<!-- Cool Timeline PRO V4.9.1 -->
			<div class="ctl-wrapper" role="region" aria-label="Timeline">
								<div id="cool_timeline_1" class="cool-timeline-wrapper ctl-both-sided ctl-vertical-wrapper ctl-compact-wrapper ctl-default" data-nav="show" data-line-filling="false" data-nav-pos="right" data-nav-style="style-1">
					<div class="ctl-start"></div>
					<!-- Timeline Container -->
					<div class="ctl-timeline ctl-timeline-container" data-animation="fade" aria-live="polite">
						<!-- Center Line -->
						<div class="ctl-inner-line" role="presentation"></div>
						<div class="no-content"><h4>Lo sentimos, todavía no has añadido ninguna historia.</h4></div>					</div>
					<div class="ctl-end"></div>
										<!-- Each Timeline Style -->
					<style id="cool_timeline_1-styles" type="text/css">
						.ctl-wrapper .cool-timeline-wrapper.ctl-compact-wrapper.ctl-default {--ctw-cbx-title-color: #666666;}						/* Specific Story Style Start *//* Specific Story Style End */					</style>
										</div>
			</div>
			[/et_pb_code][/et_pb_column][/et_pb_row][/et_pb_section]</p>

<p>Historia de más de 50 años transformando y mejorando a la sociedad catalana a través de la educación en el tiempo libre y el movimiento asociativo.</p>

<!-- This site is optimized with the Yoast SEO plugin v27.5 - https://yoast.com/product/yoast-seo-wordpress/ -->
<title>Nuestra historia - Fundesplai</title>
<meta name="description" content="Historia de más de 50 años transformando y mejorando a la sociedad catalana a través de la educación en el tiempo libre y el movimiento asociativo." />
<meta name="robots" content="index, follow, max-snippet:-1, max-image-preview:large, max-video-preview:-1" />
<link rel="canonical" href="https://fundesplai.org/es/conoce/nuestra-historia/" />
<meta property="og:locale" content="es_ES" />
<meta property="og:type" content="article" />
<meta property="og:title" content="Nuestra historia - Fundesplai" />
<meta property="og:description" content="Historia de más de 50 años transformando y mejorando a la sociedad catalana a través de la educación en el tiempo libre y el movimiento asociativo." />
<meta property="og:url" content="https://fundesplai.org/es/conoce/nuestra-historia/" />
<meta property="og:site_name" content="Fundesplai" />
<meta property="article:modified_time" content="2024-12-08T12:49:22+00:00" />
<meta property="og:image" content="https://fundesplai.org/wp-content/uploads/2022/04/Cabalies_primeres-colonies-Fundesplai.jpg" />
	<meta property="og:image:width" content="600" />
	<meta property="og:image:height" content="350" />
	<meta property="og:image:type" content="image/jpeg" />
<meta name="twitter:card" content="summary_large_image" />
<meta name="twitter:label1" content="Tiempo de lectura" />
	<meta name="twitter:data1" content="1 minuto" />
<script type="application/ld+json" class="yoast-schema-graph">{"@context":"https:\/\/schema.org","@graph":[{"@type":"WebPage","@id":"https:\/\/fundesplai.org\/es\/conoce\/nuestra-historia\/","url":"https:\/\/fundesplai.org\/es\/conoce\/nuestra-historia\/","name":"Nuestra historia - Fundesplai","isPartOf":{"@id":"https:\/\/fundesplai.org\/es\/#website"},"primaryImageOfPage":{"@id":"https:\/\/fundesplai.org\/es\/conoce\/nuestra-historia\/#primaryimage"},"image":{"@id":"https:\/\/fundesplai.org\/es\/conoce\/nuestra-historia\/#primaryimage"},"thumbnailUrl":"https:\/\/fundesplai.org\/wp-content\/uploads\/2022\/04\/Cabalies_primeres-colonies-Fundesplai.jpg","datePublished":"2021-05-17T06:31:03+00:00","dateModified":"2024-12-08T12:49:22+00:00","description":"Historia de más de 50 años transformando y mejorando a la sociedad catalana a través de la educación en el tiempo libre y el movimiento asociativo.","breadcrumb":{"@id":"https:\/\/fundesplai.org\/es\/conoce\/nuestra-historia\/#breadcrumb"},"inLanguage":"es","potentialAction":[{"@type":"ReadAction","target":["https:\/\/fundesplai.org\/es\/conoce\/nuestra-historia\/"]}]},{"@type":"ImageObject","inLanguage":"es","@id":"https:\/\/fundesplai.org\/es\/conoce\/nuestra-historia\/#primaryimage","url":"https:\/\/fundesplai.org\/wp-content\/uploads\/2022\/04\/Cabalies_primeres-colonies-Fundesplai.jpg","contentUrl":"https:\/\/fundesplai.org\/wp-content\/uploads\/2022\/04\/Cabalies_primeres-colonies-Fundesplai.jpg","width":600,"height":350,"caption":"Cabalies_primeres colònies Fundesplai"},{"@type":"BreadcrumbList","@id":"https:\/\/fundesplai.org\/es\/conoce\/nuestra-historia\/#breadcrumb","itemListElement":[{"@type":"ListItem","position":1,"name":"Inici","item":"https:\/\/fundesplai.org\/es\/inicio\/"},{"@type":"ListItem","position":2,"name":"Conoce","item":"https:\/\/fundesplai.org\/es\/conoce\/"},{"@type":"ListItem","position":3,"name":"Nuestra historia"}]},{"@type":"WebSite","@id":"https:\/\/fundesplai.org\/es\/#website","url":"https:\/\/fundesplai.org\/es\/","name":"Fundesplai","description":"Eduquem per la convivència i la sostenibilitat","potentialAction":[{"@type":"SearchAction","target":{"@type":"EntryPoint","urlTemplate":"https:\/\/fundesplai.org\/es\/?s={search_term_string}"},"query-input":{"@type":"PropertyValueSpecification","valueRequired":true,"valueName":"search_term_string"}}],"inLanguage":"es"}]}</script>
<!-- / Yoast SEO plugin. -->

Historia de más de 50 años transformando y mejorando a la sociedad catalana a través de la educación en el tiempo libre y el movimiento asociativo.

Cabalies_primeres colònies Fundesplai

Eduquem per la convivència i la sostenibilitat
