{"id":48913,"date":"2023-04-25T12:35:46","date_gmt":"2023-04-25T10:35:46","guid":{"rendered":"https:\/\/fundesplai.org\/informa-t\/memories\/memoria-2022-2\/"},"modified":"2024-08-29T12:38:36","modified_gmt":"2024-08-29T10:38:36","slug":"memoria-2022-2","status":"publish","type":"memories","link":"https:\/\/fundesplai.org\/es\/informa-t\/memories\/memoria-2022-2\/","title":{"rendered":"2022"},"content":{"rendered":"<p><strong>UNA APUESTA EDUCATIVA Y SOCIAL RESALIDA<\/strong> El 2022 ha sido el a\u00f1o de constataci\u00f3n del acierto por la apuesta de la ampliaci\u00f3n de Centre Esplai iniciada en 2020. Esto nos ha permitido dar respuesta ante crisis sociales, por ejemplo, acogiendo en el albergue a 700 personas refugiadas de Ucrania, o formando en el nuevo centro de estudios a 900 j\u00f3venes de diferentes programas.  <\/p>\n<div id=\"mouseposition-extension-element-full-container\" style=\"position: fixed;z-index: 2147483647;font-weight: 400\">\n<div id=\"mouseposition-extension-element-rect-display\" style=\"display: none;position: absolute;font-size: 12px;z-index: 2147483647;justify-content: center;align-items: center;cursor: default;color: #000000;font-family: 'Helvetica Neue', Helvetica, Arial, sans-serif;width: 0px;height: 0px\">\n<pre style=\"flex: 1 1 0%;text-align: center;color: #000000;min-width: 42px;min-height: 12px\"><\/pre>\n<\/div>\n<pre id=\"mouseposition-extension-element-coordinate-display\" style=\"position: absolute;display: none;background: #ffffff;font-size: 12px;line-height: 14px;border-radius: 3px;border-width: 1px;border-color: #222222 black #333333;border-style: solid;padding: 3px;z-index: 2147483647;color: #222222;cursor: default;font-family: 'Helvetica Neue', Helvetica, Arial, sans-serif\"><\/pre>\n<\/div>\n","protected":false},"featured_media":64782,"template":"","class_list":["post-48913","memories","type-memories","status-publish","has-post-thumbnail","hentry"],"yoast_head":"<!-- This site is optimized with the Yoast SEO plugin v27.5 - https:\/\/yoast.com\/product\/yoast-seo-wordpress\/ -->\n<title>2022 - Fundesplai<\/title>\n<meta name=\"robots\" content=\"index, follow, max-snippet:-1, max-image-preview:large, max-video-preview:-1\" \/>\n<link rel=\"canonical\" href=\"https:\/\/fundesplai.org\/es\/informa-t\/memories\/memoria-2022-2\/\" \/>\n<meta property=\"og:locale\" content=\"es_ES\" \/>\n<meta property=\"og:type\" content=\"article\" \/>\n<meta property=\"og:title\" content=\"2022 - Fundesplai\" \/>\n<meta property=\"og:description\" content=\"UNA APUESTA EDUCATIVA Y SOCIAL RESALIDA El 2022 ha sido el a\u00f1o de constataci\u00f3n del acierto por la apuesta de la ampliaci\u00f3n de Centre Esplai iniciada en 2020. Esto nos ha permitido dar respuesta ante crisis sociales, por ejemplo, acogiendo en el albergue a 700 personas refugiadas de Ucrania, o formando en el nuevo centro [&hellip;]\" \/>\n<meta property=\"og:url\" content=\"https:\/\/fundesplai.org\/es\/informa-t\/memories\/memoria-2022-2\/\" \/>\n<meta property=\"og:site_name\" content=\"Fundesplai\" \/>\n<meta property=\"article:modified_time\" content=\"2024-08-29T10:38:36+00:00\" \/>\n<meta property=\"og:image\" content=\"https:\/\/fundesplai.org\/wp-content\/uploads\/2023\/04\/portada-memoria_page-0001-e1683119992667-1.jpg\" \/>\n\t<meta property=\"og:image:width\" content=\"353\" \/>\n\t<meta property=\"og:image:height\" content=\"500\" \/>\n\t<meta property=\"og:image:type\" content=\"image\/jpeg\" \/>\n<meta name=\"twitter:card\" content=\"summary_large_image\" \/>\n<script type=\"application\/ld+json\" class=\"yoast-schema-graph\">{\"@context\":\"https:\\\/\\\/schema.org\",\"@graph\":[{\"@type\":\"WebPage\",\"@id\":\"https:\\\/\\\/fundesplai.org\\\/es\\\/informa-t\\\/memories\\\/memoria-2022-2\\\/\",\"url\":\"https:\\\/\\\/fundesplai.org\\\/es\\\/informa-t\\\/memories\\\/memoria-2022-2\\\/\",\"name\":\"2022 - Fundesplai\",\"isPartOf\":{\"@id\":\"https:\\\/\\\/fundesplai.org\\\/es\\\/#website\"},\"primaryImageOfPage\":{\"@id\":\"https:\\\/\\\/fundesplai.org\\\/es\\\/informa-t\\\/memories\\\/memoria-2022-2\\\/#primaryimage\"},\"image\":{\"@id\":\"https:\\\/\\\/fundesplai.org\\\/es\\\/informa-t\\\/memories\\\/memoria-2022-2\\\/#primaryimage\"},\"thumbnailUrl\":\"https:\\\/\\\/fundesplai.org\\\/wp-content\\\/uploads\\\/2023\\\/04\\\/portada-memoria_page-0001-e1683119992667-1.jpg\",\"datePublished\":\"2023-04-25T10:35:46+00:00\",\"dateModified\":\"2024-08-29T10:38:36+00:00\",\"breadcrumb\":{\"@id\":\"https:\\\/\\\/fundesplai.org\\\/es\\\/informa-t\\\/memories\\\/memoria-2022-2\\\/#breadcrumb\"},\"inLanguage\":\"es\",\"potentialAction\":[{\"@type\":\"ReadAction\",\"target\":[\"https:\\\/\\\/fundesplai.org\\\/es\\\/informa-t\\\/memories\\\/memoria-2022-2\\\/\"]}]},{\"@type\":\"ImageObject\",\"inLanguage\":\"es\",\"@id\":\"https:\\\/\\\/fundesplai.org\\\/es\\\/informa-t\\\/memories\\\/memoria-2022-2\\\/#primaryimage\",\"url\":\"https:\\\/\\\/fundesplai.org\\\/wp-content\\\/uploads\\\/2023\\\/04\\\/portada-memoria_page-0001-e1683119992667-1.jpg\",\"contentUrl\":\"https:\\\/\\\/fundesplai.org\\\/wp-content\\\/uploads\\\/2023\\\/04\\\/portada-memoria_page-0001-e1683119992667-1.jpg\",\"width\":353,\"height\":500},{\"@type\":\"BreadcrumbList\",\"@id\":\"https:\\\/\\\/fundesplai.org\\\/es\\\/informa-t\\\/memories\\\/memoria-2022-2\\\/#breadcrumb\",\"itemListElement\":[{\"@type\":\"ListItem\",\"position\":1,\"name\":\"Inici\",\"item\":\"https:\\\/\\\/fundesplai.org\\\/es\\\/inicio\\\/\"},{\"@type\":\"ListItem\",\"position\":2,\"name\":\"2022\"}]},{\"@type\":\"WebSite\",\"@id\":\"https:\\\/\\\/fundesplai.org\\\/es\\\/#website\",\"url\":\"https:\\\/\\\/fundesplai.org\\\/es\\\/\",\"name\":\"Fundesplai\",\"description\":\"Eduquem per la conviv\u00e8ncia i la sostenibilitat\",\"potentialAction\":[{\"@type\":\"SearchAction\",\"target\":{\"@type\":\"EntryPoint\",\"urlTemplate\":\"https:\\\/\\\/fundesplai.org\\\/es\\\/?s={search_term_string}\"},\"query-input\":{\"@type\":\"PropertyValueSpecification\",\"valueRequired\":true,\"valueName\":\"search_term_string\"}}],\"inLanguage\":\"es\"}]}<\/script>\n<!-- \/ Yoast SEO plugin. -->","yoast_head_json":{"title":"2022 - Fundesplai","robots":{"index":"index","follow":"follow","max-snippet":"max-snippet:-1","max-image-preview":"max-image-preview:large","max-video-preview":"max-video-preview:-1"},"canonical":"https:\/\/fundesplai.org\/es\/informa-t\/memories\/memoria-2022-2\/","og_locale":"es_ES","og_type":"article","og_title":"2022 - Fundesplai","og_description":"UNA APUESTA EDUCATIVA Y SOCIAL RESALIDA El 2022 ha sido el a\u00f1o de constataci\u00f3n del acierto por la apuesta de la ampliaci\u00f3n de Centre Esplai iniciada en 2020. Esto nos ha permitido dar respuesta ante crisis sociales, por ejemplo, acogiendo en el albergue a 700 personas refugiadas de Ucrania, o formando en el nuevo centro [&hellip;]","og_url":"https:\/\/fundesplai.org\/es\/informa-t\/memories\/memoria-2022-2\/","og_site_name":"Fundesplai","article_modified_time":"2024-08-29T10:38:36+00:00","og_image":[{"width":353,"height":500,"url":"https:\/\/fundesplai.org\/wp-content\/uploads\/2023\/04\/portada-memoria_page-0001-e1683119992667-1.jpg","type":"image\/jpeg"}],"twitter_card":"summary_large_image","schema":{"@context":"https:\/\/schema.org","@graph":[{"@type":"WebPage","@id":"https:\/\/fundesplai.org\/es\/informa-t\/memories\/memoria-2022-2\/","url":"https:\/\/fundesplai.org\/es\/informa-t\/memories\/memoria-2022-2\/","name":"2022 - Fundesplai","isPartOf":{"@id":"https:\/\/fundesplai.org\/es\/#website"},"primaryImageOfPage":{"@id":"https:\/\/fundesplai.org\/es\/informa-t\/memories\/memoria-2022-2\/#primaryimage"},"image":{"@id":"https:\/\/fundesplai.org\/es\/informa-t\/memories\/memoria-2022-2\/#primaryimage"},"thumbnailUrl":"https:\/\/fundesplai.org\/wp-content\/uploads\/2023\/04\/portada-memoria_page-0001-e1683119992667-1.jpg","datePublished":"2023-04-25T10:35:46+00:00","dateModified":"2024-08-29T10:38:36+00:00","breadcrumb":{"@id":"https:\/\/fundesplai.org\/es\/informa-t\/memories\/memoria-2022-2\/#breadcrumb"},"inLanguage":"es","potentialAction":[{"@type":"ReadAction","target":["https:\/\/fundesplai.org\/es\/informa-t\/memories\/memoria-2022-2\/"]}]},{"@type":"ImageObject","inLanguage":"es","@id":"https:\/\/fundesplai.org\/es\/informa-t\/memories\/memoria-2022-2\/#primaryimage","url":"https:\/\/fundesplai.org\/wp-content\/uploads\/2023\/04\/portada-memoria_page-0001-e1683119992667-1.jpg","contentUrl":"https:\/\/fundesplai.org\/wp-content\/uploads\/2023\/04\/portada-memoria_page-0001-e1683119992667-1.jpg","width":353,"height":500},{"@type":"BreadcrumbList","@id":"https:\/\/fundesplai.org\/es\/informa-t\/memories\/memoria-2022-2\/#breadcrumb","itemListElement":[{"@type":"ListItem","position":1,"name":"Inici","item":"https:\/\/fundesplai.org\/es\/inicio\/"},{"@type":"ListItem","position":2,"name":"2022"}]},{"@type":"WebSite","@id":"https:\/\/fundesplai.org\/es\/#website","url":"https:\/\/fundesplai.org\/es\/","name":"Fundesplai","description":"Eduquem per la conviv\u00e8ncia i la sostenibilitat","potentialAction":[{"@type":"SearchAction","target":{"@type":"EntryPoint","urlTemplate":"https:\/\/fundesplai.org\/es\/?s={search_term_string}"},"query-input":{"@type":"PropertyValueSpecification","valueRequired":true,"valueName":"search_term_string"}}],"inLanguage":"es"}]}},"_links":{"self":[{"href":"https:\/\/fundesplai.org\/es\/wp-json\/wp\/v2\/memories\/48913","targetHints":{"allow":["GET"]}}],"collection":[{"href":"https:\/\/fundesplai.org\/es\/wp-json\/wp\/v2\/memories"}],"about":[{"href":"https:\/\/fundesplai.org\/es\/wp-json\/wp\/v2\/types\/memories"}],"wp:featuredmedia":[{"embeddable":true,"href":"https:\/\/fundesplai.org\/es\/wp-json\/wp\/v2\/media\/64782"}],"wp:attachment":[{"href":"https:\/\/fundesplai.org\/es\/wp-json\/wp\/v2\/media?parent=48913"}],"curies":[{"name":"wp","href":"https:\/\/api.w.org\/{rel}","templated":true}]}}

<p><strong>UNA APUESTA EDUCATIVA Y SOCIAL RESALIDA</strong> El 2022 ha sido el año de constatación del acierto por la apuesta de la ampliación de Centre Esplai iniciada en 2020. Esto nos ha permitido dar respuesta ante crisis sociales, por ejemplo, acogiendo en el albergue a 700 personas refugiadas de Ucrania, o formando en el nuevo centro de estudios a 900 jóvenes de diferentes programas.  </p>
<div id="mouseposition-extension-element-full-container" style="position: fixed;z-index: 2147483647;font-weight: 400">
<div id="mouseposition-extension-element-rect-display" style="display: none;position: absolute;font-size: 12px;z-index: 2147483647;justify-content: center;align-items: center;cursor: default;color: #000000;font-family: 'Helvetica Neue', Helvetica, Arial, sans-serif;width: 0px;height: 0px">
<pre style="flex: 1 1 0%;text-align: center;color: #000000;min-width: 42px;min-height: 12px"></pre>
</div>
<pre id="mouseposition-extension-element-coordinate-display" style="position: absolute;display: none;background: #ffffff;font-size: 12px;line-height: 14px;border-radius: 3px;border-width: 1px;border-color: #222222 black #333333;border-style: solid;padding: 3px;z-index: 2147483647;color: #222222;cursor: default;font-family: 'Helvetica Neue', Helvetica, Arial, sans-serif"></pre>
</div>

<!-- This site is optimized with the Yoast SEO plugin v27.5 - https://yoast.com/product/yoast-seo-wordpress/ -->
<title>2022 - Fundesplai</title>
<meta name="robots" content="index, follow, max-snippet:-1, max-image-preview:large, max-video-preview:-1" />
<link rel="canonical" href="https://fundesplai.org/es/informa-t/memories/memoria-2022-2/" />
<meta property="og:locale" content="es_ES" />
<meta property="og:type" content="article" />
<meta property="og:title" content="2022 - Fundesplai" />
<meta property="og:description" content="UNA APUESTA EDUCATIVA Y SOCIAL RESALIDA El 2022 ha sido el año de constatación del acierto por la apuesta de la ampliación de Centre Esplai iniciada en 2020. Esto nos ha permitido dar respuesta ante crisis sociales, por ejemplo, acogiendo en el albergue a 700 personas refugiadas de Ucrania, o formando en el nuevo centro [&hellip;]" />
<meta property="og:url" content="https://fundesplai.org/es/informa-t/memories/memoria-2022-2/" />
<meta property="og:site_name" content="Fundesplai" />
<meta property="article:modified_time" content="2024-08-29T10:38:36+00:00" />
<meta property="og:image" content="https://fundesplai.org/wp-content/uploads/2023/04/portada-memoria_page-0001-e1683119992667-1.jpg" />
	<meta property="og:image:width" content="353" />
	<meta property="og:image:height" content="500" />
	<meta property="og:image:type" content="image/jpeg" />
<meta name="twitter:card" content="summary_large_image" />
<script type="application/ld+json" class="yoast-schema-graph">{"@context":"https:\/\/schema.org","@graph":[{"@type":"WebPage","@id":"https:\/\/fundesplai.org\/es\/informa-t\/memories\/memoria-2022-2\/","url":"https:\/\/fundesplai.org\/es\/informa-t\/memories\/memoria-2022-2\/","name":"2022 - Fundesplai","isPartOf":{"@id":"https:\/\/fundesplai.org\/es\/#website"},"primaryImageOfPage":{"@id":"https:\/\/fundesplai.org\/es\/informa-t\/memories\/memoria-2022-2\/#primaryimage"},"image":{"@id":"https:\/\/fundesplai.org\/es\/informa-t\/memories\/memoria-2022-2\/#primaryimage"},"thumbnailUrl":"https:\/\/fundesplai.org\/wp-content\/uploads\/2023\/04\/portada-memoria_page-0001-e1683119992667-1.jpg","datePublished":"2023-04-25T10:35:46+00:00","dateModified":"2024-08-29T10:38:36+00:00","breadcrumb":{"@id":"https:\/\/fundesplai.org\/es\/informa-t\/memories\/memoria-2022-2\/#breadcrumb"},"inLanguage":"es","potentialAction":[{"@type":"ReadAction","target":["https:\/\/fundesplai.org\/es\/informa-t\/memories\/memoria-2022-2\/"]}]},{"@type":"ImageObject","inLanguage":"es","@id":"https:\/\/fundesplai.org\/es\/informa-t\/memories\/memoria-2022-2\/#primaryimage","url":"https:\/\/fundesplai.org\/wp-content\/uploads\/2023\/04\/portada-memoria_page-0001-e1683119992667-1.jpg","contentUrl":"https:\/\/fundesplai.org\/wp-content\/uploads\/2023\/04\/portada-memoria_page-0001-e1683119992667-1.jpg","width":353,"height":500},{"@type":"BreadcrumbList","@id":"https:\/\/fundesplai.org\/es\/informa-t\/memories\/memoria-2022-2\/#breadcrumb","itemListElement":[{"@type":"ListItem","position":1,"name":"Inici","item":"https:\/\/fundesplai.org\/es\/inicio\/"},{"@type":"ListItem","position":2,"name":"2022"}]},{"@type":"WebSite","@id":"https:\/\/fundesplai.org\/es\/#website","url":"https:\/\/fundesplai.org\/es\/","name":"Fundesplai","description":"Eduquem per la convivència i la sostenibilitat","potentialAction":[{"@type":"SearchAction","target":{"@type":"EntryPoint","urlTemplate":"https:\/\/fundesplai.org\/es\/?s={search_term_string}"},"query-input":{"@type":"PropertyValueSpecification","valueRequired":true,"valueName":"search_term_string"}}],"inLanguage":"es"}]}</script>
<!-- / Yoast SEO plugin. -->

UNA APUESTA EDUCATIVA Y SOCIAL RESALIDA El 2022 ha sido el año de constatación del acierto por la apuesta de la ampliación de Centre Esplai iniciada en 2020. Esto nos ha permitido dar respuesta ante crisis sociales, por ejemplo, acogiendo en el albergue a 700 personas refugiadas de Ucrania, o formando en el nuevo centro [&hellip;]

Eduquem per la convivència i la sostenibilitat
