{"id":79064,"date":"2025-10-31T14:09:05","date_gmt":"2025-10-31T13:09:05","guid":{"rendered":"https:\/\/fundesplai.org\/esdeveniments\/1a-jornada-de-reconeixement-dempreses-del-dema-jove\/"},"modified":"2025-10-31T14:38:16","modified_gmt":"2025-10-31T13:38:16","slug":"1a-jornada-de-reconeixement-dempreses-del-dema-jove","status":"publish","type":"mec-events","link":"https:\/\/fundesplai.org\/es\/esdeveniments\/1a-jornada-de-reconeixement-dempreses-del-dema-jove\/","title":{"rendered":"1\u00aa Jornada de reconocimiento de empresas del Dem\u00e0 Jove"},"content":{"rendered":"<p>[et_pb_section fb_built=\u00bb1&#8243; _builder_version=\u00bb4.27.4&#8243; _module_preset=\u00bbdefault\u00bb global_colors_info=\u00bb{}\u00bb][et_pb_row _builder_version=\u00bb4.27.4&#8243; _module_preset=\u00bbdefault\u00bb global_colors_info=\u00bb{}\u00bb][et_pb_column type=\u00bb4_4&#8243; _builder_version=\u00bb4.27.4&#8243; _module_preset=\u00bbdefault\u00bb global_colors_info=\u00bb{}\u00bb][et_pb_text _builder_version=\u00bb4.27.4&#8243; _module_preset=\u00bbdefault\u00bb global_colors_info=\u00bb{}\u00bb]<\/p>\n<p>El 27 de noviembre llevaremos a cabo la <strong>Primera Jornada de Reconocimiento de Empresas participantes en el programa Dem\u00e0 Jove<\/strong>. Este encuentro ser\u00e1 un espacio para poner en valor el compromiso de empresas y entidades con la inserci\u00f3n sociolaboral de las personas j\u00f3venes y que en los \u00faltimos a\u00f1os han colaborado con Fundesplai en este proyecto.<\/p>\n<p>Durante las cuatro ediciones del programa de inserci\u00f3n sociolaboral Dem\u00e0 Jove, m\u00e1s de <strong>50 empresas y entidades del territorio<\/strong> han apostado para formar y contratar personas j\u00f3venes dentro de su \u00e1mbito profesional, ofreciendo <strong>oportunidades de desarrollo personal y profesional<\/strong> a m\u00e1s de <strong>800 j\u00f3venes<\/strong>.<\/p>\n<p>Ahora es el momento de reconocer esta tarea. Queremos homenajear y agradecer la implicaci\u00f3n y compromiso social de las empresas\/entidades que han participado en el programa.<\/p>\n<p>El acto ser\u00e1 en el <strong>C\u00e8ntric Espai Cultural<\/strong> y ser\u00e1 conducido y protagonizado por las personas j\u00f3venes participantes en el programa vigente. Tambi\u00e9n contar\u00e1 con la presencia de representados institucionales del territorio, as\u00ed como con la ponencia de <strong>Joan Sans<\/strong>, socio y miembro de la junta del Prat Empresarial, que hablar\u00e1 de las oportunidades de la IA en el sector empresarial.<\/p>\n<p>[\/et_pb_text][\/et_pb_column][\/et_pb_row][\/et_pb_section]<\/p>\n","protected":false},"excerpt":{"rendered":"<p>El 27 de noviembre llevaremos a cabo la Primera Jornada de Reconocimiento de Empresas participantes en el programa Dem\u00e0 Jove. Este encuentro ser\u00e1 un espacio para poner en valor el compromiso de empresas y entidades con la inserci\u00f3n sociolaboral de las personas j\u00f3venes y que en los \u00faltimos a\u00f1os han colaborado con Fundesplai en este [&hellip;]<\/p>\n","protected":false},"author":35,"featured_media":46434,"comment_status":"closed","ping_status":"closed","template":"","meta":{"_et_pb_use_builder":"on","_et_pb_old_content":"","_et_gb_content_width":""},"tags":[],"mec_category":[931],"class_list":["post-79064","mec-events","type-mec-events","status-publish","has-post-thumbnail","hentry","mec_category-jornades"],"yoast_head":"<!-- This site is optimized with the Yoast SEO plugin v27.5 - https:\/\/yoast.com\/product\/yoast-seo-wordpress\/ -->\n<title>1\u00aa Jornada de reconocimiento de empresas del Dem\u00e0 Jove - Fundesplai<\/title>\n<meta name=\"robots\" content=\"index, follow, max-snippet:-1, max-image-preview:large, max-video-preview:-1\" \/>\n<link rel=\"canonical\" href=\"https:\/\/fundesplai.org\/es\/esdeveniments\/1a-jornada-de-reconeixement-dempreses-del-dema-jove\/\" \/>\n<meta property=\"og:locale\" content=\"es_ES\" \/>\n<meta property=\"og:type\" content=\"article\" \/>\n<meta property=\"og:title\" content=\"1\u00aa Jornada de reconocimiento de empresas del Dem\u00e0 Jove - Fundesplai\" \/>\n<meta property=\"og:description\" content=\"El 27 de noviembre llevaremos a cabo la Primera Jornada de Reconocimiento de Empresas participantes en el programa Dem\u00e0 Jove. Este encuentro ser\u00e1 un espacio para poner en valor el compromiso de empresas y entidades con la inserci\u00f3n sociolaboral de las personas j\u00f3venes y que en los \u00faltimos a\u00f1os han colaborado con Fundesplai en este [&hellip;]\" \/>\n<meta property=\"og:url\" content=\"https:\/\/fundesplai.org\/es\/esdeveniments\/1a-jornada-de-reconeixement-dempreses-del-dema-jove\/\" \/>\n<meta property=\"og:site_name\" content=\"Fundesplai\" \/>\n<meta property=\"article:modified_time\" content=\"2025-10-31T13:38:16+00:00\" \/>\n<meta property=\"og:image\" content=\"https:\/\/fundesplai.org\/wp-content\/uploads\/2023\/07\/demajove.jpg\" \/>\n\t<meta property=\"og:image:width\" content=\"945\" \/>\n\t<meta property=\"og:image:height\" content=\"709\" \/>\n\t<meta property=\"og:image:type\" content=\"image\/jpeg\" \/>\n<meta name=\"twitter:card\" content=\"summary_large_image\" \/>\n<meta name=\"twitter:label1\" content=\"Tiempo de lectura\" \/>\n\t<meta name=\"twitter:data1\" content=\"2 minutos\" \/>\n<script type=\"application\/ld+json\" class=\"yoast-schema-graph\">{\"@context\":\"https:\\\/\\\/schema.org\",\"@graph\":[{\"@type\":\"WebPage\",\"@id\":\"https:\\\/\\\/fundesplai.org\\\/es\\\/esdeveniments\\\/1a-jornada-de-reconeixement-dempreses-del-dema-jove\\\/\",\"url\":\"https:\\\/\\\/fundesplai.org\\\/es\\\/esdeveniments\\\/1a-jornada-de-reconeixement-dempreses-del-dema-jove\\\/\",\"name\":\"1\u00aa Jornada de reconocimiento de empresas del Dem\u00e0 Jove - Fundesplai\",\"isPartOf\":{\"@id\":\"https:\\\/\\\/fundesplai.org\\\/es\\\/#website\"},\"primaryImageOfPage\":{\"@id\":\"https:\\\/\\\/fundesplai.org\\\/es\\\/esdeveniments\\\/1a-jornada-de-reconeixement-dempreses-del-dema-jove\\\/#primaryimage\"},\"image\":{\"@id\":\"https:\\\/\\\/fundesplai.org\\\/es\\\/esdeveniments\\\/1a-jornada-de-reconeixement-dempreses-del-dema-jove\\\/#primaryimage\"},\"thumbnailUrl\":\"https:\\\/\\\/fundesplai.org\\\/wp-content\\\/uploads\\\/2023\\\/07\\\/demajove.jpg\",\"datePublished\":\"2025-10-31T13:09:05+00:00\",\"dateModified\":\"2025-10-31T13:38:16+00:00\",\"breadcrumb\":{\"@id\":\"https:\\\/\\\/fundesplai.org\\\/es\\\/esdeveniments\\\/1a-jornada-de-reconeixement-dempreses-del-dema-jove\\\/#breadcrumb\"},\"inLanguage\":\"es\",\"potentialAction\":[{\"@type\":\"ReadAction\",\"target\":[\"https:\\\/\\\/fundesplai.org\\\/es\\\/esdeveniments\\\/1a-jornada-de-reconeixement-dempreses-del-dema-jove\\\/\"]}]},{\"@type\":\"ImageObject\",\"inLanguage\":\"es\",\"@id\":\"https:\\\/\\\/fundesplai.org\\\/es\\\/esdeveniments\\\/1a-jornada-de-reconeixement-dempreses-del-dema-jove\\\/#primaryimage\",\"url\":\"https:\\\/\\\/fundesplai.org\\\/wp-content\\\/uploads\\\/2023\\\/07\\\/demajove.jpg\",\"contentUrl\":\"https:\\\/\\\/fundesplai.org\\\/wp-content\\\/uploads\\\/2023\\\/07\\\/demajove.jpg\",\"width\":945,\"height\":709,\"caption\":\"projecte dem\u00e0 jove Fundesplai\"},{\"@type\":\"BreadcrumbList\",\"@id\":\"https:\\\/\\\/fundesplai.org\\\/es\\\/esdeveniments\\\/1a-jornada-de-reconeixement-dempreses-del-dema-jove\\\/#breadcrumb\",\"itemListElement\":[{\"@type\":\"ListItem\",\"position\":1,\"name\":\"Inici\",\"item\":\"https:\\\/\\\/fundesplai.org\\\/es\\\/inicio\\\/\"},{\"@type\":\"ListItem\",\"position\":2,\"name\":\"Recursos\",\"item\":\"https:\\\/\\\/fundesplai.org\\\/es\\\/recursos\\\/\"},{\"@type\":\"ListItem\",\"position\":3,\"name\":\"Agenda\",\"item\":\"https:\\\/\\\/fundesplai.org\\\/es\\\/agenda-2\\\/\"},{\"@type\":\"ListItem\",\"position\":4,\"name\":\"1\u00aa Jornada de reconocimiento de empresas del Dem\u00e0 Jove\"}]},{\"@type\":\"WebSite\",\"@id\":\"https:\\\/\\\/fundesplai.org\\\/es\\\/#website\",\"url\":\"https:\\\/\\\/fundesplai.org\\\/es\\\/\",\"name\":\"Fundesplai\",\"description\":\"Eduquem per la conviv\u00e8ncia i la sostenibilitat\",\"potentialAction\":[{\"@type\":\"SearchAction\",\"target\":{\"@type\":\"EntryPoint\",\"urlTemplate\":\"https:\\\/\\\/fundesplai.org\\\/es\\\/?s={search_term_string}\"},\"query-input\":{\"@type\":\"PropertyValueSpecification\",\"valueRequired\":true,\"valueName\":\"search_term_string\"}}],\"inLanguage\":\"es\"}]}<\/script>\n<!-- \/ Yoast SEO plugin. -->","yoast_head_json":{"title":"1\u00aa Jornada de reconocimiento de empresas del Dem\u00e0 Jove - Fundesplai","robots":{"index":"index","follow":"follow","max-snippet":"max-snippet:-1","max-image-preview":"max-image-preview:large","max-video-preview":"max-video-preview:-1"},"canonical":"https:\/\/fundesplai.org\/es\/esdeveniments\/1a-jornada-de-reconeixement-dempreses-del-dema-jove\/","og_locale":"es_ES","og_type":"article","og_title":"1\u00aa Jornada de reconocimiento de empresas del Dem\u00e0 Jove - Fundesplai","og_description":"El 27 de noviembre llevaremos a cabo la Primera Jornada de Reconocimiento de Empresas participantes en el programa Dem\u00e0 Jove. Este encuentro ser\u00e1 un espacio para poner en valor el compromiso de empresas y entidades con la inserci\u00f3n sociolaboral de las personas j\u00f3venes y que en los \u00faltimos a\u00f1os han colaborado con Fundesplai en este [&hellip;]","og_url":"https:\/\/fundesplai.org\/es\/esdeveniments\/1a-jornada-de-reconeixement-dempreses-del-dema-jove\/","og_site_name":"Fundesplai","article_modified_time":"2025-10-31T13:38:16+00:00","og_image":[{"width":945,"height":709,"url":"https:\/\/fundesplai.org\/wp-content\/uploads\/2023\/07\/demajove.jpg","type":"image\/jpeg"}],"twitter_card":"summary_large_image","twitter_misc":{"Tiempo de lectura":"2 minutos"},"schema":{"@context":"https:\/\/schema.org","@graph":[{"@type":"WebPage","@id":"https:\/\/fundesplai.org\/es\/esdeveniments\/1a-jornada-de-reconeixement-dempreses-del-dema-jove\/","url":"https:\/\/fundesplai.org\/es\/esdeveniments\/1a-jornada-de-reconeixement-dempreses-del-dema-jove\/","name":"1\u00aa Jornada de reconocimiento de empresas del Dem\u00e0 Jove - Fundesplai","isPartOf":{"@id":"https:\/\/fundesplai.org\/es\/#website"},"primaryImageOfPage":{"@id":"https:\/\/fundesplai.org\/es\/esdeveniments\/1a-jornada-de-reconeixement-dempreses-del-dema-jove\/#primaryimage"},"image":{"@id":"https:\/\/fundesplai.org\/es\/esdeveniments\/1a-jornada-de-reconeixement-dempreses-del-dema-jove\/#primaryimage"},"thumbnailUrl":"https:\/\/fundesplai.org\/wp-content\/uploads\/2023\/07\/demajove.jpg","datePublished":"2025-10-31T13:09:05+00:00","dateModified":"2025-10-31T13:38:16+00:00","breadcrumb":{"@id":"https:\/\/fundesplai.org\/es\/esdeveniments\/1a-jornada-de-reconeixement-dempreses-del-dema-jove\/#breadcrumb"},"inLanguage":"es","potentialAction":[{"@type":"ReadAction","target":["https:\/\/fundesplai.org\/es\/esdeveniments\/1a-jornada-de-reconeixement-dempreses-del-dema-jove\/"]}]},{"@type":"ImageObject","inLanguage":"es","@id":"https:\/\/fundesplai.org\/es\/esdeveniments\/1a-jornada-de-reconeixement-dempreses-del-dema-jove\/#primaryimage","url":"https:\/\/fundesplai.org\/wp-content\/uploads\/2023\/07\/demajove.jpg","contentUrl":"https:\/\/fundesplai.org\/wp-content\/uploads\/2023\/07\/demajove.jpg","width":945,"height":709,"caption":"projecte dem\u00e0 jove Fundesplai"},{"@type":"BreadcrumbList","@id":"https:\/\/fundesplai.org\/es\/esdeveniments\/1a-jornada-de-reconeixement-dempreses-del-dema-jove\/#breadcrumb","itemListElement":[{"@type":"ListItem","position":1,"name":"Inici","item":"https:\/\/fundesplai.org\/es\/inicio\/"},{"@type":"ListItem","position":2,"name":"Recursos","item":"https:\/\/fundesplai.org\/es\/recursos\/"},{"@type":"ListItem","position":3,"name":"Agenda","item":"https:\/\/fundesplai.org\/es\/agenda-2\/"},{"@type":"ListItem","position":4,"name":"1\u00aa Jornada de reconocimiento de empresas del Dem\u00e0 Jove"}]},{"@type":"WebSite","@id":"https:\/\/fundesplai.org\/es\/#website","url":"https:\/\/fundesplai.org\/es\/","name":"Fundesplai","description":"Eduquem per la conviv\u00e8ncia i la sostenibilitat","potentialAction":[{"@type":"SearchAction","target":{"@type":"EntryPoint","urlTemplate":"https:\/\/fundesplai.org\/es\/?s={search_term_string}"},"query-input":{"@type":"PropertyValueSpecification","valueRequired":true,"valueName":"search_term_string"}}],"inLanguage":"es"}]}},"_links":{"self":[{"href":"https:\/\/fundesplai.org\/es\/wp-json\/wp\/v2\/mec-events\/79064","targetHints":{"allow":["GET"]}}],"collection":[{"href":"https:\/\/fundesplai.org\/es\/wp-json\/wp\/v2\/mec-events"}],"about":[{"href":"https:\/\/fundesplai.org\/es\/wp-json\/wp\/v2\/types\/mec-events"}],"author":[{"embeddable":true,"href":"https:\/\/fundesplai.org\/es\/wp-json\/wp\/v2\/users\/35"}],"replies":[{"embeddable":true,"href":"https:\/\/fundesplai.org\/es\/wp-json\/wp\/v2\/comments?post=79064"}],"wp:featuredmedia":[{"embeddable":true,"href":"https:\/\/fundesplai.org\/es\/wp-json\/wp\/v2\/media\/46434"}],"wp:attachment":[{"href":"https:\/\/fundesplai.org\/es\/wp-json\/wp\/v2\/media?parent=79064"}],"wp:term":[{"taxonomy":"post_tag","embeddable":true,"href":"https:\/\/fundesplai.org\/es\/wp-json\/wp\/v2\/tags?post=79064"},{"taxonomy":"mec_category","embeddable":true,"href":"https:\/\/fundesplai.org\/es\/wp-json\/wp\/v2\/mec_category?post=79064"}],"curies":[{"name":"wp","href":"https:\/\/api.w.org\/{rel}","templated":true}]}}

1ª Jornada de reconocimiento de empresas del Demà Jove

<p>[et_pb_section fb_built=»1&#8243; _builder_version=»4.27.4&#8243; _module_preset=»default» global_colors_info=»{}»][et_pb_row _builder_version=»4.27.4&#8243; _module_preset=»default» global_colors_info=»{}»][et_pb_column type=»4_4&#8243; _builder_version=»4.27.4&#8243; _module_preset=»default» global_colors_info=»{}»][et_pb_text _builder_version=»4.27.4&#8243; _module_preset=»default» global_colors_info=»{}»]</p>
<p>El 27 de noviembre llevaremos a cabo la <strong>Primera Jornada de Reconocimiento de Empresas participantes en el programa Demà Jove</strong>. Este encuentro será un espacio para poner en valor el compromiso de empresas y entidades con la inserción sociolaboral de las personas jóvenes y que en los últimos años han colaborado con Fundesplai en este proyecto.</p>
<p>Durante las cuatro ediciones del programa de inserción sociolaboral Demà Jove, más de <strong>50 empresas y entidades del territorio</strong> han apostado para formar y contratar personas jóvenes dentro de su ámbito profesional, ofreciendo <strong>oportunidades de desarrollo personal y profesional</strong> a más de <strong>800 jóvenes</strong>.</p>
<p>Ahora es el momento de reconocer esta tarea. Queremos homenajear y agradecer la implicación y compromiso social de las empresas/entidades que han participado en el programa.</p>
<p>El acto será en el <strong>Cèntric Espai Cultural</strong> y será conducido y protagonizado por las personas jóvenes participantes en el programa vigente. También contará con la presencia de representados institucionales del territorio, así como con la ponencia de <strong>Joan Sans</strong>, socio y miembro de la junta del Prat Empresarial, que hablará de las oportunidades de la IA en el sector empresarial.</p>
<p>[/et_pb_text][/et_pb_column][/et_pb_row][/et_pb_section]</p>

<p>El 27 de noviembre llevaremos a cabo la Primera Jornada de Reconocimiento de Empresas participantes en el programa Demà Jove. Este encuentro será un espacio para poner en valor el compromiso de empresas y entidades con la inserción sociolaboral de las personas jóvenes y que en los últimos años han colaborado con Fundesplai en este [&hellip;]</p>

<!-- This site is optimized with the Yoast SEO plugin v27.5 - https://yoast.com/product/yoast-seo-wordpress/ -->
<title>1ª Jornada de reconocimiento de empresas del Demà Jove - Fundesplai</title>
<meta name="robots" content="index, follow, max-snippet:-1, max-image-preview:large, max-video-preview:-1" />
<link rel="canonical" href="https://fundesplai.org/es/esdeveniments/1a-jornada-de-reconeixement-dempreses-del-dema-jove/" />
<meta property="og:locale" content="es_ES" />
<meta property="og:type" content="article" />
<meta property="og:title" content="1ª Jornada de reconocimiento de empresas del Demà Jove - Fundesplai" />
<meta property="og:description" content="El 27 de noviembre llevaremos a cabo la Primera Jornada de Reconocimiento de Empresas participantes en el programa Demà Jove. Este encuentro será un espacio para poner en valor el compromiso de empresas y entidades con la inserción sociolaboral de las personas jóvenes y que en los últimos años han colaborado con Fundesplai en este [&hellip;]" />
<meta property="og:url" content="https://fundesplai.org/es/esdeveniments/1a-jornada-de-reconeixement-dempreses-del-dema-jove/" />
<meta property="og:site_name" content="Fundesplai" />
<meta property="article:modified_time" content="2025-10-31T13:38:16+00:00" />
<meta property="og:image" content="https://fundesplai.org/wp-content/uploads/2023/07/demajove.jpg" />
	<meta property="og:image:width" content="945" />
	<meta property="og:image:height" content="709" />
	<meta property="og:image:type" content="image/jpeg" />
<meta name="twitter:card" content="summary_large_image" />
<meta name="twitter:label1" content="Tiempo de lectura" />
	<meta name="twitter:data1" content="2 minutos" />
<script type="application/ld+json" class="yoast-schema-graph">{"@context":"https:\/\/schema.org","@graph":[{"@type":"WebPage","@id":"https:\/\/fundesplai.org\/es\/esdeveniments\/1a-jornada-de-reconeixement-dempreses-del-dema-jove\/","url":"https:\/\/fundesplai.org\/es\/esdeveniments\/1a-jornada-de-reconeixement-dempreses-del-dema-jove\/","name":"1ª Jornada de reconocimiento de empresas del Demà Jove - Fundesplai","isPartOf":{"@id":"https:\/\/fundesplai.org\/es\/#website"},"primaryImageOfPage":{"@id":"https:\/\/fundesplai.org\/es\/esdeveniments\/1a-jornada-de-reconeixement-dempreses-del-dema-jove\/#primaryimage"},"image":{"@id":"https:\/\/fundesplai.org\/es\/esdeveniments\/1a-jornada-de-reconeixement-dempreses-del-dema-jove\/#primaryimage"},"thumbnailUrl":"https:\/\/fundesplai.org\/wp-content\/uploads\/2023\/07\/demajove.jpg","datePublished":"2025-10-31T13:09:05+00:00","dateModified":"2025-10-31T13:38:16+00:00","breadcrumb":{"@id":"https:\/\/fundesplai.org\/es\/esdeveniments\/1a-jornada-de-reconeixement-dempreses-del-dema-jove\/#breadcrumb"},"inLanguage":"es","potentialAction":[{"@type":"ReadAction","target":["https:\/\/fundesplai.org\/es\/esdeveniments\/1a-jornada-de-reconeixement-dempreses-del-dema-jove\/"]}]},{"@type":"ImageObject","inLanguage":"es","@id":"https:\/\/fundesplai.org\/es\/esdeveniments\/1a-jornada-de-reconeixement-dempreses-del-dema-jove\/#primaryimage","url":"https:\/\/fundesplai.org\/wp-content\/uploads\/2023\/07\/demajove.jpg","contentUrl":"https:\/\/fundesplai.org\/wp-content\/uploads\/2023\/07\/demajove.jpg","width":945,"height":709,"caption":"projecte demà jove Fundesplai"},{"@type":"BreadcrumbList","@id":"https:\/\/fundesplai.org\/es\/esdeveniments\/1a-jornada-de-reconeixement-dempreses-del-dema-jove\/#breadcrumb","itemListElement":[{"@type":"ListItem","position":1,"name":"Inici","item":"https:\/\/fundesplai.org\/es\/inicio\/"},{"@type":"ListItem","position":2,"name":"Recursos","item":"https:\/\/fundesplai.org\/es\/recursos\/"},{"@type":"ListItem","position":3,"name":"Agenda","item":"https:\/\/fundesplai.org\/es\/agenda-2\/"},{"@type":"ListItem","position":4,"name":"1ª Jornada de reconocimiento de empresas del Demà Jove"}]},{"@type":"WebSite","@id":"https:\/\/fundesplai.org\/es\/#website","url":"https:\/\/fundesplai.org\/es\/","name":"Fundesplai","description":"Eduquem per la convivència i la sostenibilitat","potentialAction":[{"@type":"SearchAction","target":{"@type":"EntryPoint","urlTemplate":"https:\/\/fundesplai.org\/es\/?s={search_term_string}"},"query-input":{"@type":"PropertyValueSpecification","valueRequired":true,"valueName":"search_term_string"}}],"inLanguage":"es"}]}</script>
<!-- / Yoast SEO plugin. -->

1ª Jornada de reconocimiento de empresas del Demà Jove - Fundesplai

El 27 de noviembre llevaremos a cabo la Primera Jornada de Reconocimiento de Empresas participantes en el programa Demà Jove. Este encuentro será un espacio para poner en valor el compromiso de empresas y entidades con la inserción sociolaboral de las personas jóvenes y que en los últimos años han colaborado con Fundesplai en este [&hellip;]

projecte demà jove Fundesplai

Eduquem per la convivència i la sostenibilitat
