{"id":77747,"date":"2025-09-23T12:25:40","date_gmt":"2025-09-23T10:25:40","guid":{"rendered":"https:\/\/fundesplai.org\/esdeveniments\/exposicio-la-veu-de-les-joves-de-lafganistan\/"},"modified":"2025-09-30T07:54:48","modified_gmt":"2025-09-30T05:54:48","slug":"exposicio-la-veu-de-les-joves-de-lafganistan","status":"publish","type":"mec-events","link":"https:\/\/fundesplai.org\/es\/esdeveniments\/exposicio-la-veu-de-les-joves-de-lafganistan\/","title":{"rendered":"Exposici\u00f3n &#8216;La voz de las j\u00f3venes de Afganist\u00e1n&#8217;"},"content":{"rendered":"<p><strong>Centre Esplai<\/strong> acoge la exposici\u00f3n &#8216; <strong>La voz de las j\u00f3venes de Afganist\u00e1n<\/strong> &#8216; impulsada por <a href=\"https:\/\/pontsperlapau.org\/\" target=\"_blank\" rel=\"noopener\">Ponts per la Pau<\/a>, entidad dirigida por la activista afgana y trabajadora de Fundesplai, Nadia Ghulam. La exposici\u00f3n se puede ver a partir del <strong>26 de septiembre<\/strong> en la recepci\u00f3n del nuevo albergue de Centre Esplai. <\/p>\n<p>&#8216;La voz de las j\u00f3venes de Afganist\u00e1n&#8217; es una exposici\u00f3n que recoge dibujos y pinturas <strong>hechas por j\u00f3venes afganas<\/strong> de la entidad Ponts per la Pau. A trav\u00e9s de las creaciones, estas mujeres expresan sus vivencias, denuncias y miradas sobre Afganist\u00e1n. <\/p>\n<p>Esta exposici\u00f3n se inscribe dentro de la nueva <strong>propuesta educativa &#8216;<a href=\"https:\/\/fundesplai.org\/amb-veu-i-en-peu\/\" target=\"_blank\" rel=\"noopener\">Amb veu i en peu<\/a>&#8216;<\/strong>, que <strong>promueve la cultura de paz<\/strong> y el fomento de la democracia desde la educaci\u00f3n transformadora.<\/p>\n","protected":false},"excerpt":{"rendered":"<p>Centre Esplai acoge la exposici\u00f3n &#8216; La voz de las j\u00f3venes de Afganist\u00e1n &#8216; impulsada por Ponts per la Pau, entidad dirigida por la activista afgana y trabajadora de Fundesplai, Nadia Ghulam. La exposici\u00f3n se puede ver a partir del 26 de septiembre en la recepci\u00f3n del nuevo albergue de Centre Esplai. &#8216;La voz de [&hellip;]<\/p>\n","protected":false},"author":35,"featured_media":77514,"comment_status":"closed","ping_status":"closed","template":"","meta":{"_et_pb_use_builder":"","_et_pb_old_content":"","_et_gb_content_width":""},"tags":[],"mec_category":[1147],"class_list":["post-77747","mec-events","type-mec-events","status-publish","has-post-thumbnail","hentry","mec_category-exposicio"],"yoast_head":"<!-- This site is optimized with the Yoast SEO plugin v27.5 - https:\/\/yoast.com\/product\/yoast-seo-wordpress\/ -->\n<title>Exposici\u00f3n &#039;La voz de las j\u00f3venes de Afganist\u00e1n&#039; - Fundesplai<\/title>\n<meta name=\"description\" content=\"La voz de las j\u00f3venes de Afganist\u00e1n es una exposici\u00f3n impulsada por Ponts per la Pau que se podr\u00e1 visitar en Centre Esplai.\" \/>\n<meta name=\"robots\" content=\"index, follow, max-snippet:-1, max-image-preview:large, max-video-preview:-1\" \/>\n<link rel=\"canonical\" href=\"https:\/\/fundesplai.org\/es\/esdeveniments\/exposicio-la-veu-de-les-joves-de-lafganistan\/\" \/>\n<meta property=\"og:locale\" content=\"es_ES\" \/>\n<meta property=\"og:type\" content=\"article\" \/>\n<meta property=\"og:title\" content=\"Exposici\u00f3n &#039;La voz de las j\u00f3venes de Afganist\u00e1n&#039; - Fundesplai\" \/>\n<meta property=\"og:description\" content=\"La voz de las j\u00f3venes de Afganist\u00e1n es una exposici\u00f3n impulsada por Ponts per la Pau que se podr\u00e1 visitar en Centre Esplai.\" \/>\n<meta property=\"og:url\" content=\"https:\/\/fundesplai.org\/es\/esdeveniments\/exposicio-la-veu-de-les-joves-de-lafganistan\/\" \/>\n<meta property=\"og:site_name\" content=\"Fundesplai\" \/>\n<meta property=\"article:modified_time\" content=\"2025-09-30T05:54:48+00:00\" \/>\n<meta property=\"og:image\" content=\"https:\/\/fundesplai.org\/wp-content\/uploads\/2025\/09\/WhatsApp-Image-2025-09-19-at-09.48.41.jpeg\" \/>\n\t<meta property=\"og:image:width\" content=\"2048\" \/>\n\t<meta property=\"og:image:height\" content=\"923\" \/>\n\t<meta property=\"og:image:type\" content=\"image\/jpeg\" \/>\n<meta name=\"twitter:card\" content=\"summary_large_image\" \/>\n<meta name=\"twitter:label1\" content=\"Tiempo de lectura\" \/>\n\t<meta name=\"twitter:data1\" content=\"1 minuto\" \/>\n<script type=\"application\/ld+json\" class=\"yoast-schema-graph\">{\"@context\":\"https:\\\/\\\/schema.org\",\"@graph\":[{\"@type\":\"WebPage\",\"@id\":\"https:\\\/\\\/fundesplai.org\\\/es\\\/esdeveniments\\\/exposicio-la-veu-de-les-joves-de-lafganistan\\\/\",\"url\":\"https:\\\/\\\/fundesplai.org\\\/es\\\/esdeveniments\\\/exposicio-la-veu-de-les-joves-de-lafganistan\\\/\",\"name\":\"Exposici\u00f3n 'La voz de las j\u00f3venes de Afganist\u00e1n' - Fundesplai\",\"isPartOf\":{\"@id\":\"https:\\\/\\\/fundesplai.org\\\/es\\\/#website\"},\"primaryImageOfPage\":{\"@id\":\"https:\\\/\\\/fundesplai.org\\\/es\\\/esdeveniments\\\/exposicio-la-veu-de-les-joves-de-lafganistan\\\/#primaryimage\"},\"image\":{\"@id\":\"https:\\\/\\\/fundesplai.org\\\/es\\\/esdeveniments\\\/exposicio-la-veu-de-les-joves-de-lafganistan\\\/#primaryimage\"},\"thumbnailUrl\":\"https:\\\/\\\/fundesplai.org\\\/wp-content\\\/uploads\\\/2025\\\/09\\\/WhatsApp-Image-2025-09-19-at-09.48.41.jpeg\",\"datePublished\":\"2025-09-23T10:25:40+00:00\",\"dateModified\":\"2025-09-30T05:54:48+00:00\",\"description\":\"La voz de las j\u00f3venes de Afganist\u00e1n es una exposici\u00f3n impulsada por Ponts per la Pau que se podr\u00e1 visitar en Centre Esplai.\",\"breadcrumb\":{\"@id\":\"https:\\\/\\\/fundesplai.org\\\/es\\\/esdeveniments\\\/exposicio-la-veu-de-les-joves-de-lafganistan\\\/#breadcrumb\"},\"inLanguage\":\"es\",\"potentialAction\":[{\"@type\":\"ReadAction\",\"target\":[\"https:\\\/\\\/fundesplai.org\\\/es\\\/esdeveniments\\\/exposicio-la-veu-de-les-joves-de-lafganistan\\\/\"]}]},{\"@type\":\"ImageObject\",\"inLanguage\":\"es\",\"@id\":\"https:\\\/\\\/fundesplai.org\\\/es\\\/esdeveniments\\\/exposicio-la-veu-de-les-joves-de-lafganistan\\\/#primaryimage\",\"url\":\"https:\\\/\\\/fundesplai.org\\\/wp-content\\\/uploads\\\/2025\\\/09\\\/WhatsApp-Image-2025-09-19-at-09.48.41.jpeg\",\"contentUrl\":\"https:\\\/\\\/fundesplai.org\\\/wp-content\\\/uploads\\\/2025\\\/09\\\/WhatsApp-Image-2025-09-19-at-09.48.41.jpeg\",\"width\":2048,\"height\":923},{\"@type\":\"BreadcrumbList\",\"@id\":\"https:\\\/\\\/fundesplai.org\\\/es\\\/esdeveniments\\\/exposicio-la-veu-de-les-joves-de-lafganistan\\\/#breadcrumb\",\"itemListElement\":[{\"@type\":\"ListItem\",\"position\":1,\"name\":\"Inici\",\"item\":\"https:\\\/\\\/fundesplai.org\\\/es\\\/inicio\\\/\"},{\"@type\":\"ListItem\",\"position\":2,\"name\":\"Recursos\",\"item\":\"https:\\\/\\\/fundesplai.org\\\/es\\\/recursos\\\/\"},{\"@type\":\"ListItem\",\"position\":3,\"name\":\"Agenda\",\"item\":\"https:\\\/\\\/fundesplai.org\\\/es\\\/agenda-2\\\/\"},{\"@type\":\"ListItem\",\"position\":4,\"name\":\"Exposici\u00f3n &#8216;La voz de las j\u00f3venes de Afganist\u00e1n&#8217;\"}]},{\"@type\":\"WebSite\",\"@id\":\"https:\\\/\\\/fundesplai.org\\\/es\\\/#website\",\"url\":\"https:\\\/\\\/fundesplai.org\\\/es\\\/\",\"name\":\"Fundesplai\",\"description\":\"Eduquem per la conviv\u00e8ncia i la sostenibilitat\",\"potentialAction\":[{\"@type\":\"SearchAction\",\"target\":{\"@type\":\"EntryPoint\",\"urlTemplate\":\"https:\\\/\\\/fundesplai.org\\\/es\\\/?s={search_term_string}\"},\"query-input\":{\"@type\":\"PropertyValueSpecification\",\"valueRequired\":true,\"valueName\":\"search_term_string\"}}],\"inLanguage\":\"es\"}]}<\/script>\n<!-- \/ Yoast SEO plugin. -->","yoast_head_json":{"title":"Exposici\u00f3n 'La voz de las j\u00f3venes de Afganist\u00e1n' - Fundesplai","description":"La voz de las j\u00f3venes de Afganist\u00e1n es una exposici\u00f3n impulsada por Ponts per la Pau que se podr\u00e1 visitar en Centre Esplai.","robots":{"index":"index","follow":"follow","max-snippet":"max-snippet:-1","max-image-preview":"max-image-preview:large","max-video-preview":"max-video-preview:-1"},"canonical":"https:\/\/fundesplai.org\/es\/esdeveniments\/exposicio-la-veu-de-les-joves-de-lafganistan\/","og_locale":"es_ES","og_type":"article","og_title":"Exposici\u00f3n 'La voz de las j\u00f3venes de Afganist\u00e1n' - Fundesplai","og_description":"La voz de las j\u00f3venes de Afganist\u00e1n es una exposici\u00f3n impulsada por Ponts per la Pau que se podr\u00e1 visitar en Centre Esplai.","og_url":"https:\/\/fundesplai.org\/es\/esdeveniments\/exposicio-la-veu-de-les-joves-de-lafganistan\/","og_site_name":"Fundesplai","article_modified_time":"2025-09-30T05:54:48+00:00","og_image":[{"width":2048,"height":923,"url":"https:\/\/fundesplai.org\/wp-content\/uploads\/2025\/09\/WhatsApp-Image-2025-09-19-at-09.48.41.jpeg","type":"image\/jpeg"}],"twitter_card":"summary_large_image","twitter_misc":{"Tiempo de lectura":"1 minuto"},"schema":{"@context":"https:\/\/schema.org","@graph":[{"@type":"WebPage","@id":"https:\/\/fundesplai.org\/es\/esdeveniments\/exposicio-la-veu-de-les-joves-de-lafganistan\/","url":"https:\/\/fundesplai.org\/es\/esdeveniments\/exposicio-la-veu-de-les-joves-de-lafganistan\/","name":"Exposici\u00f3n 'La voz de las j\u00f3venes de Afganist\u00e1n' - Fundesplai","isPartOf":{"@id":"https:\/\/fundesplai.org\/es\/#website"},"primaryImageOfPage":{"@id":"https:\/\/fundesplai.org\/es\/esdeveniments\/exposicio-la-veu-de-les-joves-de-lafganistan\/#primaryimage"},"image":{"@id":"https:\/\/fundesplai.org\/es\/esdeveniments\/exposicio-la-veu-de-les-joves-de-lafganistan\/#primaryimage"},"thumbnailUrl":"https:\/\/fundesplai.org\/wp-content\/uploads\/2025\/09\/WhatsApp-Image-2025-09-19-at-09.48.41.jpeg","datePublished":"2025-09-23T10:25:40+00:00","dateModified":"2025-09-30T05:54:48+00:00","description":"La voz de las j\u00f3venes de Afganist\u00e1n es una exposici\u00f3n impulsada por Ponts per la Pau que se podr\u00e1 visitar en Centre Esplai.","breadcrumb":{"@id":"https:\/\/fundesplai.org\/es\/esdeveniments\/exposicio-la-veu-de-les-joves-de-lafganistan\/#breadcrumb"},"inLanguage":"es","potentialAction":[{"@type":"ReadAction","target":["https:\/\/fundesplai.org\/es\/esdeveniments\/exposicio-la-veu-de-les-joves-de-lafganistan\/"]}]},{"@type":"ImageObject","inLanguage":"es","@id":"https:\/\/fundesplai.org\/es\/esdeveniments\/exposicio-la-veu-de-les-joves-de-lafganistan\/#primaryimage","url":"https:\/\/fundesplai.org\/wp-content\/uploads\/2025\/09\/WhatsApp-Image-2025-09-19-at-09.48.41.jpeg","contentUrl":"https:\/\/fundesplai.org\/wp-content\/uploads\/2025\/09\/WhatsApp-Image-2025-09-19-at-09.48.41.jpeg","width":2048,"height":923},{"@type":"BreadcrumbList","@id":"https:\/\/fundesplai.org\/es\/esdeveniments\/exposicio-la-veu-de-les-joves-de-lafganistan\/#breadcrumb","itemListElement":[{"@type":"ListItem","position":1,"name":"Inici","item":"https:\/\/fundesplai.org\/es\/inicio\/"},{"@type":"ListItem","position":2,"name":"Recursos","item":"https:\/\/fundesplai.org\/es\/recursos\/"},{"@type":"ListItem","position":3,"name":"Agenda","item":"https:\/\/fundesplai.org\/es\/agenda-2\/"},{"@type":"ListItem","position":4,"name":"Exposici\u00f3n &#8216;La voz de las j\u00f3venes de Afganist\u00e1n&#8217;"}]},{"@type":"WebSite","@id":"https:\/\/fundesplai.org\/es\/#website","url":"https:\/\/fundesplai.org\/es\/","name":"Fundesplai","description":"Eduquem per la conviv\u00e8ncia i la sostenibilitat","potentialAction":[{"@type":"SearchAction","target":{"@type":"EntryPoint","urlTemplate":"https:\/\/fundesplai.org\/es\/?s={search_term_string}"},"query-input":{"@type":"PropertyValueSpecification","valueRequired":true,"valueName":"search_term_string"}}],"inLanguage":"es"}]}},"_links":{"self":[{"href":"https:\/\/fundesplai.org\/es\/wp-json\/wp\/v2\/mec-events\/77747","targetHints":{"allow":["GET"]}}],"collection":[{"href":"https:\/\/fundesplai.org\/es\/wp-json\/wp\/v2\/mec-events"}],"about":[{"href":"https:\/\/fundesplai.org\/es\/wp-json\/wp\/v2\/types\/mec-events"}],"author":[{"embeddable":true,"href":"https:\/\/fundesplai.org\/es\/wp-json\/wp\/v2\/users\/35"}],"replies":[{"embeddable":true,"href":"https:\/\/fundesplai.org\/es\/wp-json\/wp\/v2\/comments?post=77747"}],"wp:featuredmedia":[{"embeddable":true,"href":"https:\/\/fundesplai.org\/es\/wp-json\/wp\/v2\/media\/77514"}],"wp:attachment":[{"href":"https:\/\/fundesplai.org\/es\/wp-json\/wp\/v2\/media?parent=77747"}],"wp:term":[{"taxonomy":"post_tag","embeddable":true,"href":"https:\/\/fundesplai.org\/es\/wp-json\/wp\/v2\/tags?post=77747"},{"taxonomy":"mec_category","embeddable":true,"href":"https:\/\/fundesplai.org\/es\/wp-json\/wp\/v2\/mec_category?post=77747"}],"curies":[{"name":"wp","href":"https:\/\/api.w.org\/{rel}","templated":true}]}}

Exposición &#8216;La voz de las jóvenes de Afganistán&#8217;

<p><strong>Centre Esplai</strong> acoge la exposición &#8216; <strong>La voz de las jóvenes de Afganistán</strong> &#8216; impulsada por <a href="https://pontsperlapau.org/" target="_blank" rel="noopener">Ponts per la Pau</a>, entidad dirigida por la activista afgana y trabajadora de Fundesplai, Nadia Ghulam. La exposición se puede ver a partir del <strong>26 de septiembre</strong> en la recepción del nuevo albergue de Centre Esplai. </p>
<p>&#8216;La voz de las jóvenes de Afganistán&#8217; es una exposición que recoge dibujos y pinturas <strong>hechas por jóvenes afganas</strong> de la entidad Ponts per la Pau. A través de las creaciones, estas mujeres expresan sus vivencias, denuncias y miradas sobre Afganistán. </p>
<p>Esta exposición se inscribe dentro de la nueva <strong>propuesta educativa &#8216;<a href="https://fundesplai.org/amb-veu-i-en-peu/" target="_blank" rel="noopener">Amb veu i en peu</a>&#8216;</strong>, que <strong>promueve la cultura de paz</strong> y el fomento de la democracia desde la educación transformadora.</p>

<p>Centre Esplai acoge la exposición &#8216; La voz de las jóvenes de Afganistán &#8216; impulsada por Ponts per la Pau, entidad dirigida por la activista afgana y trabajadora de Fundesplai, Nadia Ghulam. La exposición se puede ver a partir del 26 de septiembre en la recepción del nuevo albergue de Centre Esplai. &#8216;La voz de [&hellip;]</p>

<!-- This site is optimized with the Yoast SEO plugin v27.5 - https://yoast.com/product/yoast-seo-wordpress/ -->
<title>Exposición &#039;La voz de las jóvenes de Afganistán&#039; - Fundesplai</title>
<meta name="description" content="La voz de las jóvenes de Afganistán es una exposición impulsada por Ponts per la Pau que se podrá visitar en Centre Esplai." />
<meta name="robots" content="index, follow, max-snippet:-1, max-image-preview:large, max-video-preview:-1" />
<link rel="canonical" href="https://fundesplai.org/es/esdeveniments/exposicio-la-veu-de-les-joves-de-lafganistan/" />
<meta property="og:locale" content="es_ES" />
<meta property="og:type" content="article" />
<meta property="og:title" content="Exposición &#039;La voz de las jóvenes de Afganistán&#039; - Fundesplai" />
<meta property="og:description" content="La voz de las jóvenes de Afganistán es una exposición impulsada por Ponts per la Pau que se podrá visitar en Centre Esplai." />
<meta property="og:url" content="https://fundesplai.org/es/esdeveniments/exposicio-la-veu-de-les-joves-de-lafganistan/" />
<meta property="og:site_name" content="Fundesplai" />
<meta property="article:modified_time" content="2025-09-30T05:54:48+00:00" />
<meta property="og:image" content="https://fundesplai.org/wp-content/uploads/2025/09/WhatsApp-Image-2025-09-19-at-09.48.41.jpeg" />
	<meta property="og:image:width" content="2048" />
	<meta property="og:image:height" content="923" />
	<meta property="og:image:type" content="image/jpeg" />
<meta name="twitter:card" content="summary_large_image" />
<meta name="twitter:label1" content="Tiempo de lectura" />
	<meta name="twitter:data1" content="1 minuto" />
<script type="application/ld+json" class="yoast-schema-graph">{"@context":"https:\/\/schema.org","@graph":[{"@type":"WebPage","@id":"https:\/\/fundesplai.org\/es\/esdeveniments\/exposicio-la-veu-de-les-joves-de-lafganistan\/","url":"https:\/\/fundesplai.org\/es\/esdeveniments\/exposicio-la-veu-de-les-joves-de-lafganistan\/","name":"Exposición 'La voz de las jóvenes de Afganistán' - Fundesplai","isPartOf":{"@id":"https:\/\/fundesplai.org\/es\/#website"},"primaryImageOfPage":{"@id":"https:\/\/fundesplai.org\/es\/esdeveniments\/exposicio-la-veu-de-les-joves-de-lafganistan\/#primaryimage"},"image":{"@id":"https:\/\/fundesplai.org\/es\/esdeveniments\/exposicio-la-veu-de-les-joves-de-lafganistan\/#primaryimage"},"thumbnailUrl":"https:\/\/fundesplai.org\/wp-content\/uploads\/2025\/09\/WhatsApp-Image-2025-09-19-at-09.48.41.jpeg","datePublished":"2025-09-23T10:25:40+00:00","dateModified":"2025-09-30T05:54:48+00:00","description":"La voz de las jóvenes de Afganistán es una exposición impulsada por Ponts per la Pau que se podrá visitar en Centre Esplai.","breadcrumb":{"@id":"https:\/\/fundesplai.org\/es\/esdeveniments\/exposicio-la-veu-de-les-joves-de-lafganistan\/#breadcrumb"},"inLanguage":"es","potentialAction":[{"@type":"ReadAction","target":["https:\/\/fundesplai.org\/es\/esdeveniments\/exposicio-la-veu-de-les-joves-de-lafganistan\/"]}]},{"@type":"ImageObject","inLanguage":"es","@id":"https:\/\/fundesplai.org\/es\/esdeveniments\/exposicio-la-veu-de-les-joves-de-lafganistan\/#primaryimage","url":"https:\/\/fundesplai.org\/wp-content\/uploads\/2025\/09\/WhatsApp-Image-2025-09-19-at-09.48.41.jpeg","contentUrl":"https:\/\/fundesplai.org\/wp-content\/uploads\/2025\/09\/WhatsApp-Image-2025-09-19-at-09.48.41.jpeg","width":2048,"height":923},{"@type":"BreadcrumbList","@id":"https:\/\/fundesplai.org\/es\/esdeveniments\/exposicio-la-veu-de-les-joves-de-lafganistan\/#breadcrumb","itemListElement":[{"@type":"ListItem","position":1,"name":"Inici","item":"https:\/\/fundesplai.org\/es\/inicio\/"},{"@type":"ListItem","position":2,"name":"Recursos","item":"https:\/\/fundesplai.org\/es\/recursos\/"},{"@type":"ListItem","position":3,"name":"Agenda","item":"https:\/\/fundesplai.org\/es\/agenda-2\/"},{"@type":"ListItem","position":4,"name":"Exposición &#8216;La voz de las jóvenes de Afganistán&#8217;"}]},{"@type":"WebSite","@id":"https:\/\/fundesplai.org\/es\/#website","url":"https:\/\/fundesplai.org\/es\/","name":"Fundesplai","description":"Eduquem per la convivència i la sostenibilitat","potentialAction":[{"@type":"SearchAction","target":{"@type":"EntryPoint","urlTemplate":"https:\/\/fundesplai.org\/es\/?s={search_term_string}"},"query-input":{"@type":"PropertyValueSpecification","valueRequired":true,"valueName":"search_term_string"}}],"inLanguage":"es"}]}</script>
<!-- / Yoast SEO plugin. -->

Exposición 'La voz de las jóvenes de Afganistán' - Fundesplai

La voz de las jóvenes de Afganistán es una exposición impulsada por Ponts per la Pau que se podrá visitar en Centre Esplai.

Eduquem per la convivència i la sostenibilitat
