{"id":536,"date":"2017-09-05T16:20:25","date_gmt":"2017-09-05T14:20:25","guid":{"rendered":"http:\/\/projectes.fundesplai.org\/encoratjat\/?page_id=536"},"modified":"2017-09-05T16:20:25","modified_gmt":"2017-09-05T14:20:25","slug":"curtmetratges-edufilms","status":"publish","type":"page","link":"https:\/\/fundesplai.org\/encoratjat\/curtmetratges-edufilms\/","title":{"rendered":"Curtmetratges Edufilms"},"content":{"rendered":"<p>[et_pb_section bb_built=&#8221;1&#8243;][et_pb_row][et_pb_column type=&#8221;4_4&#8243;][et_pb_post_title _builder_version=&#8221;3.0.73&#8243; title=&#8221;on&#8221; meta=&#8221;off&#8221; author=&#8221;on&#8221; date=&#8221;on&#8221; categories=&#8221;on&#8221; comments=&#8221;on&#8221; featured_image=&#8221;off&#8221; featured_placement=&#8221;below&#8221; parallax_method=&#8221;on&#8221; text_orientation=&#8221;left&#8221; text_color=&#8221;dark&#8221; text_background=&#8221;off&#8221; border_style=&#8221;solid&#8221; animation_style=&#8221;bounce&#8221; \/][\/et_pb_column][\/et_pb_row][et_pb_row][et_pb_column type=&#8221;1_2&#8243;][et_pb_text _builder_version=&#8221;3.0.73&#8243; background_layout=&#8221;light&#8221; text_orientation=&#8221;left&#8221; border_style=&#8221;solid&#8221;]<\/p>\n<p>Des de fa uns anys el cinema, com a mitj\u00e0 d\u2019expressi\u00f3 cultural i social, a l\u2019esplai ha esdevingut entre els grups de joves una activitat molt potent perestimular el pensament cr\u00edtic, acostar-los a realitats pr\u00f2pies i alienes i adquirir nous coneixements i habilitats\u00a0relacionades amb el m\u00f3n de les arts cinematogr\u00e0fiques.<\/p>\n<p>La Federaci\u00f3 Catalana de l\u2019Esplai vol posar en valor tot aquest treball i amb aquest prop\u00f2sit organitza \u201cEduFilms: Festival de cinema jove per la transformaci\u00f3 social\u201d.<\/p>\n<p>Totes les creacions que es projecten han estat pensades, enregistrades i editades per joves d\u2019entre 14 i 18 anys dels esplais amb el suport de professionals. El festival doncs, \u00a0pret\u00e9n ser un espai de refer\u00e8ncia en el lleure de les iniciatives juvenils en el camp de les produccions audiovisuals de tem\u00e0tica social.<\/p>\n<p>Algunes propostes per a traurem el m\u00e0xim profit a aquest <strong>important recurs educatiu\u00a0<\/strong>podrien ser:<\/p>\n<ul>\n<li>Organitzaci\u00f3 d&#8217;un cinef\u00f2rum amb els grups de joves<\/li>\n<li>Convidar a algun ponent expert en alguna de les tem\u00e0tiques tractades per aprofundir&#8211;ne.<\/li>\n<li>Visionar algun dels curts, discutir sobre el contingut i crear una versi\u00f3 alternativa<\/li>\n<\/ul>\n<p>[\/et_pb_text][\/et_pb_column][et_pb_column type=&#8221;1_2&#8243;][et_pb_image _builder_version=&#8221;3.0.71&#8243; src=&#8221;https:\/\/projectes.fundesplai.org\/encoratjat\/wp-content\/uploads\/sites\/53\/2017\/09\/edufilms-header.jpg&#8221; show_in_lightbox=&#8221;off&#8221; url_new_window=&#8221;on&#8221; use_overlay=&#8221;off&#8221; sticky=&#8221;off&#8221; align=&#8221;left&#8221; always_center_on_mobile=&#8221;on&#8221; border_style=&#8221;solid&#8221; force_fullwidth=&#8221;off&#8221; animation_style=&#8221;slide&#8221; animation_duration=&#8221;500ms&#8221; animation_intensity_slide=&#8221;10%&#8221; animation_direction=&#8221;left&#8221; \/][\/et_pb_column][\/et_pb_row][et_pb_row][et_pb_column type=&#8221;4_4&#8243;][et_pb_video_slider _builder_version=&#8221;3.0.71&#8243; show_arrows=&#8221;on&#8221; show_thumbnails=&#8221;on&#8221; show_image_overlay=&#8221;hide&#8221; controls_color=&#8221;light&#8221;] [et_pb_video_slider_item src=&#8221;https:\/\/vimeo.com\/204019088&#8243; background_layout=&#8221;dark&#8221; \/][et_pb_video_slider_item src=&#8221;https:\/\/vimeo.com\/204010338&#8243; background_layout=&#8221;dark&#8221; \/][et_pb_video_slider_item src=&#8221;https:\/\/vimeo.com\/201138287&#8243; background_layout=&#8221;dark&#8221; \/][et_pb_video_slider_item src=&#8221;https:\/\/vimeo.com\/201138240&#8243; background_layout=&#8221;dark&#8221; \/][et_pb_video_slider_item src=&#8221;https:\/\/vimeo.com\/200164065&#8243; background_layout=&#8221;dark&#8221; \/] [\/et_pb_video_slider][\/et_pb_column][\/et_pb_row][\/et_pb_section]<\/p>\n","protected":false},"excerpt":{"rendered":"<p><div class=\"et_pb_row et_pb_row_0 et_pb_row_empty\">\n\t\t\t\t\n\t\t\t\t\n\t\t\t\t\n\t\t\t\t\n\t\t\t\t\n\t\t\t<\/div><div class=\"et_pb_row et_pb_row_1 et_pb_row_empty\">\n\t\t\t\t\n\t\t\t\t\n\t\t\t\t\n\t\t\t\t\n\t\t\t\t\n\t\t\t<\/div> Des de fa uns anys el cinema, com a mitj\u00e0 d\u2019expressi\u00f3 cultural i social, a l\u2019esplai ha esdevingut entre els grups de joves una activitat molt potent perestimular el pensament cr\u00edtic, acostar-los a realitats pr\u00f2pies i alienes i adquirir nous coneixements i habilitats\u00a0relacionades amb el m\u00f3n de les arts cinematogr\u00e0fiques. La Federaci\u00f3 Catalana de [&hellip;]<\/p>\n","protected":false},"author":4,"featured_media":0,"parent":0,"menu_order":0,"comment_status":"closed","ping_status":"closed","template":"","meta":{"_et_pb_use_builder":"on","_et_pb_old_content":"","_et_gb_content_width":"","footnotes":""},"class_list":["post-536","page","type-page","status-publish","hentry"],"yoast_head":"<!-- This site is optimized with the Yoast SEO plugin v27.5 - https:\/\/yoast.com\/product\/yoast-seo-wordpress\/ -->\n<title>Curtmetratges Edufilms - Encoratja&#039;t<\/title>\n<meta name=\"robots\" content=\"index, follow, max-snippet:-1, max-image-preview:large, max-video-preview:-1\" \/>\n<link rel=\"canonical\" href=\"https:\/\/fundesplai.org\/encoratjat\/curtmetratges-edufilms\/\" \/>\n<meta property=\"og:locale\" content=\"ca_ES\" \/>\n<meta property=\"og:type\" content=\"article\" \/>\n<meta property=\"og:title\" content=\"Curtmetratges Edufilms - Encoratja&#039;t\" \/>\n<meta property=\"og:description\" content=\"Des de fa uns anys el cinema, com a mitj\u00e0 d\u2019expressi\u00f3 cultural i social, a l\u2019esplai ha esdevingut entre els grups de joves una activitat molt potent perestimular el pensament cr\u00edtic, acostar-los a realitats pr\u00f2pies i alienes i adquirir nous coneixements i habilitats\u00a0relacionades amb el m\u00f3n de les arts cinematogr\u00e0fiques. La Federaci\u00f3 Catalana de [&hellip;]\" \/>\n<meta property=\"og:url\" content=\"https:\/\/fundesplai.org\/encoratjat\/curtmetratges-edufilms\/\" \/>\n<meta property=\"og:site_name\" content=\"Encoratja&#039;t\" \/>\n<meta name=\"twitter:card\" content=\"summary_large_image\" \/>\n<meta name=\"twitter:label1\" content=\"Temps estimat de lectura\" \/>\n\t<meta name=\"twitter:data1\" content=\"2 minuts\" \/>\n<script type=\"application\/ld+json\" class=\"yoast-schema-graph\">{\"@context\":\"https:\\\/\\\/schema.org\",\"@graph\":[{\"@type\":\"WebPage\",\"@id\":\"https:\\\/\\\/fundesplai.org\\\/encoratjat\\\/curtmetratges-edufilms\\\/\",\"url\":\"https:\\\/\\\/fundesplai.org\\\/encoratjat\\\/curtmetratges-edufilms\\\/\",\"name\":\"Curtmetratges Edufilms - Encoratja&#039;t\",\"isPartOf\":{\"@id\":\"https:\\\/\\\/fundesplai.org\\\/encoratjat\\\/#website\"},\"datePublished\":\"2017-09-05T14:20:25+00:00\",\"breadcrumb\":{\"@id\":\"https:\\\/\\\/fundesplai.org\\\/encoratjat\\\/curtmetratges-edufilms\\\/#breadcrumb\"},\"inLanguage\":\"ca\",\"potentialAction\":[{\"@type\":\"ReadAction\",\"target\":[\"https:\\\/\\\/fundesplai.org\\\/encoratjat\\\/curtmetratges-edufilms\\\/\"]}]},{\"@type\":\"BreadcrumbList\",\"@id\":\"https:\\\/\\\/fundesplai.org\\\/encoratjat\\\/curtmetratges-edufilms\\\/#breadcrumb\",\"itemListElement\":[{\"@type\":\"ListItem\",\"position\":1,\"name\":\"Inici\",\"item\":\"\\\/\"},{\"@type\":\"ListItem\",\"position\":2,\"name\":\"Encoratja&#039;t\",\"item\":\"https:\\\/\\\/fundesplai.org\\\/encoratjat\"},{\"@type\":\"ListItem\",\"position\":3,\"name\":\"Curtmetratges Edufilms\"}]},{\"@type\":\"WebSite\",\"@id\":\"https:\\\/\\\/fundesplai.org\\\/encoratjat\\\/#website\",\"url\":\"https:\\\/\\\/fundesplai.org\\\/encoratjat\\\/\",\"name\":\"Encoratja&#039;t\",\"description\":\"Proposta educativa de Fundesplai\",\"potentialAction\":[{\"@type\":\"SearchAction\",\"target\":{\"@type\":\"EntryPoint\",\"urlTemplate\":\"https:\\\/\\\/fundesplai.org\\\/encoratjat\\\/?s={search_term_string}\"},\"query-input\":{\"@type\":\"PropertyValueSpecification\",\"valueRequired\":true,\"valueName\":\"search_term_string\"}}],\"inLanguage\":\"ca\"}]}<\/script>\n<!-- \/ Yoast SEO plugin. -->","yoast_head_json":{"title":"Curtmetratges Edufilms - Encoratja&#039;t","robots":{"index":"index","follow":"follow","max-snippet":"max-snippet:-1","max-image-preview":"max-image-preview:large","max-video-preview":"max-video-preview:-1"},"canonical":"https:\/\/fundesplai.org\/encoratjat\/curtmetratges-edufilms\/","og_locale":"ca_ES","og_type":"article","og_title":"Curtmetratges Edufilms - Encoratja&#039;t","og_description":"Des de fa uns anys el cinema, com a mitj\u00e0 d\u2019expressi\u00f3 cultural i social, a l\u2019esplai ha esdevingut entre els grups de joves una activitat molt potent perestimular el pensament cr\u00edtic, acostar-los a realitats pr\u00f2pies i alienes i adquirir nous coneixements i habilitats\u00a0relacionades amb el m\u00f3n de les arts cinematogr\u00e0fiques. La Federaci\u00f3 Catalana de [&hellip;]","og_url":"https:\/\/fundesplai.org\/encoratjat\/curtmetratges-edufilms\/","og_site_name":"Encoratja&#039;t","twitter_card":"summary_large_image","twitter_misc":{"Temps estimat de lectura":"2 minuts"},"schema":{"@context":"https:\/\/schema.org","@graph":[{"@type":"WebPage","@id":"https:\/\/fundesplai.org\/encoratjat\/curtmetratges-edufilms\/","url":"https:\/\/fundesplai.org\/encoratjat\/curtmetratges-edufilms\/","name":"Curtmetratges Edufilms - Encoratja&#039;t","isPartOf":{"@id":"https:\/\/fundesplai.org\/encoratjat\/#website"},"datePublished":"2017-09-05T14:20:25+00:00","breadcrumb":{"@id":"https:\/\/fundesplai.org\/encoratjat\/curtmetratges-edufilms\/#breadcrumb"},"inLanguage":"ca","potentialAction":[{"@type":"ReadAction","target":["https:\/\/fundesplai.org\/encoratjat\/curtmetratges-edufilms\/"]}]},{"@type":"BreadcrumbList","@id":"https:\/\/fundesplai.org\/encoratjat\/curtmetratges-edufilms\/#breadcrumb","itemListElement":[{"@type":"ListItem","position":1,"name":"Inici","item":"\/"},{"@type":"ListItem","position":2,"name":"Encoratja&#039;t","item":"https:\/\/fundesplai.org\/encoratjat"},{"@type":"ListItem","position":3,"name":"Curtmetratges Edufilms"}]},{"@type":"WebSite","@id":"https:\/\/fundesplai.org\/encoratjat\/#website","url":"https:\/\/fundesplai.org\/encoratjat\/","name":"Encoratja&#039;t","description":"Proposta educativa de Fundesplai","potentialAction":[{"@type":"SearchAction","target":{"@type":"EntryPoint","urlTemplate":"https:\/\/fundesplai.org\/encoratjat\/?s={search_term_string}"},"query-input":{"@type":"PropertyValueSpecification","valueRequired":true,"valueName":"search_term_string"}}],"inLanguage":"ca"}]}},"_links":{"self":[{"href":"https:\/\/fundesplai.org\/encoratjat\/wp-json\/wp\/v2\/pages\/536","targetHints":{"allow":["GET"]}}],"collection":[{"href":"https:\/\/fundesplai.org\/encoratjat\/wp-json\/wp\/v2\/pages"}],"about":[{"href":"https:\/\/fundesplai.org\/encoratjat\/wp-json\/wp\/v2\/types\/page"}],"author":[{"embeddable":true,"href":"https:\/\/fundesplai.org\/encoratjat\/wp-json\/wp\/v2\/users\/4"}],"replies":[{"embeddable":true,"href":"https:\/\/fundesplai.org\/encoratjat\/wp-json\/wp\/v2\/comments?post=536"}],"version-history":[{"count":0,"href":"https:\/\/fundesplai.org\/encoratjat\/wp-json\/wp\/v2\/pages\/536\/revisions"}],"wp:attachment":[{"href":"https:\/\/fundesplai.org\/encoratjat\/wp-json\/wp\/v2\/media?parent=536"}],"curies":[{"name":"wp","href":"https:\/\/api.w.org\/{rel}","templated":true}]}}

<p>[et_pb_section bb_built=&#8221;1&#8243;][et_pb_row][et_pb_column type=&#8221;4_4&#8243;][et_pb_post_title _builder_version=&#8221;3.0.73&#8243; title=&#8221;on&#8221; meta=&#8221;off&#8221; author=&#8221;on&#8221; date=&#8221;on&#8221; categories=&#8221;on&#8221; comments=&#8221;on&#8221; featured_image=&#8221;off&#8221; featured_placement=&#8221;below&#8221; parallax_method=&#8221;on&#8221; text_orientation=&#8221;left&#8221; text_color=&#8221;dark&#8221; text_background=&#8221;off&#8221; border_style=&#8221;solid&#8221; animation_style=&#8221;bounce&#8221; /][/et_pb_column][/et_pb_row][et_pb_row][et_pb_column type=&#8221;1_2&#8243;][et_pb_text _builder_version=&#8221;3.0.73&#8243; background_layout=&#8221;light&#8221; text_orientation=&#8221;left&#8221; border_style=&#8221;solid&#8221;]</p>
<p>Des de fa uns anys el cinema, com a mitjà d’expressió cultural i social, a l’esplai ha esdevingut entre els grups de joves una activitat molt potent perestimular el pensament crític, acostar-los a realitats pròpies i alienes i adquirir nous coneixements i habilitats relacionades amb el món de les arts cinematogràfiques.</p>
<p>La Federació Catalana de l’Esplai vol posar en valor tot aquest treball i amb aquest propòsit organitza “EduFilms: Festival de cinema jove per la transformació social”.</p>
<p>Totes les creacions que es projecten han estat pensades, enregistrades i editades per joves d’entre 14 i 18 anys dels esplais amb el suport de professionals. El festival doncs,  pretén ser un espai de referència en el lleure de les iniciatives juvenils en el camp de les produccions audiovisuals de temàtica social.</p>
<p>Algunes propostes per a traurem el màxim profit a aquest <strong>important recurs educatiu </strong>podrien ser:</p>
<ul>
<li>Organització d&#8217;un cinefòrum amb els grups de joves</li>
<li>Convidar a algun ponent expert en alguna de les temàtiques tractades per aprofundir&#8211;ne.</li>
<li>Visionar algun dels curts, discutir sobre el contingut i crear una versió alternativa</li>
</ul>
<p>[/et_pb_text][/et_pb_column][et_pb_column type=&#8221;1_2&#8243;][et_pb_image _builder_version=&#8221;3.0.71&#8243; src=&#8221;https://projectes.fundesplai.org/encoratjat/wp-content/uploads/sites/53/2017/09/edufilms-header.jpg&#8221; show_in_lightbox=&#8221;off&#8221; url_new_window=&#8221;on&#8221; use_overlay=&#8221;off&#8221; sticky=&#8221;off&#8221; align=&#8221;left&#8221; always_center_on_mobile=&#8221;on&#8221; border_style=&#8221;solid&#8221; force_fullwidth=&#8221;off&#8221; animation_style=&#8221;slide&#8221; animation_duration=&#8221;500ms&#8221; animation_intensity_slide=&#8221;10%&#8221; animation_direction=&#8221;left&#8221; /][/et_pb_column][/et_pb_row][et_pb_row][et_pb_column type=&#8221;4_4&#8243;][et_pb_video_slider _builder_version=&#8221;3.0.71&#8243; show_arrows=&#8221;on&#8221; show_thumbnails=&#8221;on&#8221; show_image_overlay=&#8221;hide&#8221; controls_color=&#8221;light&#8221;] [et_pb_video_slider_item src=&#8221;https://vimeo.com/204019088&#8243; background_layout=&#8221;dark&#8221; /][et_pb_video_slider_item src=&#8221;https://vimeo.com/204010338&#8243; background_layout=&#8221;dark&#8221; /][et_pb_video_slider_item src=&#8221;https://vimeo.com/201138287&#8243; background_layout=&#8221;dark&#8221; /][et_pb_video_slider_item src=&#8221;https://vimeo.com/201138240&#8243; background_layout=&#8221;dark&#8221; /][et_pb_video_slider_item src=&#8221;https://vimeo.com/200164065&#8243; background_layout=&#8221;dark&#8221; /] [/et_pb_video_slider][/et_pb_column][/et_pb_row][/et_pb_section]</p>

<p><div class="et_pb_row et_pb_row_0 et_pb_row_empty">
				
				
				
				
				
			</div><div class="et_pb_row et_pb_row_1 et_pb_row_empty">
				
				
				
				
				
			</div> Des de fa uns anys el cinema, com a mitjà d’expressió cultural i social, a l’esplai ha esdevingut entre els grups de joves una activitat molt potent perestimular el pensament crític, acostar-los a realitats pròpies i alienes i adquirir nous coneixements i habilitats relacionades amb el món de les arts cinematogràfiques. La Federació Catalana de [&hellip;]</p>

<!-- This site is optimized with the Yoast SEO plugin v27.5 - https://yoast.com/product/yoast-seo-wordpress/ -->
<title>Curtmetratges Edufilms - Encoratja&#039;t</title>
<meta name="robots" content="index, follow, max-snippet:-1, max-image-preview:large, max-video-preview:-1" />
<link rel="canonical" href="https://fundesplai.org/encoratjat/curtmetratges-edufilms/" />
<meta property="og:locale" content="ca_ES" />
<meta property="og:type" content="article" />
<meta property="og:title" content="Curtmetratges Edufilms - Encoratja&#039;t" />
<meta property="og:description" content="Des de fa uns anys el cinema, com a mitjà d’expressió cultural i social, a l’esplai ha esdevingut entre els grups de joves una activitat molt potent perestimular el pensament crític, acostar-los a realitats pròpies i alienes i adquirir nous coneixements i habilitats relacionades amb el món de les arts cinematogràfiques. La Federació Catalana de [&hellip;]" />
<meta property="og:url" content="https://fundesplai.org/encoratjat/curtmetratges-edufilms/" />
<meta property="og:site_name" content="Encoratja&#039;t" />
<meta name="twitter:card" content="summary_large_image" />
<meta name="twitter:label1" content="Temps estimat de lectura" />
	<meta name="twitter:data1" content="2 minuts" />
<script type="application/ld+json" class="yoast-schema-graph">{"@context":"https:\/\/schema.org","@graph":[{"@type":"WebPage","@id":"https:\/\/fundesplai.org\/encoratjat\/curtmetratges-edufilms\/","url":"https:\/\/fundesplai.org\/encoratjat\/curtmetratges-edufilms\/","name":"Curtmetratges Edufilms - Encoratja&#039;t","isPartOf":{"@id":"https:\/\/fundesplai.org\/encoratjat\/#website"},"datePublished":"2017-09-05T14:20:25+00:00","breadcrumb":{"@id":"https:\/\/fundesplai.org\/encoratjat\/curtmetratges-edufilms\/#breadcrumb"},"inLanguage":"ca","potentialAction":[{"@type":"ReadAction","target":["https:\/\/fundesplai.org\/encoratjat\/curtmetratges-edufilms\/"]}]},{"@type":"BreadcrumbList","@id":"https:\/\/fundesplai.org\/encoratjat\/curtmetratges-edufilms\/#breadcrumb","itemListElement":[{"@type":"ListItem","position":1,"name":"Inici","item":"\/"},{"@type":"ListItem","position":2,"name":"Encoratja&#039;t","item":"https:\/\/fundesplai.org\/encoratjat"},{"@type":"ListItem","position":3,"name":"Curtmetratges Edufilms"}]},{"@type":"WebSite","@id":"https:\/\/fundesplai.org\/encoratjat\/#website","url":"https:\/\/fundesplai.org\/encoratjat\/","name":"Encoratja&#039;t","description":"Proposta educativa de Fundesplai","potentialAction":[{"@type":"SearchAction","target":{"@type":"EntryPoint","urlTemplate":"https:\/\/fundesplai.org\/encoratjat\/?s={search_term_string}"},"query-input":{"@type":"PropertyValueSpecification","valueRequired":true,"valueName":"search_term_string"}}],"inLanguage":"ca"}]}</script>
<!-- / Yoast SEO plugin. -->

Des de fa uns anys el cinema, com a mitjà d’expressió cultural i social, a l’esplai ha esdevingut entre els grups de joves una activitat molt potent perestimular el pensament crític, acostar-los a realitats pròpies i alienes i adquirir nous coneixements i habilitats relacionades amb el món de les arts cinematogràfiques. La Federació Catalana de [&hellip;]
