{"id":1489,"date":"2022-08-04T12:15:19","date_gmt":"2022-08-04T10:15:19","guid":{"rendered":"https:\/\/fundesplai.org\/encoratjat\/?page_id=1489"},"modified":"2022-12-15T13:25:35","modified_gmt":"2022-12-15T11:25:35","slug":"violencia-zero","status":"publish","type":"page","link":"https:\/\/fundesplai.org\/encoratjat\/activitats\/violencia-zero\/","title":{"rendered":"Viol\u00e8ncia zero"},"content":{"rendered":"<p>[et_pb_section fb_built=&#8221;1&#8243; _builder_version=&#8221;4.17.4&#8243; _module_preset=&#8221;default&#8221; global_colors_info=&#8221;{}&#8221;][et_pb_row _builder_version=&#8221;4.17.4&#8243; _module_preset=&#8221;default&#8221; global_colors_info=&#8221;{}&#8221;][et_pb_column type=&#8221;4_4&#8243; _builder_version=&#8221;4.17.4&#8243; _module_preset=&#8221;default&#8221; global_colors_info=&#8221;{}&#8221;][et_pb_post_title meta=&#8221;off&#8221; featured_image=&#8221;off&#8221; _builder_version=&#8221;4.17.4&#8243; _module_preset=&#8221;default&#8221; global_colors_info=&#8221;{}&#8221;][\/et_pb_post_title][\/et_pb_column][\/et_pb_row][et_pb_row module_class=&#8221;graella-icona-circular-giratoria&#8221; _builder_version=&#8221;4.17.4&#8243; _module_preset=&#8221;default&#8221; global_colors_info=&#8221;{}&#8221;][et_pb_column type=&#8221;4_4&#8243; _builder_version=&#8221;4.17.4&#8243; _module_preset=&#8221;default&#8221; global_colors_info=&#8221;{}&#8221;][et_pb_blurb use_icon=&#8221;on&#8221; font_icon=&#8221;&#xf129;||fa||900&#8243; icon_color=&#8221;#000000&#8243; icon_placement=&#8221;left&#8221; content_max_width=&#8221;1100px&#8221; _builder_version=&#8221;4.17.4&#8243; _module_preset=&#8221;default&#8221; global_colors_info=&#8221;{}&#8221;]<\/p>\n<p>Evitar trivialitzar qualsevol expressi\u00f3 de viol\u00e8ncia: insults, empentes, baralles, exclusions\u2026.,\u00a0<strong>Socialitzar en el rebuig a qui et tracta malament i tractar b\u00e9 a qui et tracta b\u00e9<\/strong>\u00a0; encoratjar l\u2019individu i el grup a trencar amb el silenci; promoure el sentiment d\u2019amistat i el vincle afectiu incorporant la idea de qui \u201cm\u2019estima em tracta b\u00e9\u201d;\u00a0<strong>Posar la mirada en les conductes de les persones<\/strong>, sense voler estigmatitzar a cap infant, ni posar etiquetes, evitar parlar d\u2019infant agressiu o dolent, i s\u00ed de conductes apropiades o inapropiades, fent una tasca en tot moment inclusiva.<strong>el di\u00e0leg com a eina de resoluci\u00f3 dels conflictes<\/strong>; fomentar que all\u00f2 que \u00e8ticament \u00e9s desitjable, com ara el respecte, l\u2019amabilitat, la solidaritat, l\u2019empatia, \u00a0sigui tamb\u00e9 atractiu\u2026<\/p>\n<p>En definitiva,\u00a0<strong>\u00a0tenim el repte i la responsabilitat de posar tots els mitjans per una cultura de pau.<\/strong><\/p>\n<p>[\/et_pb_blurb][et_pb_blurb title=&#8221;Qu\u00e8 podem fer?&#8221; use_icon=&#8221;on&#8221; font_icon=&#8221;&#x3f;||fa||900&#8243; icon_color=&#8221;#000000&#8243; icon_placement=&#8221;left&#8221; content_max_width=&#8221;1100px&#8221; _builder_version=&#8221;4.17.4&#8243; _module_preset=&#8221;default&#8221; global_colors_info=&#8221;{}&#8221;]<\/p>\n<ul>\n<li>Crear espais de di\u00e0leg al centre, en el grup, per implicar tota la comunitat en la identificaci\u00f3 de fortaleses i febleses pel que fa al clima de conviv\u00e8ncia.<\/li>\n<li>Ser contundents davant de qualsevol manifestaci\u00f3 o expressi\u00f3 de viol\u00e8ncia. No \u00e9s no.<\/li>\n<li>Aconseguir que la idea de covardia s\u2019associ\u00ef a la figura de l\u2019agressor\/a i no a la v\u00edctima.<\/li>\n<li>Dotar d\u2019atractiu les conductes positives.<\/li>\n<li>Incorporar l\u2019eina de la \u201cColla enCORatjada\u201d com a mitj\u00e0 de prevenci\u00f3 de la viol\u00e8ncia.<\/li>\n<li>Organitzar campanyes de sensibilitzaci\u00f3 en contra de qualsevol expressi\u00f3 de viol\u00e8ncia.<\/li>\n<li>(\u2026)<\/li>\n<\/ul>\n<p>[\/et_pb_blurb][et_pb_blurb title=&#8221;Activitats&#8221; use_icon=&#8221;on&#8221; font_icon=&#8221;&#xf0e7;||fa||900&#8243; icon_color=&#8221;#000000&#8243; icon_placement=&#8221;left&#8221; content_max_width=&#8221;1100px&#8221; _builder_version=&#8221;4.17.4&#8243; _module_preset=&#8221;default&#8221; global_colors_info=&#8221;{}&#8221;]<\/p>\n<ul>\n<li><a href=\"https:\/\/esplai.fundesplai.org\/recurs\/la-colla-encoratjada\/\"><strong>La \u201cColla EnCORatjada\u201d<\/strong><\/a>. Recurs que consta de 7 activitats per promoure\u00a0valors com ara el respecte, l\u2019amabilitat, l\u2019empatia, el bon tracte, etc. Aquesta \u00e9s la finalitat de la Colla EnCORatjada, una colla de noies i nois amb grans poders per atraure aquests valors.<\/li>\n<li><strong><a href=\"https:\/\/esplai.fundesplai.org\/recurs\/cercle-del-rebuig-mural-de-les-bones-paraules\/\">Cercle de rebuig, mural de les bones paraules<\/a><\/strong>. Aquesta activitat consta de dues parts diferenciades: una primera per treballar les accions negatives que generen rebuig i una segona per permetre dir-se coses positives entre les companyes de grup.<\/li>\n<li><strong><a href=\"https:\/\/esplai.fundesplai.org\/recurs\/cancons-assassines\/\">Can\u00e7ons assessines?<\/a><\/strong>\u00a0.En els \u00faltims mesos hem vist com diferents municipis s\u2019han plantejat quins missatges sexistes es poden estar transmetent (o no) en els diferents actes organitzats pels consistoris i com corregir-ho. Us proposem que debateu sobre algunes de les mesures que es prenen i a partir d\u2019aqu\u00ed reflexionar sobre els missatges sexistes a la nostra societat.<\/li>\n<li><a href=\"https:\/\/esplai.fundesplai.org\/recurs\/som-hi-som-un-equip\/\"><strong>Som-hi , som un equip<\/strong><\/a>. Recull de din\u00e0miques per prendre consci\u00e8ncia de les m\u00faltiples formes \u2013visibles i invisibles, subtils o evidents\u2013 que pot prendre l\u2019assetjament.<\/li>\n<li><strong><a href=\"http:\/\/esplai.fundesplai.org\/recurs\/es-busquen-valents\/\">Es busquen valents<\/a><\/strong>. Utilitzant una can\u00e7\u00f3 publicada recentment per el Langui es proposa la realitzaci\u00f3 d\u2019una activitat multim\u00e8dia realitzada amb diferents recursos digitals que permetin treballar la lletra de la can\u00e7\u00f3 i el significat d\u2019aquesta.<\/li>\n<li><a href=\"http:\/\/esplai.fundesplai.org\/recurs\/paraules-damor-senzilles-i-tendres\/\"><strong>Paraules d\u2019amor senzilles i tendres<\/strong><\/a>\u2026 A trav\u00e9s de les can\u00e7ons d\u2019amor, analitzarem de forma cr\u00edtica els models afectius que predominen a la nostra societat. Aquest an\u00e0lisi ens hauria de servir per construir o reconstruir el nostre propi model de relacions.<\/li>\n<\/ul>\n<p>[\/et_pb_blurb][\/et_pb_column][\/et_pb_row][\/et_pb_section][et_pb_section fb_built=&#8221;1&#8243; _builder_version=&#8221;4.19.0&#8243; _module_preset=&#8221;default&#8221; global_colors_info=&#8221;{}&#8221; locked=&#8221;off&#8221;][et_pb_row _builder_version=&#8221;4.16&#8243; module_alignment=&#8221;center&#8221; custom_margin=&#8221;50px||50px||true|false&#8221; custom_margin_tablet=&#8221;&#8221; custom_margin_phone=&#8221;10px||10px||false|false&#8221; custom_margin_last_edited=&#8221;on|phone&#8221; locked=&#8221;off&#8221; global_colors_info=&#8221;{}&#8221;][et_pb_column type=&#8221;4_4&#8243; _builder_version=&#8221;4.16&#8243; global_colors_info=&#8221;{}&#8221;][et_pb_text _builder_version=&#8221;4.19.0&#8243; custom_margin=&#8221;20px||||false|false&#8221; hover_enabled=&#8221;0&#8243; global_colors_info=&#8221;{}&#8221; sticky_enabled=&#8221;0&#8243;]<\/p>\n<h2 style=\"text-align: center\">Elements clau<\/h2>\n<p>[\/et_pb_text][\/et_pb_column][\/et_pb_row][et_pb_row column_structure=&#8221;1_3,1_3,1_3&#8243; use_custom_gutter=&#8221;on&#8221; make_equal=&#8221;on&#8221; _builder_version=&#8221;4.19.0&#8243; background_enable_image=&#8221;off&#8221; width=&#8221;100%&#8221; max_width=&#8221;2559px&#8221; custom_margin=&#8221;50px||50px||true|false&#8221; custom_margin_tablet=&#8221;&#8221; custom_margin_phone=&#8221;||||true&#8221; custom_margin_last_edited=&#8221;on|phone&#8221; locked=&#8221;off&#8221; global_colors_info=&#8221;{}&#8221;][et_pb_column type=&#8221;1_3&#8243; _builder_version=&#8221;4.19.0&#8243; background_image=&#8221;https:\/\/fundesplai.org\/encoratjat\/wp-content\/uploads\/sites\/17\/2019\/01\/IMG_0360.jpg&#8221; global_colors_info=&#8221;{}&#8221;][et_pb_cta title=&#8221;Activitats&#8221; button_url=&#8221;https:\/\/fundesplai.org\/encoratjat\/activitats\/&#8221; button_text=&#8221; +&#8221; _builder_version=&#8221;4.19.0&#8243; header_level=&#8221;h1&#8243; header_font=&#8221;|600|||||||&#8221; header_text_align=&#8221;center&#8221; body_font=&#8221;|600|||||||&#8221; background_enable_color=&#8221;off&#8221; custom_button=&#8221;on&#8221; button_text_size=&#8221;17px&#8221; button_border_width=&#8221;0px&#8221; button_border_radius=&#8221;33px&#8221; button_use_icon=&#8221;off&#8221; button_alignment=&#8221;center&#8221; animation_style=&#8221;zoom&#8221; animation_direction=&#8221;bottom&#8221; animation_starting_opacity=&#8221;56%&#8221; link_option_url=&#8221;https:\/\/fundesplai.org\/encoratjat\/activitats\/&#8221; header_text_shadow_style=&#8221;preset3&#8243; header_text_shadow_color=&#8221;#000000&#8243; text_shadow_style=&#8221;preset3&#8243; text_shadow_blur_strength=&#8221;0.02em&#8221; text_shadow_color=&#8221;#000000&#8243; global_colors_info=&#8221;{}&#8221;]<\/p>\n<p>Activitats d&#8217;amistat i conviv\u00e8ncia, de viol\u00e8ncia zero, de g\u00e8nere, diversitat afectiva i sexual.<\/p>\n<p>[\/et_pb_cta][\/et_pb_column][et_pb_column type=&#8221;1_3&#8243; _builder_version=&#8221;4.19.0&#8243; background_image=&#8221;https:\/\/fundesplai.org\/encoratjat\/wp-content\/uploads\/sites\/17\/2018\/09\/Repte-3.jpg&#8221; global_colors_info=&#8221;{}&#8221;][et_pb_cta title=&#8221;Eix d&#8217;animaci\u00f3&#8221; button_url=&#8221;https:\/\/fundesplai.org\/encoratjat\/la-carlota-sencoratja\/&#8221; button_text=&#8221; +&#8221; _builder_version=&#8221;4.17.4&#8243; header_level=&#8221;h1&#8243; header_font=&#8221;|600|||||||&#8221; header_text_align=&#8221;center&#8221; body_font=&#8221;|600|||||||&#8221; background_enable_color=&#8221;off&#8221; background_enable_image=&#8221;off&#8221; custom_button=&#8221;on&#8221; button_text_size=&#8221;17px&#8221; button_border_width=&#8221;0px&#8221; button_border_radius=&#8221;33px&#8221; button_use_icon=&#8221;off&#8221; button_alignment=&#8221;center&#8221; animation_style=&#8221;zoom&#8221; animation_direction=&#8221;bottom&#8221; animation_starting_opacity=&#8221;56%&#8221; link_option_url=&#8221;https:\/\/fundesplai.org\/encoratjat\/la-carlota-sencoratja\/&#8221; header_text_shadow_style=&#8221;preset3&#8243; header_text_shadow_color=&#8221;#000000&#8243; text_shadow_style=&#8221;preset3&#8243; text_shadow_blur_strength=&#8221;0.02em&#8221; text_shadow_color=&#8221;#000000&#8243; global_colors_info=&#8221;{}&#8221;]<\/p>\n<p>&#8220;La Carlota s&#8217;enCORatja&#8221; s\u00f3n 5 relats in\u00e8dits de l&#8217;escriptora Gemma Lineas, vols saber-ne m\u00e9s?<\/p>\n<p>[\/et_pb_cta][\/et_pb_column][et_pb_column type=&#8221;1_3&#8243; _builder_version=&#8221;4.19.0&#8243; background_image=&#8221;https:\/\/fundesplai.org\/encoratjat\/wp-content\/uploads\/sites\/17\/2018\/09\/Eixos-aprofundiment.jpg&#8221; global_colors_info=&#8221;{}&#8221;][et_pb_cta title=&#8221;Reptes col\u00b7lectius&#8221; button_url=&#8221;https:\/\/fundesplai.org\/encoratjat\/reptes-collectius\/&#8221; button_text=&#8221; +&#8221; _builder_version=&#8221;4.17.4&#8243; header_level=&#8221;h1&#8243; header_font=&#8221;|600|||||||&#8221; header_text_align=&#8221;center&#8221; body_font=&#8221;|600|||||||&#8221; background_enable_color=&#8221;off&#8221; custom_button=&#8221;on&#8221; button_text_size=&#8221;17px&#8221; button_border_width=&#8221;0px&#8221; button_border_radius=&#8221;33px&#8221; button_use_icon=&#8221;off&#8221; button_alignment=&#8221;center&#8221; animation_style=&#8221;zoom&#8221; animation_direction=&#8221;bottom&#8221; animation_starting_opacity=&#8221;56%&#8221; link_option_url=&#8221;https:\/\/fundesplai.org\/encoratjat\/reptes-collectius\/&#8221; header_text_shadow_style=&#8221;preset3&#8243; header_text_shadow_color=&#8221;#000000&#8243; text_shadow_style=&#8221;preset3&#8243; text_shadow_blur_strength=&#8221;0.02em&#8221; text_shadow_color=&#8221;#000000&#8243; global_colors_info=&#8221;{}&#8221;]<\/p>\n<p>Amb els reptes col\u00b7lectius ens mobilitzem per fomentar el treball educatiu basat en valors amb infants i joves, amb la voluntat de construir una societat present i de futur m\u00e9s justa i igualit\u00e0ria.<\/p>\n<p>[\/et_pb_cta][\/et_pb_column][\/et_pb_row][et_pb_row padding_mobile=&#8221;off&#8221; column_padding_mobile=&#8221;on&#8221; _builder_version=&#8221;4.16&#8243; background_size=&#8221;initial&#8221; background_position=&#8221;top_left&#8221; background_repeat=&#8221;repeat&#8221; width=&#8221;90%&#8221; custom_padding=&#8221;0px|0px&#8221; locked=&#8221;off&#8221; global_colors_info=&#8221;{}&#8221;][et_pb_column type=&#8221;4_4&#8243; _builder_version=&#8221;4.16&#8243; custom_padding=&#8221;|||&#8221; global_colors_info=&#8221;{}&#8221; custom_padding__hover=&#8221;|||&#8221;][et_pb_text _builder_version=&#8221;4.17.4&#8243; background_size=&#8221;initial&#8221; background_position=&#8221;top_left&#8221; background_repeat=&#8221;repeat&#8221; border_style=&#8221;solid&#8221; global_colors_info=&#8221;{}&#8221;]<\/p>\n<h2 style=\"text-align: center\">Amb la col\u00b7laboraci\u00f3 de:<\/h2>\n<p>&nbsp;<\/p>\n<p>[\/et_pb_text][\/et_pb_column][\/et_pb_row][et_pb_row column_structure=&#8221;1_4,1_4,1_4,1_4&#8243; _builder_version=&#8221;4.19.0&#8243; _module_preset=&#8221;default&#8221; custom_margin=&#8221;||50px||false|false&#8221; locked=&#8221;off&#8221; global_colors_info=&#8221;{}&#8221;][et_pb_column type=&#8221;1_4&#8243; _builder_version=&#8221;4.19.0&#8243; _module_preset=&#8221;default&#8221; global_colors_info=&#8221;{}&#8221;][et_pb_image src=&#8221;https:\/\/fundesplai.org\/encoratjat\/wp-content\/uploads\/sites\/17\/2017\/07\/Generalitat-300&#215;91-1.jpg&#8221; title_text=&#8221;Generalitat-300&#215;91&#8243; _builder_version=&#8221;4.19.0&#8243; _module_preset=&#8221;default&#8221; global_colors_info=&#8221;{}&#8221;][\/et_pb_image][\/et_pb_column][et_pb_column type=&#8221;1_4&#8243; _builder_version=&#8221;4.19.0&#8243; _module_preset=&#8221;default&#8221; global_colors_info=&#8221;{}&#8221;][et_pb_image src=&#8221;https:\/\/fundesplai.org\/encoratjat\/wp-content\/uploads\/sites\/17\/2017\/07\/logo-diputacio-e1671102730856.jpg&#8221; title_text=&#8221;logo-diputaci\u00f3&#8221; _builder_version=&#8221;4.19.0&#8243; _module_preset=&#8221;default&#8221; global_colors_info=&#8221;{}&#8221;][\/et_pb_image][\/et_pb_column][et_pb_column type=&#8221;1_4&#8243; _builder_version=&#8221;4.19.0&#8243; _module_preset=&#8221;default&#8221; global_colors_info=&#8221;{}&#8221;][et_pb_image src=&#8221;https:\/\/fundesplai.org\/encoratjat\/wp-content\/uploads\/sites\/17\/2017\/07\/Ajuntament-de-barcelona-300&#215;86-1.jpg&#8221; title_text=&#8221;Ajuntament-de-barcelona-300&#215;86&#8243; _builder_version=&#8221;4.19.0&#8243; _module_preset=&#8221;default&#8221; global_colors_info=&#8221;{}&#8221;][\/et_pb_image][\/et_pb_column][et_pb_column type=&#8221;1_4&#8243; _builder_version=&#8221;4.19.0&#8243; _module_preset=&#8221;default&#8221; global_colors_info=&#8221;{}&#8221;][et_pb_image src=&#8221;https:\/\/fundesplai.org\/encoratjat\/wp-content\/uploads\/sites\/17\/2017\/07\/OTROS_FINES_I_S_GOB600-300&#215;113-1.jpg&#8221; title_text=&#8221;OTROS_FINES_I_S_GOB600-300&#215;113&#8243; _builder_version=&#8221;4.19.0&#8243; _module_preset=&#8221;default&#8221; global_colors_info=&#8221;{}&#8221;][\/et_pb_image][\/et_pb_column][\/et_pb_row][\/et_pb_section]<\/p>\n","protected":false},"excerpt":{"rendered":"<p>Evitar trivialitzar qualsevol expressi\u00f3 de viol\u00e8ncia: insults, empentes, baralles, exclusions\u2026.,\u00a0Socialitzar en el rebuig a qui et tracta malament i tractar b\u00e9 a qui et tracta b\u00e9\u00a0; encoratjar l\u2019individu i el grup a trencar amb el silenci; promoure el sentiment d\u2019amistat i el vincle afectiu incorporant la idea de qui \u201cm\u2019estima em tracta b\u00e9\u201d;\u00a0Posar la mirada [&hellip;]<\/p>\n","protected":false},"author":27,"featured_media":0,"parent":112,"menu_order":0,"comment_status":"closed","ping_status":"closed","template":"","meta":{"_et_pb_use_builder":"on","_et_pb_old_content":"","_et_gb_content_width":"","footnotes":""},"class_list":["post-1489","page","type-page","status-publish","hentry"],"yoast_head":"<!-- This site is optimized with the Yoast SEO plugin v27.4 - https:\/\/yoast.com\/product\/yoast-seo-wordpress\/ -->\n<title>Viol\u00e8ncia zero - Encoratja&#039;t<\/title>\n<meta name=\"robots\" content=\"index, follow, max-snippet:-1, max-image-preview:large, max-video-preview:-1\" \/>\n<link rel=\"canonical\" href=\"https:\/\/fundesplai.org\/encoratjat\/activitats\/violencia-zero\/\" \/>\n<meta property=\"og:locale\" content=\"ca_ES\" \/>\n<meta property=\"og:type\" content=\"article\" \/>\n<meta property=\"og:title\" content=\"Viol\u00e8ncia zero - Encoratja&#039;t\" \/>\n<meta property=\"og:description\" content=\"Evitar trivialitzar qualsevol expressi\u00f3 de viol\u00e8ncia: insults, empentes, baralles, exclusions\u2026.,\u00a0Socialitzar en el rebuig a qui et tracta malament i tractar b\u00e9 a qui et tracta b\u00e9\u00a0; encoratjar l\u2019individu i el grup a trencar amb el silenci; promoure el sentiment d\u2019amistat i el vincle afectiu incorporant la idea de qui \u201cm\u2019estima em tracta b\u00e9\u201d;\u00a0Posar la mirada [&hellip;]\" \/>\n<meta property=\"og:url\" content=\"https:\/\/fundesplai.org\/encoratjat\/activitats\/violencia-zero\/\" \/>\n<meta property=\"og:site_name\" content=\"Encoratja&#039;t\" \/>\n<meta property=\"article:modified_time\" content=\"2022-12-15T11:25:35+00:00\" \/>\n<meta name=\"twitter:card\" content=\"summary_large_image\" \/>\n<meta name=\"twitter:label1\" content=\"Temps estimat de lectura\" \/>\n\t<meta name=\"twitter:data1\" content=\"8 minuts\" \/>\n<script type=\"application\/ld+json\" class=\"yoast-schema-graph\">{\"@context\":\"https:\\\/\\\/schema.org\",\"@graph\":[{\"@type\":\"WebPage\",\"@id\":\"https:\\\/\\\/fundesplai.org\\\/encoratjat\\\/activitats\\\/violencia-zero\\\/\",\"url\":\"https:\\\/\\\/fundesplai.org\\\/encoratjat\\\/activitats\\\/violencia-zero\\\/\",\"name\":\"Viol\u00e8ncia zero - Encoratja&#039;t\",\"isPartOf\":{\"@id\":\"https:\\\/\\\/fundesplai.org\\\/encoratjat\\\/#website\"},\"datePublished\":\"2022-08-04T10:15:19+00:00\",\"dateModified\":\"2022-12-15T11:25:35+00:00\",\"breadcrumb\":{\"@id\":\"https:\\\/\\\/fundesplai.org\\\/encoratjat\\\/activitats\\\/violencia-zero\\\/#breadcrumb\"},\"inLanguage\":\"ca\",\"potentialAction\":[{\"@type\":\"ReadAction\",\"target\":[\"https:\\\/\\\/fundesplai.org\\\/encoratjat\\\/activitats\\\/violencia-zero\\\/\"]}]},{\"@type\":\"BreadcrumbList\",\"@id\":\"https:\\\/\\\/fundesplai.org\\\/encoratjat\\\/activitats\\\/violencia-zero\\\/#breadcrumb\",\"itemListElement\":[{\"@type\":\"ListItem\",\"position\":1,\"name\":\"Inici\",\"item\":\"\\\/\"},{\"@type\":\"ListItem\",\"position\":2,\"name\":\"Encoratja&#039;t\",\"item\":\"https:\\\/\\\/fundesplai.org\\\/encoratjat\"},{\"@type\":\"ListItem\",\"position\":3,\"name\":\"Activitats\",\"item\":\"https:\\\/\\\/fundesplai.org\\\/encoratjat\\\/activitats\\\/\"},{\"@type\":\"ListItem\",\"position\":4,\"name\":\"Viol\u00e8ncia zero\"}]},{\"@type\":\"WebSite\",\"@id\":\"https:\\\/\\\/fundesplai.org\\\/encoratjat\\\/#website\",\"url\":\"https:\\\/\\\/fundesplai.org\\\/encoratjat\\\/\",\"name\":\"Encoratja&#039;t\",\"description\":\"Proposta educativa de Fundesplai\",\"potentialAction\":[{\"@type\":\"SearchAction\",\"target\":{\"@type\":\"EntryPoint\",\"urlTemplate\":\"https:\\\/\\\/fundesplai.org\\\/encoratjat\\\/?s={search_term_string}\"},\"query-input\":{\"@type\":\"PropertyValueSpecification\",\"valueRequired\":true,\"valueName\":\"search_term_string\"}}],\"inLanguage\":\"ca\"}]}<\/script>\n<!-- \/ Yoast SEO plugin. -->","yoast_head_json":{"title":"Viol\u00e8ncia zero - Encoratja&#039;t","robots":{"index":"index","follow":"follow","max-snippet":"max-snippet:-1","max-image-preview":"max-image-preview:large","max-video-preview":"max-video-preview:-1"},"canonical":"https:\/\/fundesplai.org\/encoratjat\/activitats\/violencia-zero\/","og_locale":"ca_ES","og_type":"article","og_title":"Viol\u00e8ncia zero - Encoratja&#039;t","og_description":"Evitar trivialitzar qualsevol expressi\u00f3 de viol\u00e8ncia: insults, empentes, baralles, exclusions\u2026.,\u00a0Socialitzar en el rebuig a qui et tracta malament i tractar b\u00e9 a qui et tracta b\u00e9\u00a0; encoratjar l\u2019individu i el grup a trencar amb el silenci; promoure el sentiment d\u2019amistat i el vincle afectiu incorporant la idea de qui \u201cm\u2019estima em tracta b\u00e9\u201d;\u00a0Posar la mirada [&hellip;]","og_url":"https:\/\/fundesplai.org\/encoratjat\/activitats\/violencia-zero\/","og_site_name":"Encoratja&#039;t","article_modified_time":"2022-12-15T11:25:35+00:00","twitter_card":"summary_large_image","twitter_misc":{"Temps estimat de lectura":"8 minuts"},"schema":{"@context":"https:\/\/schema.org","@graph":[{"@type":"WebPage","@id":"https:\/\/fundesplai.org\/encoratjat\/activitats\/violencia-zero\/","url":"https:\/\/fundesplai.org\/encoratjat\/activitats\/violencia-zero\/","name":"Viol\u00e8ncia zero - Encoratja&#039;t","isPartOf":{"@id":"https:\/\/fundesplai.org\/encoratjat\/#website"},"datePublished":"2022-08-04T10:15:19+00:00","dateModified":"2022-12-15T11:25:35+00:00","breadcrumb":{"@id":"https:\/\/fundesplai.org\/encoratjat\/activitats\/violencia-zero\/#breadcrumb"},"inLanguage":"ca","potentialAction":[{"@type":"ReadAction","target":["https:\/\/fundesplai.org\/encoratjat\/activitats\/violencia-zero\/"]}]},{"@type":"BreadcrumbList","@id":"https:\/\/fundesplai.org\/encoratjat\/activitats\/violencia-zero\/#breadcrumb","itemListElement":[{"@type":"ListItem","position":1,"name":"Inici","item":"\/"},{"@type":"ListItem","position":2,"name":"Encoratja&#039;t","item":"https:\/\/fundesplai.org\/encoratjat"},{"@type":"ListItem","position":3,"name":"Activitats","item":"https:\/\/fundesplai.org\/encoratjat\/activitats\/"},{"@type":"ListItem","position":4,"name":"Viol\u00e8ncia zero"}]},{"@type":"WebSite","@id":"https:\/\/fundesplai.org\/encoratjat\/#website","url":"https:\/\/fundesplai.org\/encoratjat\/","name":"Encoratja&#039;t","description":"Proposta educativa de Fundesplai","potentialAction":[{"@type":"SearchAction","target":{"@type":"EntryPoint","urlTemplate":"https:\/\/fundesplai.org\/encoratjat\/?s={search_term_string}"},"query-input":{"@type":"PropertyValueSpecification","valueRequired":true,"valueName":"search_term_string"}}],"inLanguage":"ca"}]}},"_links":{"self":[{"href":"https:\/\/fundesplai.org\/encoratjat\/wp-json\/wp\/v2\/pages\/1489","targetHints":{"allow":["GET"]}}],"collection":[{"href":"https:\/\/fundesplai.org\/encoratjat\/wp-json\/wp\/v2\/pages"}],"about":[{"href":"https:\/\/fundesplai.org\/encoratjat\/wp-json\/wp\/v2\/types\/page"}],"author":[{"embeddable":true,"href":"https:\/\/fundesplai.org\/encoratjat\/wp-json\/wp\/v2\/users\/27"}],"replies":[{"embeddable":true,"href":"https:\/\/fundesplai.org\/encoratjat\/wp-json\/wp\/v2\/comments?post=1489"}],"version-history":[{"count":9,"href":"https:\/\/fundesplai.org\/encoratjat\/wp-json\/wp\/v2\/pages\/1489\/revisions"}],"predecessor-version":[{"id":1654,"href":"https:\/\/fundesplai.org\/encoratjat\/wp-json\/wp\/v2\/pages\/1489\/revisions\/1654"}],"up":[{"embeddable":true,"href":"https:\/\/fundesplai.org\/encoratjat\/wp-json\/wp\/v2\/pages\/112"}],"wp:attachment":[{"href":"https:\/\/fundesplai.org\/encoratjat\/wp-json\/wp\/v2\/media?parent=1489"}],"curies":[{"name":"wp","href":"https:\/\/api.w.org\/{rel}","templated":true}]}}