{"id":183,"date":"2023-10-23T12:18:57","date_gmt":"2023-10-23T10:18:57","guid":{"rendered":"https:\/\/fundesplai.org\/compartir\/?page_id=183"},"modified":"2023-10-23T12:22:19","modified_gmt":"2023-10-23T10:22:19","slug":"recursos","status":"publish","type":"page","link":"https:\/\/fundesplai.org\/compartir\/recursos\/","title":{"rendered":"Recursos"},"content":{"rendered":"<p>[et_pb_section fb_built=&#8221;1&#8243; admin_label=&#8221;section&#8221; _builder_version=&#8221;4.21.0&#8243; global_colors_info=&#8221;{}&#8221;][et_pb_row admin_label=&#8221;row&#8221; _builder_version=&#8221;4.21.0&#8243; background_size=&#8221;initial&#8221; background_position=&#8221;top_left&#8221; background_repeat=&#8221;repeat&#8221; global_colors_info=&#8221;{}&#8221;][et_pb_column type=&#8221;4_4&#8243; _builder_version=&#8221;4.16&#8243; custom_padding=&#8221;|||&#8221; global_colors_info=&#8221;{}&#8221; custom_padding__hover=&#8221;|||&#8221;][et_pb_post_title author=&#8221;off&#8221; date=&#8221;off&#8221; _builder_version=&#8221;4.21.0&#8243; _module_preset=&#8221;default&#8221; global_colors_info=&#8221;{}&#8221;][\/et_pb_post_title][et_pb_text _builder_version=&#8221;4.21.0&#8243; _module_preset=&#8221;default&#8221; hover_enabled=&#8221;0&#8243; global_colors_info=&#8221;{}&#8221; custom_margin=&#8221;||50px||false|false&#8221; sticky_enabled=&#8221;0&#8243;]<\/p>\n<h3>BIBLIOGRAFIA<\/h3>\n<p><strong>\u25aa<\/strong>\u00a0BATLLE, R (coord). Compartir: Un programa per a la Creativitat i la Generositat. Cornell\u00e0 de Llobregat: Centre d&#8217;Estudis de l&#8217;Esplai, 1997<br \/><strong>\u25aa<\/strong>\u00a0VALERO GARCIA, JOS\u00c9 MARIA. La Escuela que yo quiero. Argentina: Gram Editora,1989<br \/><strong>\u25aa<\/strong>\u00a0DELORS, J. Informe Delors. Educaci\u00f3: hi ha un tresor amagat a dins. Madrid: Unesco-Santillana, 1996.<br \/><strong>\u25aa<\/strong>\u00a0BOQU\u00c9 I TORREMORELL, C. Temps de mediaci\u00f3. Barcelona: Edicions Ceac, 2005<br \/><strong>\u25aa<\/strong>\u00a0ROCHE, R. Fundamentos psicol\u00f3gicos y pedag\u00f3gicos del aprendizaje-servicio: la educaci\u00f3n a la prosocialidad. Ponencia presentada en el Seminario Internacional &#8220;Educaci\u00f3n y servicio comunitario&#8221;. Buenos Aires, 1997.<br \/><strong>\u25aa<\/strong>\u00a0BOQU\u00c9 I TORREMODELL, C. Guia de mediaci\u00f3 Escolar. Barcelona: Dossiers Rosa Sensat, 2002<br \/><strong>\u25aa<\/strong>\u00a0SAVATER, F. El valor de educar. Barcelona: Ariel, 1997<br \/><strong>\u25aa<\/strong>\u00a0TONUCCI, F. Ensenyar o aprendre? L&#8217;escola com a recerca quinze anys<br \/>despr\u00e9s. Barcelona: Gra\u00f3, 1990.<br \/><strong>\u25aa<\/strong>\u00a0FREIRE, P. L&#8217;educaci\u00f3 com a pr\u00e0ctica de la llibertat. Barcelona: Eumo, 1987.<\/p>\n<p>[\/et_pb_text][\/et_pb_column][\/et_pb_row][\/et_pb_section]<\/p>\n","protected":false},"excerpt":{"rendered":"<p>BIBLIOGRAFIA \u25aa\u00a0BATLLE, R (coord). Compartir: Un programa per a la Creativitat i la Generositat. Cornell\u00e0 de Llobregat: Centre d&#8217;Estudis de l&#8217;Esplai, 1997\u25aa\u00a0VALERO GARCIA, JOS\u00c9 MARIA. La Escuela que yo quiero. Argentina: Gram Editora,1989\u25aa\u00a0DELORS, J. Informe Delors. Educaci\u00f3: hi ha un tresor amagat a dins. Madrid: Unesco-Santillana, 1996.\u25aa\u00a0BOQU\u00c9 I TORREMORELL, C. Temps de mediaci\u00f3. Barcelona: Edicions [&hellip;]<\/p>\n","protected":false},"author":26,"featured_media":0,"parent":0,"menu_order":0,"comment_status":"closed","ping_status":"closed","template":"","meta":{"_et_pb_use_builder":"on","_et_pb_old_content":"","_et_gb_content_width":"","footnotes":""},"class_list":["post-183","page","type-page","status-publish","hentry"],"yoast_head":"<!-- This site is optimized with the Yoast SEO plugin v27.5 - https:\/\/yoast.com\/product\/yoast-seo-wordpress\/ -->\n<title>Recursos - Compartir<\/title>\n<meta name=\"robots\" content=\"index, follow, max-snippet:-1, max-image-preview:large, max-video-preview:-1\" \/>\n<link rel=\"canonical\" href=\"https:\/\/fundesplai.org\/compartir\/recursos\/\" \/>\n<meta property=\"og:locale\" content=\"ca_ES\" \/>\n<meta property=\"og:type\" content=\"article\" \/>\n<meta property=\"og:title\" content=\"Recursos - Compartir\" \/>\n<meta property=\"og:description\" content=\"BIBLIOGRAFIA \u25aa\u00a0BATLLE, R (coord). Compartir: Un programa per a la Creativitat i la Generositat. Cornell\u00e0 de Llobregat: Centre d&#039;Estudis de l&#039;Esplai, 1997\u25aa\u00a0VALERO GARCIA, JOS\u00c9 MARIA. La Escuela que yo quiero. Argentina: Gram Editora,1989\u25aa\u00a0DELORS, J. Informe Delors. Educaci\u00f3: hi ha un tresor amagat a dins. Madrid: Unesco-Santillana, 1996.\u25aa\u00a0BOQU\u00c9 I TORREMORELL, C. Temps de mediaci\u00f3. Barcelona: Edicions [&hellip;]\" \/>\n<meta property=\"og:url\" content=\"https:\/\/fundesplai.org\/compartir\/recursos\/\" \/>\n<meta property=\"og:site_name\" content=\"Compartir\" \/>\n<meta property=\"article:modified_time\" content=\"2023-10-23T10:22:19+00:00\" \/>\n<meta name=\"twitter:card\" content=\"summary_large_image\" \/>\n<meta name=\"twitter:label1\" content=\"Temps estimat de lectura\" \/>\n\t<meta name=\"twitter:data1\" content=\"1 minut\" \/>\n<script type=\"application\/ld+json\" class=\"yoast-schema-graph\">{\"@context\":\"https:\\\/\\\/schema.org\",\"@graph\":[{\"@type\":\"WebPage\",\"@id\":\"https:\\\/\\\/fundesplai.org\\\/compartir\\\/recursos\\\/\",\"url\":\"https:\\\/\\\/fundesplai.org\\\/compartir\\\/recursos\\\/\",\"name\":\"Recursos - Compartir\",\"isPartOf\":{\"@id\":\"https:\\\/\\\/fundesplai.org\\\/compartir\\\/#website\"},\"datePublished\":\"2023-10-23T10:18:57+00:00\",\"dateModified\":\"2023-10-23T10:22:19+00:00\",\"breadcrumb\":{\"@id\":\"https:\\\/\\\/fundesplai.org\\\/compartir\\\/recursos\\\/#breadcrumb\"},\"inLanguage\":\"ca\",\"potentialAction\":[{\"@type\":\"ReadAction\",\"target\":[\"https:\\\/\\\/fundesplai.org\\\/compartir\\\/recursos\\\/\"]}]},{\"@type\":\"BreadcrumbList\",\"@id\":\"https:\\\/\\\/fundesplai.org\\\/compartir\\\/recursos\\\/#breadcrumb\",\"itemListElement\":[{\"@type\":\"ListItem\",\"position\":1,\"name\":\"Inici\",\"item\":\"\\\/\"},{\"@type\":\"ListItem\",\"position\":2,\"name\":\"Compartir\",\"item\":\"https:\\\/\\\/fundesplai.org\\\/compartir\"},{\"@type\":\"ListItem\",\"position\":3,\"name\":\"Recursos\"}]},{\"@type\":\"WebSite\",\"@id\":\"https:\\\/\\\/fundesplai.org\\\/compartir\\\/#website\",\"url\":\"https:\\\/\\\/fundesplai.org\\\/compartir\\\/\",\"name\":\"Compartir\",\"description\":\"Proposta educativa de Fundesplai\",\"potentialAction\":[{\"@type\":\"SearchAction\",\"target\":{\"@type\":\"EntryPoint\",\"urlTemplate\":\"https:\\\/\\\/fundesplai.org\\\/compartir\\\/?s={search_term_string}\"},\"query-input\":{\"@type\":\"PropertyValueSpecification\",\"valueRequired\":true,\"valueName\":\"search_term_string\"}}],\"inLanguage\":\"ca\"}]}<\/script>\n<!-- \/ Yoast SEO plugin. -->","yoast_head_json":{"title":"Recursos - Compartir","robots":{"index":"index","follow":"follow","max-snippet":"max-snippet:-1","max-image-preview":"max-image-preview:large","max-video-preview":"max-video-preview:-1"},"canonical":"https:\/\/fundesplai.org\/compartir\/recursos\/","og_locale":"ca_ES","og_type":"article","og_title":"Recursos - Compartir","og_description":"BIBLIOGRAFIA \u25aa\u00a0BATLLE, R (coord). Compartir: Un programa per a la Creativitat i la Generositat. Cornell\u00e0 de Llobregat: Centre d'Estudis de l'Esplai, 1997\u25aa\u00a0VALERO GARCIA, JOS\u00c9 MARIA. La Escuela que yo quiero. Argentina: Gram Editora,1989\u25aa\u00a0DELORS, J. Informe Delors. Educaci\u00f3: hi ha un tresor amagat a dins. Madrid: Unesco-Santillana, 1996.\u25aa\u00a0BOQU\u00c9 I TORREMORELL, C. Temps de mediaci\u00f3. Barcelona: Edicions [&hellip;]","og_url":"https:\/\/fundesplai.org\/compartir\/recursos\/","og_site_name":"Compartir","article_modified_time":"2023-10-23T10:22:19+00:00","twitter_card":"summary_large_image","twitter_misc":{"Temps estimat de lectura":"1 minut"},"schema":{"@context":"https:\/\/schema.org","@graph":[{"@type":"WebPage","@id":"https:\/\/fundesplai.org\/compartir\/recursos\/","url":"https:\/\/fundesplai.org\/compartir\/recursos\/","name":"Recursos - Compartir","isPartOf":{"@id":"https:\/\/fundesplai.org\/compartir\/#website"},"datePublished":"2023-10-23T10:18:57+00:00","dateModified":"2023-10-23T10:22:19+00:00","breadcrumb":{"@id":"https:\/\/fundesplai.org\/compartir\/recursos\/#breadcrumb"},"inLanguage":"ca","potentialAction":[{"@type":"ReadAction","target":["https:\/\/fundesplai.org\/compartir\/recursos\/"]}]},{"@type":"BreadcrumbList","@id":"https:\/\/fundesplai.org\/compartir\/recursos\/#breadcrumb","itemListElement":[{"@type":"ListItem","position":1,"name":"Inici","item":"\/"},{"@type":"ListItem","position":2,"name":"Compartir","item":"https:\/\/fundesplai.org\/compartir"},{"@type":"ListItem","position":3,"name":"Recursos"}]},{"@type":"WebSite","@id":"https:\/\/fundesplai.org\/compartir\/#website","url":"https:\/\/fundesplai.org\/compartir\/","name":"Compartir","description":"Proposta educativa de Fundesplai","potentialAction":[{"@type":"SearchAction","target":{"@type":"EntryPoint","urlTemplate":"https:\/\/fundesplai.org\/compartir\/?s={search_term_string}"},"query-input":{"@type":"PropertyValueSpecification","valueRequired":true,"valueName":"search_term_string"}}],"inLanguage":"ca"}]}},"_links":{"self":[{"href":"https:\/\/fundesplai.org\/compartir\/wp-json\/wp\/v2\/pages\/183","targetHints":{"allow":["GET"]}}],"collection":[{"href":"https:\/\/fundesplai.org\/compartir\/wp-json\/wp\/v2\/pages"}],"about":[{"href":"https:\/\/fundesplai.org\/compartir\/wp-json\/wp\/v2\/types\/page"}],"author":[{"embeddable":true,"href":"https:\/\/fundesplai.org\/compartir\/wp-json\/wp\/v2\/users\/26"}],"replies":[{"embeddable":true,"href":"https:\/\/fundesplai.org\/compartir\/wp-json\/wp\/v2\/comments?post=183"}],"version-history":[{"count":4,"href":"https:\/\/fundesplai.org\/compartir\/wp-json\/wp\/v2\/pages\/183\/revisions"}],"predecessor-version":[{"id":191,"href":"https:\/\/fundesplai.org\/compartir\/wp-json\/wp\/v2\/pages\/183\/revisions\/191"}],"wp:attachment":[{"href":"https:\/\/fundesplai.org\/compartir\/wp-json\/wp\/v2\/media?parent=183"}],"curies":[{"name":"wp","href":"https:\/\/api.w.org\/{rel}","templated":true}]}}

<p>[et_pb_section fb_built=&#8221;1&#8243; admin_label=&#8221;section&#8221; _builder_version=&#8221;4.21.0&#8243; global_colors_info=&#8221;{}&#8221;][et_pb_row admin_label=&#8221;row&#8221; _builder_version=&#8221;4.21.0&#8243; background_size=&#8221;initial&#8221; background_position=&#8221;top_left&#8221; background_repeat=&#8221;repeat&#8221; global_colors_info=&#8221;{}&#8221;][et_pb_column type=&#8221;4_4&#8243; _builder_version=&#8221;4.16&#8243; custom_padding=&#8221;|||&#8221; global_colors_info=&#8221;{}&#8221; custom_padding__hover=&#8221;|||&#8221;][et_pb_post_title author=&#8221;off&#8221; date=&#8221;off&#8221; _builder_version=&#8221;4.21.0&#8243; _module_preset=&#8221;default&#8221; global_colors_info=&#8221;{}&#8221;][/et_pb_post_title][et_pb_text _builder_version=&#8221;4.21.0&#8243; _module_preset=&#8221;default&#8221; hover_enabled=&#8221;0&#8243; global_colors_info=&#8221;{}&#8221; custom_margin=&#8221;||50px||false|false&#8221; sticky_enabled=&#8221;0&#8243;]</p>
<h3>BIBLIOGRAFIA</h3>
<p><strong>▪</strong> BATLLE, R (coord). Compartir: Un programa per a la Creativitat i la Generositat. Cornellà de Llobregat: Centre d&#8217;Estudis de l&#8217;Esplai, 1997<br /><strong>▪</strong> VALERO GARCIA, JOSÉ MARIA. La Escuela que yo quiero. Argentina: Gram Editora,1989<br /><strong>▪</strong> DELORS, J. Informe Delors. Educació: hi ha un tresor amagat a dins. Madrid: Unesco-Santillana, 1996.<br /><strong>▪</strong> BOQUÉ I TORREMORELL, C. Temps de mediació. Barcelona: Edicions Ceac, 2005<br /><strong>▪</strong> ROCHE, R. Fundamentos psicológicos y pedagógicos del aprendizaje-servicio: la educación a la prosocialidad. Ponencia presentada en el Seminario Internacional &#8220;Educación y servicio comunitario&#8221;. Buenos Aires, 1997.<br /><strong>▪</strong> BOQUÉ I TORREMODELL, C. Guia de mediació Escolar. Barcelona: Dossiers Rosa Sensat, 2002<br /><strong>▪</strong> SAVATER, F. El valor de educar. Barcelona: Ariel, 1997<br /><strong>▪</strong> TONUCCI, F. Ensenyar o aprendre? L&#8217;escola com a recerca quinze anys<br />després. Barcelona: Graó, 1990.<br /><strong>▪</strong> FREIRE, P. L&#8217;educació com a pràctica de la llibertat. Barcelona: Eumo, 1987.</p>
<p>[/et_pb_text][/et_pb_column][/et_pb_row][/et_pb_section]</p>

<p>BIBLIOGRAFIA ▪ BATLLE, R (coord). Compartir: Un programa per a la Creativitat i la Generositat. Cornellà de Llobregat: Centre d&#8217;Estudis de l&#8217;Esplai, 1997▪ VALERO GARCIA, JOSÉ MARIA. La Escuela que yo quiero. Argentina: Gram Editora,1989▪ DELORS, J. Informe Delors. Educació: hi ha un tresor amagat a dins. Madrid: Unesco-Santillana, 1996.▪ BOQUÉ I TORREMORELL, C. Temps de mediació. Barcelona: Edicions [&hellip;]</p>

<!-- This site is optimized with the Yoast SEO plugin v27.5 - https://yoast.com/product/yoast-seo-wordpress/ -->
<title>Recursos - Compartir</title>
<meta name="robots" content="index, follow, max-snippet:-1, max-image-preview:large, max-video-preview:-1" />
<link rel="canonical" href="https://fundesplai.org/compartir/recursos/" />
<meta property="og:locale" content="ca_ES" />
<meta property="og:type" content="article" />
<meta property="og:title" content="Recursos - Compartir" />
<meta property="og:description" content="BIBLIOGRAFIA ▪ BATLLE, R (coord). Compartir: Un programa per a la Creativitat i la Generositat. Cornellà de Llobregat: Centre d&#039;Estudis de l&#039;Esplai, 1997▪ VALERO GARCIA, JOSÉ MARIA. La Escuela que yo quiero. Argentina: Gram Editora,1989▪ DELORS, J. Informe Delors. Educació: hi ha un tresor amagat a dins. Madrid: Unesco-Santillana, 1996.▪ BOQUÉ I TORREMORELL, C. Temps de mediació. Barcelona: Edicions [&hellip;]" />
<meta property="og:url" content="https://fundesplai.org/compartir/recursos/" />
<meta property="og:site_name" content="Compartir" />
<meta property="article:modified_time" content="2023-10-23T10:22:19+00:00" />
<meta name="twitter:card" content="summary_large_image" />
<meta name="twitter:label1" content="Temps estimat de lectura" />
	<meta name="twitter:data1" content="1 minut" />
<script type="application/ld+json" class="yoast-schema-graph">{"@context":"https:\/\/schema.org","@graph":[{"@type":"WebPage","@id":"https:\/\/fundesplai.org\/compartir\/recursos\/","url":"https:\/\/fundesplai.org\/compartir\/recursos\/","name":"Recursos - Compartir","isPartOf":{"@id":"https:\/\/fundesplai.org\/compartir\/#website"},"datePublished":"2023-10-23T10:18:57+00:00","dateModified":"2023-10-23T10:22:19+00:00","breadcrumb":{"@id":"https:\/\/fundesplai.org\/compartir\/recursos\/#breadcrumb"},"inLanguage":"ca","potentialAction":[{"@type":"ReadAction","target":["https:\/\/fundesplai.org\/compartir\/recursos\/"]}]},{"@type":"BreadcrumbList","@id":"https:\/\/fundesplai.org\/compartir\/recursos\/#breadcrumb","itemListElement":[{"@type":"ListItem","position":1,"name":"Inici","item":"\/"},{"@type":"ListItem","position":2,"name":"Compartir","item":"https:\/\/fundesplai.org\/compartir"},{"@type":"ListItem","position":3,"name":"Recursos"}]},{"@type":"WebSite","@id":"https:\/\/fundesplai.org\/compartir\/#website","url":"https:\/\/fundesplai.org\/compartir\/","name":"Compartir","description":"Proposta educativa de Fundesplai","potentialAction":[{"@type":"SearchAction","target":{"@type":"EntryPoint","urlTemplate":"https:\/\/fundesplai.org\/compartir\/?s={search_term_string}"},"query-input":{"@type":"PropertyValueSpecification","valueRequired":true,"valueName":"search_term_string"}}],"inLanguage":"ca"}]}</script>
<!-- / Yoast SEO plugin. -->

BIBLIOGRAFIA ▪ BATLLE, R (coord). Compartir: Un programa per a la Creativitat i la Generositat. Cornellà de Llobregat: Centre d'Estudis de l'Esplai, 1997▪ VALERO GARCIA, JOSÉ MARIA. La Escuela que yo quiero. Argentina: Gram Editora,1989▪ DELORS, J. Informe Delors. Educació: hi ha un tresor amagat a dins. Madrid: Unesco-Santillana, 1996.▪ BOQUÉ I TORREMORELL, C. Temps de mediació. Barcelona: Edicions [&hellip;]
