{"id":15,"date":"2021-08-18T11:40:36","date_gmt":"2021-08-18T09:40:36","guid":{"rendered":"https:\/\/fundesplai.org\/compartir\/?page_id=15"},"modified":"2021-10-25T09:38:30","modified_gmt":"2021-10-25T07:38:30","slug":"definicio-de-la-creativitat","status":"publish","type":"page","link":"https:\/\/fundesplai.org\/compartir\/definicio-de-la-creativitat\/","title":{"rendered":"Definici\u00f3 de la creativitat"},"content":{"rendered":"[et_pb_section fb_built=&#8221;1&#8243; _builder_version=&#8221;3.22&#8243; global_colors_info=&#8221;{}&#8221;][et_pb_row _builder_version=&#8221;3.25&#8243; background_size=&#8221;initial&#8221; background_position=&#8221;top_left&#8221; background_repeat=&#8221;repeat&#8221; global_colors_info=&#8221;{}&#8221;][et_pb_column type=&#8221;4_4&#8243; _builder_version=&#8221;3.25&#8243; custom_padding=&#8221;|||&#8221; global_colors_info=&#8221;{}&#8221; custom_padding__hover=&#8221;|||&#8221;][et_pb_post_title meta=&#8221;off&#8221; featured_image=&#8221;off&#8221; _builder_version=&#8221;4.10.5&#8243; _module_preset=&#8221;default&#8221; global_colors_info=&#8221;{}&#8221;][\/et_pb_post_title][et_pb_text _builder_version=&#8221;3.27.4&#8243; background_size=&#8221;initial&#8221; background_position=&#8221;top_left&#8221; background_repeat=&#8221;repeat&#8221; global_colors_info=&#8221;{}&#8221;]\r\n<p>La paraula creativitat t\u00e9 el seu origen en el terme llat\u00ed\u00a0<em>creare<\/em>, que significa engendrar, produir, crear. La creativitat \u00e9s una activitat din\u00e0mica, un proc\u00e9s obert que comporta tamb\u00e9 una realitzaci\u00f3 material concreta.<br \/><br \/>Podem trobar moltes definicions de creativitat, tantes com autors vulguem consultar. A mode d\u2019exemple en posarem unes quantes per tal de poder veure les diferents dimensions que pot aglutinar:<br \/><br \/><strong>\u25aa\u00a0<\/strong>\u201c&#8230; \u00e9s la capacitat mental que interv\u00e9 en la realitzaci\u00f3 creativa caracteritzada per la flu\u00efdesa, la flexibilitat, l\u2019originalitat, la seva capacitat d\u2019establir associacions llunyanes, la sensibilitat davant els conflictes i per la possibilitat de redefinir les q\u00fcestions\u201d<br \/><em>Guilford<\/em><br \/><br \/><strong>\u25aa\u00a0<\/strong>\u201c&#8230;\u00e9s una actitud mental i una t\u00e8cnica de pensament\u201d<br \/><em>De Bono<\/em><br \/><br \/><strong>\u25aa<\/strong>\u00a0\u201c&#8230;\u00e9s la capacitat humana de produir resultats mentals de qualsevol tipus, essencialment nous i anteriorment desconeguts\u201d<br \/><em>Dreudha<\/em>l<br \/><br \/><strong>\u25aa<\/strong>\u00a0\u201c&#8230;\u00e9s el proc\u00e9s a trav\u00e9s del qual una persona o grup de persones elaboren un producte nou i original adaptat a les condicions i finalitats de la situaci\u00f3\u201d<br \/><em>Abric<\/em><br \/><br \/><strong>\u25aa<\/strong>\u00a0\u201c&#8230;\u00e9s la capacitat d\u2019innovar, d\u2019inventar, de reunir elements d\u2019una manera desconeguda anteriorment, afavorint aix\u00ed el seu valor o bellesa\u201d<br \/><em>Haimowitz<\/em><br \/><br \/><strong>\u25aa<\/strong>\u00a0\u201cCom una llum que ens fa capa\u00e7os de generar solucions noves, \u00abcreatives\u00bb, a tot tipus de problemes del nostre entorn, tant d\u2019ordre manual com d\u2019ordre intel\u00b7lectual.<br \/>Per\u00f2 \u00e9s una llum que per a ser tal, requereix un constant consum d\u2019energia, \u00e9s a dir, requereix un decidit esfor\u00e7 personal\u201d<br \/><em>Colla Ballaruga<\/em><br \/><br \/><strong>\u25aa<\/strong>\u00a0\u201cLa creativitat \u00e9s la capacitat per trobar alternatives, solucions, inventar noves coses, trencar normes, traspassar el m\u00f3n de les idees i les emocions al m\u00f3n f\u00edsic. La Creativitat \u00e9s igual a llibertat\u201d<br \/><em>Espurnes<\/em><br \/><br \/><strong>\u25aa<\/strong>\u00a0\u201cLa creativitat \u00e9s l\u2019expressi\u00f3 d\u2019un individu envers una col\u00b7lectivitat. \u00c9s una aposta personal on hi juga un paper important la innovaci\u00f3 i imaginaci\u00f3\u201d<br \/><em>CIIJ Mowgli<\/em><br \/><br \/><strong>\u25aa<\/strong>\u00a0\u201cPer a creativitat entenem qualsevol cosa que alg\u00fa crea amb les seves pr\u00f2pies mans, o que \u00e9s fruit de les seves motivacions art\u00edstiques. Crear \u00e9s donar forma a quelcom que existeix a la ment de l\u2019home\/dona, \u00e9s passar a l\u2019acci\u00f3, \u00e9s fer-ho palpable. Tamb\u00e9 \u00e9s una manera d\u2019entendre i veure la vida, \u00e9s passar d\u2019all\u00f2 subjectiu a alguna cosa m\u00e9s, \u00e9s compartir-ho amb els altres. Per tant, en el proc\u00e9s de creaci\u00f3, que en un principi \u00e9s personal, introspectiu, que surt de dintre, arriba un moment en qu\u00e8 necess\u00e0riament ha de ser compartit amb els altres, ha de sortir del nostre cor, ment&#8230;i mostrar-ho als dem\u00e9s, gaudir-ho amb els altres&#8230; creiem que crear i compartir all\u00f2 que creem han d\u2019anar sempre juntes\u201d<br \/><em>CE El Nus<\/em><br \/><br \/><strong>\u25aa<\/strong>\u00a0\u201cExpressar-se lliurament, imaginar, veure les coses des d\u2019una altra \u00f2ptica\u201d<br \/><em>CE La florida<\/em><br \/><br \/><strong>\u25aa<\/strong>\u00a0\u201cEntenem per creativitat la capacitat de fer alguna cosa (ja sigui material, alguna acci\u00f3, pensament o idea) innovadora, bonica, \u00fatil, i que desperti l\u2019inter\u00e8s de les persones que estan al nostre voltant\u201d<br \/><em>Club d\u2019Esplai El Tricicle<\/em><br \/><br \/><strong>\u25aa<\/strong>\u00a0\u201cNo conformar-se, voler sempre m\u00e9s, i no seguir el cam\u00ed que et marquen sempre pensant en un mateix i en els qui t\u2019envolten i t\u2019estimes. Mirar la vida des de molts punts de vista, lluitar pel que vols i voler anar fent el teu cam\u00ed per la vida acompanyat d\u2019aquells que vols. Pensar en el que est\u00e0 b\u00e9 per a tu i el que est\u00e0 b\u00e9 per als altres. Intentar no fer mal, intentar sorprendre els altres, estimar i ser estimat, buscar formes de ser feli\u00e7 i fer feli\u00e7\u201d<br \/><em>CE Xixell<\/em><br \/><strong>\u00a0\u00a0\u00a0\u00a0\u00a0\u00a0\u00a0<\/strong><br \/>De vegades, de manera conscient o inconscient, els educadors i educadores podem tenir comportaments amb els infants i joves que no incentiven la seva creativitat.<br \/><strong>\u00a0\u00a0\u00a0\u00a0\u00a0\u00a0\u00a0<\/strong><br \/>Un ambient creatiu potenciar\u00e0 la curiositat, fomentar\u00e0 l\u2019autoavaluaci\u00f3, potenciar\u00e0 l\u2019autoaprenentatge, buscar\u00e0 crear un clima de llibertat, comunicaci\u00f3 i afecte en el grup d\u2019infants, flexibilitzar\u00e0 les nostres actituds davant dels conflictes&#8230;<\/p>\r\n\r[\/et_pb_text][\/et_pb_column][\/et_pb_row][\/et_pb_section]","protected":false},"excerpt":{"rendered":"<p>La paraula creativitat t\u00e9 el seu origen en el terme llat\u00ed\u00a0creare, que significa engendrar, produir, crear. La creativitat \u00e9s una activitat din\u00e0mica, un proc\u00e9s obert que comporta tamb\u00e9 una realitzaci\u00f3 material concreta.Podem trobar moltes definicions de creativitat, tantes com autors vulguem consultar. A mode d\u2019exemple en posarem unes quantes per tal de poder veure les [&hellip;]<\/p>\n","protected":false},"author":4,"featured_media":0,"parent":0,"menu_order":0,"comment_status":"closed","ping_status":"closed","template":"","meta":{"_et_pb_use_builder":"on","_et_pb_old_content":"<!-- wp:paragraph -->\r\n<p>La paraula creativitat t\u00e9 el seu origen en el terme llat\u00ed\u00a0<em>creare<\/em>, que significa engendrar, produir, crear. La creativitat \u00e9s una activitat din\u00e0mica, un proc\u00e9s obert que comporta tamb\u00e9 una realitzaci\u00f3 material concreta.<br \/><br \/>Podem trobar moltes definicions de creativitat, tantes com autors vulguem consultar. A mode d\u2019exemple en posarem unes quantes per tal de poder veure les diferents dimensions que pot aglutinar:<br \/><br \/><strong>\u25aa\u00a0<\/strong>\u201c... \u00e9s la capacitat mental que interv\u00e9 en la realitzaci\u00f3 creativa caracteritzada per la flu\u00efdesa, la flexibilitat, l\u2019originalitat, la seva capacitat d\u2019establir associacions llunyanes, la sensibilitat davant els conflictes i per la possibilitat de redefinir les q\u00fcestions\u201d<br \/><em>Guilford<\/em><br \/><br \/><strong>\u25aa\u00a0<\/strong>\u201c...\u00e9s una actitud mental i una t\u00e8cnica de pensament\u201d<br \/><em>De Bono<\/em><br \/><br \/><strong>\u25aa<\/strong>\u00a0\u201c...\u00e9s la capacitat humana de produir resultats mentals de qualsevol tipus, essencialment nous i anteriorment desconeguts\u201d<br \/><em>Dreudha<\/em>l<br \/><br \/><strong>\u25aa<\/strong>\u00a0\u201c...\u00e9s el proc\u00e9s a trav\u00e9s del qual una persona o grup de persones elaboren un producte nou i original adaptat a les condicions i finalitats de la situaci\u00f3\u201d<br \/><em>Abric<\/em><br \/><br \/><strong>\u25aa<\/strong>\u00a0\u201c...\u00e9s la capacitat d\u2019innovar, d\u2019inventar, de reunir elements d\u2019una manera desconeguda anteriorment, afavorint aix\u00ed el seu valor o bellesa\u201d<br \/><em>Haimowitz<\/em><br \/><br \/><strong>\u25aa<\/strong>\u00a0\u201cCom una llum que ens fa capa\u00e7os de generar solucions noves, \u00abcreatives\u00bb, a tot tipus de problemes del nostre entorn, tant d\u2019ordre manual com d\u2019ordre intel\u00b7lectual.<br \/>Per\u00f2 \u00e9s una llum que per a ser tal, requereix un constant consum d\u2019energia, \u00e9s a dir, requereix un decidit esfor\u00e7 personal\u201d<br \/><em>Colla Ballaruga<\/em><br \/><br \/><strong>\u25aa<\/strong>\u00a0\u201cLa creativitat \u00e9s la capacitat per trobar alternatives, solucions, inventar noves coses, trencar normes, traspassar el m\u00f3n de les idees i les emocions al m\u00f3n f\u00edsic. La Creativitat \u00e9s igual a llibertat\u201d<br \/><em>Espurnes<\/em><br \/><br \/><strong>\u25aa<\/strong>\u00a0\u201cLa creativitat \u00e9s l\u2019expressi\u00f3 d\u2019un individu envers una col\u00b7lectivitat. \u00c9s una aposta personal on hi juga un paper important la innovaci\u00f3 i imaginaci\u00f3\u201d<br \/><em>CIIJ Mowgli<\/em><br \/><br \/><strong>\u25aa<\/strong>\u00a0\u201cPer a creativitat entenem qualsevol cosa que alg\u00fa crea amb les seves pr\u00f2pies mans, o que \u00e9s fruit de les seves motivacions art\u00edstiques. Crear \u00e9s donar forma a quelcom que existeix a la ment de l\u2019home\/dona, \u00e9s passar a l\u2019acci\u00f3, \u00e9s fer-ho palpable. Tamb\u00e9 \u00e9s una manera d\u2019entendre i veure la vida, \u00e9s passar d\u2019all\u00f2 subjectiu a alguna cosa m\u00e9s, \u00e9s compartir-ho amb els altres. Per tant, en el proc\u00e9s de creaci\u00f3, que en un principi \u00e9s personal, introspectiu, que surt de dintre, arriba un moment en qu\u00e8 necess\u00e0riament ha de ser compartit amb els altres, ha de sortir del nostre cor, ment...i mostrar-ho als dem\u00e9s, gaudir-ho amb els altres... creiem que crear i compartir all\u00f2 que creem han d\u2019anar sempre juntes\u201d<br \/><em>CE El Nus<\/em><br \/><br \/><strong>\u25aa<\/strong>\u00a0\u201cExpressar-se lliurament, imaginar, veure les coses des d\u2019una altra \u00f2ptica\u201d<br \/><em>CE La florida<\/em><br \/><br \/><strong>\u25aa<\/strong>\u00a0\u201cEntenem per creativitat la capacitat de fer alguna cosa (ja sigui material, alguna acci\u00f3, pensament o idea) innovadora, bonica, \u00fatil, i que desperti l\u2019inter\u00e8s de les persones que estan al nostre voltant\u201d<br \/><em>Club d\u2019Esplai El Tricicle<\/em><br \/><br \/><strong>\u25aa<\/strong>\u00a0\u201cNo conformar-se, voler sempre m\u00e9s, i no seguir el cam\u00ed que et marquen sempre pensant en un mateix i en els qui t\u2019envolten i t\u2019estimes. Mirar la vida des de molts punts de vista, lluitar pel que vols i voler anar fent el teu cam\u00ed per la vida acompanyat d\u2019aquells que vols. Pensar en el que est\u00e0 b\u00e9 per a tu i el que est\u00e0 b\u00e9 per als altres. Intentar no fer mal, intentar sorprendre els altres, estimar i ser estimat, buscar formes de ser feli\u00e7 i fer feli\u00e7\u201d<br \/><em>CE Xixell<\/em><br \/><strong>\u00a0\u00a0\u00a0\u00a0\u00a0\u00a0\u00a0<\/strong><br \/>De vegades, de manera conscient o inconscient, els educadors i educadores podem tenir comportaments amb els infants i joves que no incentiven la seva creativitat.<br \/><strong>\u00a0\u00a0\u00a0\u00a0\u00a0\u00a0\u00a0<\/strong><br \/>Un ambient creatiu potenciar\u00e0 la curiositat, fomentar\u00e0 l\u2019autoavaluaci\u00f3, potenciar\u00e0 l\u2019autoaprenentatge, buscar\u00e0 crear un clima de llibertat, comunicaci\u00f3 i afecte en el grup d\u2019infants, flexibilitzar\u00e0 les nostres actituds davant dels conflictes...<\/p>\r\n<!-- \/wp:paragraph -->","_et_gb_content_width":"1200","footnotes":""},"class_list":["post-15","page","type-page","status-publish","hentry"],"yoast_head":"<!-- This site is optimized with the Yoast SEO plugin v27.3 - https:\/\/yoast.com\/product\/yoast-seo-wordpress\/ -->\n<title>Definici\u00f3 de la creativitat - Compartir<\/title>\n<meta name=\"robots\" content=\"index, follow, max-snippet:-1, max-image-preview:large, max-video-preview:-1\" \/>\n<link rel=\"canonical\" href=\"https:\/\/fundesplai.org\/compartir\/definicio-de-la-creativitat\/\" \/>\n<meta property=\"og:locale\" content=\"ca_ES\" \/>\n<meta property=\"og:type\" content=\"article\" \/>\n<meta property=\"og:title\" content=\"Definici\u00f3 de la creativitat - Compartir\" \/>\n<meta property=\"og:description\" content=\"La paraula creativitat t\u00e9 el seu origen en el terme llat\u00ed\u00a0creare, que significa engendrar, produir, crear. La creativitat \u00e9s una activitat din\u00e0mica, un proc\u00e9s obert que comporta tamb\u00e9 una realitzaci\u00f3 material concreta.Podem trobar moltes definicions de creativitat, tantes com autors vulguem consultar. A mode d\u2019exemple en posarem unes quantes per tal de poder veure les [&hellip;]\" \/>\n<meta property=\"og:url\" content=\"https:\/\/fundesplai.org\/compartir\/definicio-de-la-creativitat\/\" \/>\n<meta property=\"og:site_name\" content=\"Compartir\" \/>\n<meta property=\"article:modified_time\" content=\"2021-10-25T07:38:30+00:00\" \/>\n<meta name=\"twitter:card\" content=\"summary_large_image\" \/>\n<meta name=\"twitter:label1\" content=\"Temps estimat de lectura\" \/>\n\t<meta name=\"twitter:data1\" content=\"3 minuts\" \/>\n<script type=\"application\/ld+json\" class=\"yoast-schema-graph\">{\"@context\":\"https:\\\/\\\/schema.org\",\"@graph\":[{\"@type\":\"WebPage\",\"@id\":\"https:\\\/\\\/fundesplai.org\\\/compartir\\\/definicio-de-la-creativitat\\\/\",\"url\":\"https:\\\/\\\/fundesplai.org\\\/compartir\\\/definicio-de-la-creativitat\\\/\",\"name\":\"Definici\u00f3 de la creativitat - Compartir\",\"isPartOf\":{\"@id\":\"https:\\\/\\\/fundesplai.org\\\/compartir\\\/#website\"},\"datePublished\":\"2021-08-18T09:40:36+00:00\",\"dateModified\":\"2021-10-25T07:38:30+00:00\",\"breadcrumb\":{\"@id\":\"https:\\\/\\\/fundesplai.org\\\/compartir\\\/definicio-de-la-creativitat\\\/#breadcrumb\"},\"inLanguage\":\"ca\",\"potentialAction\":[{\"@type\":\"ReadAction\",\"target\":[\"https:\\\/\\\/fundesplai.org\\\/compartir\\\/definicio-de-la-creativitat\\\/\"]}]},{\"@type\":\"BreadcrumbList\",\"@id\":\"https:\\\/\\\/fundesplai.org\\\/compartir\\\/definicio-de-la-creativitat\\\/#breadcrumb\",\"itemListElement\":[{\"@type\":\"ListItem\",\"position\":1,\"name\":\"Inici\",\"item\":\"\\\/\"},{\"@type\":\"ListItem\",\"position\":2,\"name\":\"Compartir\",\"item\":\"https:\\\/\\\/fundesplai.org\\\/compartir\"},{\"@type\":\"ListItem\",\"position\":3,\"name\":\"Definici\u00f3 de la creativitat\"}]},{\"@type\":\"WebSite\",\"@id\":\"https:\\\/\\\/fundesplai.org\\\/compartir\\\/#website\",\"url\":\"https:\\\/\\\/fundesplai.org\\\/compartir\\\/\",\"name\":\"Compartir\",\"description\":\"Proposta educativa de Fundesplai\",\"potentialAction\":[{\"@type\":\"SearchAction\",\"target\":{\"@type\":\"EntryPoint\",\"urlTemplate\":\"https:\\\/\\\/fundesplai.org\\\/compartir\\\/?s={search_term_string}\"},\"query-input\":{\"@type\":\"PropertyValueSpecification\",\"valueRequired\":true,\"valueName\":\"search_term_string\"}}],\"inLanguage\":\"ca\"}]}<\/script>\n<!-- \/ Yoast SEO plugin. -->","yoast_head_json":{"title":"Definici\u00f3 de la creativitat - Compartir","robots":{"index":"index","follow":"follow","max-snippet":"max-snippet:-1","max-image-preview":"max-image-preview:large","max-video-preview":"max-video-preview:-1"},"canonical":"https:\/\/fundesplai.org\/compartir\/definicio-de-la-creativitat\/","og_locale":"ca_ES","og_type":"article","og_title":"Definici\u00f3 de la creativitat - Compartir","og_description":"La paraula creativitat t\u00e9 el seu origen en el terme llat\u00ed\u00a0creare, que significa engendrar, produir, crear. La creativitat \u00e9s una activitat din\u00e0mica, un proc\u00e9s obert que comporta tamb\u00e9 una realitzaci\u00f3 material concreta.Podem trobar moltes definicions de creativitat, tantes com autors vulguem consultar. A mode d\u2019exemple en posarem unes quantes per tal de poder veure les [&hellip;]","og_url":"https:\/\/fundesplai.org\/compartir\/definicio-de-la-creativitat\/","og_site_name":"Compartir","article_modified_time":"2021-10-25T07:38:30+00:00","twitter_card":"summary_large_image","twitter_misc":{"Temps estimat de lectura":"3 minuts"},"schema":{"@context":"https:\/\/schema.org","@graph":[{"@type":"WebPage","@id":"https:\/\/fundesplai.org\/compartir\/definicio-de-la-creativitat\/","url":"https:\/\/fundesplai.org\/compartir\/definicio-de-la-creativitat\/","name":"Definici\u00f3 de la creativitat - Compartir","isPartOf":{"@id":"https:\/\/fundesplai.org\/compartir\/#website"},"datePublished":"2021-08-18T09:40:36+00:00","dateModified":"2021-10-25T07:38:30+00:00","breadcrumb":{"@id":"https:\/\/fundesplai.org\/compartir\/definicio-de-la-creativitat\/#breadcrumb"},"inLanguage":"ca","potentialAction":[{"@type":"ReadAction","target":["https:\/\/fundesplai.org\/compartir\/definicio-de-la-creativitat\/"]}]},{"@type":"BreadcrumbList","@id":"https:\/\/fundesplai.org\/compartir\/definicio-de-la-creativitat\/#breadcrumb","itemListElement":[{"@type":"ListItem","position":1,"name":"Inici","item":"\/"},{"@type":"ListItem","position":2,"name":"Compartir","item":"https:\/\/fundesplai.org\/compartir"},{"@type":"ListItem","position":3,"name":"Definici\u00f3 de la creativitat"}]},{"@type":"WebSite","@id":"https:\/\/fundesplai.org\/compartir\/#website","url":"https:\/\/fundesplai.org\/compartir\/","name":"Compartir","description":"Proposta educativa de Fundesplai","potentialAction":[{"@type":"SearchAction","target":{"@type":"EntryPoint","urlTemplate":"https:\/\/fundesplai.org\/compartir\/?s={search_term_string}"},"query-input":{"@type":"PropertyValueSpecification","valueRequired":true,"valueName":"search_term_string"}}],"inLanguage":"ca"}]}},"_links":{"self":[{"href":"https:\/\/fundesplai.org\/compartir\/wp-json\/wp\/v2\/pages\/15","targetHints":{"allow":["GET"]}}],"collection":[{"href":"https:\/\/fundesplai.org\/compartir\/wp-json\/wp\/v2\/pages"}],"about":[{"href":"https:\/\/fundesplai.org\/compartir\/wp-json\/wp\/v2\/types\/page"}],"author":[{"embeddable":true,"href":"https:\/\/fundesplai.org\/compartir\/wp-json\/wp\/v2\/users\/4"}],"replies":[{"embeddable":true,"href":"https:\/\/fundesplai.org\/compartir\/wp-json\/wp\/v2\/comments?post=15"}],"version-history":[{"count":5,"href":"https:\/\/fundesplai.org\/compartir\/wp-json\/wp\/v2\/pages\/15\/revisions"}],"predecessor-version":[{"id":111,"href":"https:\/\/fundesplai.org\/compartir\/wp-json\/wp\/v2\/pages\/15\/revisions\/111"}],"wp:attachment":[{"href":"https:\/\/fundesplai.org\/compartir\/wp-json\/wp\/v2\/media?parent=15"}],"curies":[{"name":"wp","href":"https:\/\/api.w.org\/{rel}","templated":true}]}}