{"id":832,"date":"2023-10-24T10:31:06","date_gmt":"2023-10-24T08:31:06","guid":{"rendered":"https:\/\/fundesplai.org\/capmenjaralabrossa\/?page_id=832"},"modified":"2023-10-24T10:31:10","modified_gmt":"2023-10-24T08:31:10","slug":"activitats","status":"publish","type":"page","link":"https:\/\/fundesplai.org\/capmenjaralabrossa\/activitats\/","title":{"rendered":"Activitats"},"content":{"rendered":"<p>[et_pb_section fb_built=&#8221;1&#8243; _builder_version=&#8221;4.21.0&#8243; _module_preset=&#8221;default&#8221; global_colors_info=&#8221;{}&#8221;][et_pb_row _builder_version=&#8221;4.21.0&#8243; _module_preset=&#8221;default&#8221; global_colors_info=&#8221;{}&#8221;][et_pb_column type=&#8221;4_4&#8243; _builder_version=&#8221;4.21.0&#8243; _module_preset=&#8221;default&#8221; global_colors_info=&#8221;{}&#8221;][et_pb_post_title author=&#8221;off&#8221; date=&#8221;off&#8221; _builder_version=&#8221;4.21.0&#8243; _module_preset=&#8221;default&#8221; global_colors_info=&#8221;{}&#8221;][\/et_pb_post_title][et_pb_text _builder_version=&#8221;4.21.0&#8243; _module_preset=&#8221;default&#8221; global_colors_info=&#8221;{}&#8221;]<\/p>\n<p>A continuaci\u00f3 et presentem un conjunt d&#8217;activitats que van relacionades amb la conserva i el no malbaratament dels aliments, un munt d&#8217;activitats ideals per prendre consci\u00e8ncia de la import\u00e0ncia del consum responsable dels aliments. Podr\u00e0s veure que moltes d&#8217;aquestes activitats tamb\u00e9 formen part de la proposta educativa <a href=\"https:\/\/fundesplai.org\/mcm\/\">Menjar Canvia el M\u00f3n<\/a>.<\/p>\n<p>[\/et_pb_text][et_pb_accordion _builder_version=&#8221;4.21.0&#8243; _module_preset=&#8221;default&#8221; custom_margin=&#8221;30px||50px||false|false&#8221; hover_enabled=&#8221;0&#8243; global_colors_info=&#8221;{}&#8221; sticky_enabled=&#8221;0&#8243;][et_pb_accordion_item title=&#8221;Activitats de presentaci\u00f3&#8221; _builder_version=&#8221;4.21.0&#8243; _module_preset=&#8221;default&#8221; global_colors_info=&#8221;{}&#8221; open=&#8221;on&#8221;]<\/p>\n<ul>\n<li><a href=\"https:\/\/fundesplai.org\/banc-recursos\/recurs\/passa-la-pilota\/\">Ens presentem<\/a><\/li>\n<li><a href=\"https:\/\/fundesplai.org\/banc-recursos\/recurs\/les-mans-es-presenten\/\">Les mans es presenten<\/a><\/li>\n<li><a href=\"https:\/\/fundesplai.org\/banc-recursos\/recurs\/el-nus-huma\/\">El nus hum\u00e0<\/a><\/li>\n<li><a href=\"https:\/\/fundesplai.org\/banc-recursos\/recurs\/el-nom-infinit\/\">El nom infinit<\/a><\/li>\n<li><a href=\"https:\/\/fundesplai.org\/banc-recursos\/recurs\/bingo-de-coneixenca\/\">Bingo de coneixen\u00e7a<\/a><\/li>\n<\/ul>\n<p>[\/et_pb_accordion_item][et_pb_accordion_item title=&#8221;Activitats sobre aliments i malbaratament&#8221; _builder_version=&#8221;4.21.0&#8243; _module_preset=&#8221;default&#8221; global_colors_info=&#8221;{}&#8221; open=&#8221;off&#8221;]<\/p>\n<ul>\n<li><a href=\"https:\/\/fundesplai.org\/banc-recursos\/recurs\/el-joc-de-taula-del-malbaratament\/\">Qu\u00e8 \u00e9s el malbaratament alimentari?<\/a><\/li>\n<li><a href=\"https:\/\/fundesplai.org\/banc-recursos\/recurs\/comprar-amb-cap\/\">Un berenar per llepar-se els dits<\/a><\/li>\n<li><a href=\"https:\/\/fundesplai.org\/banc-recursos\/recurs\/conserves-mestres\/\">Endrecem la nevera<\/a><\/li>\n<li><a href=\"https:\/\/fundesplai.org\/banc-recursos\/recurs\/lart-de-parar-la-taula\/\">Menjar \u00e9s un plaer<\/a><\/li>\n<li><a href=\"https:\/\/fundesplai.org\/banc-recursos\/recurs\/la-festa-de-les-sobres\/\">Cuina creativa<\/a><\/li>\n<li><a href=\"https:\/\/fundesplai.org\/banc-recursos\/recurs\/cuinaprofita\/\">CuinAprofita<\/a><\/li>\n<li><a href=\"https:\/\/fundesplai.org\/banc-recursos\/recurs\/campanya-publicitaria-stop-motion\/\">Crea la teva campanya publicit\u00e0ria<\/a><\/li>\n<li><a href=\"https:\/\/fundesplai.org\/banc-recursos\/recurs\/juguem-amb-les-paraules\/\">Juguem amb les paraules<\/a><\/li>\n<li><a href=\"https:\/\/fundesplai.org\/banc-recursos\/recurs\/memory-fruites-i-verdures-destiu\/\">Memory fruites i verdures d&#8217;estiu<\/a><\/li>\n<li><a href=\"https:\/\/fundesplai.org\/banc-recursos\/recurs\/memory-fruites-i-verdures-de-tardor\/\">Memory fruites i verdures de tardor<\/a><\/li>\n<li><a href=\"https:\/\/fundesplai.org\/banc-recursos\/recurs\/memory-fruites-i-verdures-de-primavera\/\">Memory fruites i verdures de primavera<\/a><\/li>\n<li><a href=\"https:\/\/fundesplai.org\/banc-recursos\/recurs\/memory-fruites-i-verdures-dhivern\/\">Memory fruites i verdures d&#8217;hivern<\/a><\/li>\n<li><a href=\"https:\/\/fundesplai.org\/banc-recursos\/recurs\/on-va-cada-residu\/\">On va cada residu?<\/a><\/li>\n<li><a href=\"https:\/\/fundesplai.org\/banc-recursos\/recurs\/gimcana-menjar-canvia-el-mon\/\">Gimcana Menjar Canvia el M\u00f3n<\/a><\/li>\n<li><a href=\"https:\/\/fundesplai.org\/banc-recursos\/recurs\/gimcana-stop-malbaratar-menjar\/\">Gimcana Stop Malbaratar Menjar<\/a><\/li>\n<\/ul>\n<p>[\/et_pb_accordion_item][\/et_pb_accordion][\/et_pb_column][\/et_pb_row][\/et_pb_section]<\/p>\n","protected":false},"excerpt":{"rendered":"<p>A continuaci\u00f3 et presentem un conjunt d&#8217;activitats que van relacionades amb la conserva i el no malbaratament dels aliments, un munt d&#8217;activitats ideals per prendre consci\u00e8ncia de la import\u00e0ncia del consum responsable dels aliments. Podr\u00e0s veure que moltes d&#8217;aquestes activitats tamb\u00e9 formen part de la proposta educativa Menjar Canvia el M\u00f3n. Ens presentem Les mans [&hellip;]<\/p>\n","protected":false},"author":26,"featured_media":0,"parent":0,"menu_order":0,"comment_status":"closed","ping_status":"closed","template":"","meta":{"_et_pb_use_builder":"on","_et_pb_old_content":"","_et_gb_content_width":"","footnotes":""},"class_list":["post-832","page","type-page","status-publish","hentry"],"yoast_head":"<!-- This site is optimized with the Yoast SEO plugin v27.5 - https:\/\/yoast.com\/product\/yoast-seo-wordpress\/ -->\n<title>Activitats - Cap Menjar a la Brossa<\/title>\n<meta name=\"robots\" content=\"index, follow, max-snippet:-1, max-image-preview:large, max-video-preview:-1\" \/>\n<link rel=\"canonical\" href=\"https:\/\/fundesplai.org\/capmenjaralabrossa\/activitats\/\" \/>\n<meta property=\"og:locale\" content=\"ca_ES\" \/>\n<meta property=\"og:type\" content=\"article\" \/>\n<meta property=\"og:title\" content=\"Activitats - Cap Menjar a la Brossa\" \/>\n<meta property=\"og:description\" content=\"A continuaci\u00f3 et presentem un conjunt d&#039;activitats que van relacionades amb la conserva i el no malbaratament dels aliments, un munt d&#039;activitats ideals per prendre consci\u00e8ncia de la import\u00e0ncia del consum responsable dels aliments. Podr\u00e0s veure que moltes d&#039;aquestes activitats tamb\u00e9 formen part de la proposta educativa Menjar Canvia el M\u00f3n. Ens presentem Les mans [&hellip;]\" \/>\n<meta property=\"og:url\" content=\"https:\/\/fundesplai.org\/capmenjaralabrossa\/activitats\/\" \/>\n<meta property=\"og:site_name\" content=\"Cap Menjar a la Brossa\" \/>\n<meta property=\"article:modified_time\" content=\"2023-10-24T08:31:10+00:00\" \/>\n<meta name=\"twitter:card\" content=\"summary_large_image\" \/>\n<meta name=\"twitter:label1\" content=\"Temps estimat de lectura\" \/>\n\t<meta name=\"twitter:data1\" content=\"1 minut\" \/>\n<script type=\"application\/ld+json\" class=\"yoast-schema-graph\">{\"@context\":\"https:\\\/\\\/schema.org\",\"@graph\":[{\"@type\":\"WebPage\",\"@id\":\"https:\\\/\\\/fundesplai.org\\\/capmenjaralabrossa\\\/activitats\\\/\",\"url\":\"https:\\\/\\\/fundesplai.org\\\/capmenjaralabrossa\\\/activitats\\\/\",\"name\":\"Activitats - Cap Menjar a la Brossa\",\"isPartOf\":{\"@id\":\"https:\\\/\\\/fundesplai.org\\\/capmenjaralabrossa\\\/#website\"},\"datePublished\":\"2023-10-24T08:31:06+00:00\",\"dateModified\":\"2023-10-24T08:31:10+00:00\",\"breadcrumb\":{\"@id\":\"https:\\\/\\\/fundesplai.org\\\/capmenjaralabrossa\\\/activitats\\\/#breadcrumb\"},\"inLanguage\":\"ca\",\"potentialAction\":[{\"@type\":\"ReadAction\",\"target\":[\"https:\\\/\\\/fundesplai.org\\\/capmenjaralabrossa\\\/activitats\\\/\"]}]},{\"@type\":\"BreadcrumbList\",\"@id\":\"https:\\\/\\\/fundesplai.org\\\/capmenjaralabrossa\\\/activitats\\\/#breadcrumb\",\"itemListElement\":[{\"@type\":\"ListItem\",\"position\":1,\"name\":\"Inici\",\"item\":\"\\\/\"},{\"@type\":\"ListItem\",\"position\":2,\"name\":\"Cap Menjar a la Brossa\",\"item\":\"https:\\\/\\\/fundesplai.org\\\/capmenjaralabrossa\"},{\"@type\":\"ListItem\",\"position\":3,\"name\":\"Activitats\"}]},{\"@type\":\"WebSite\",\"@id\":\"https:\\\/\\\/fundesplai.org\\\/capmenjaralabrossa\\\/#website\",\"url\":\"https:\\\/\\\/fundesplai.org\\\/capmenjaralabrossa\\\/\",\"name\":\"Cap Menjar a la Brossa\",\"description\":\"Proposta educativa de Fundesplai\",\"potentialAction\":[{\"@type\":\"SearchAction\",\"target\":{\"@type\":\"EntryPoint\",\"urlTemplate\":\"https:\\\/\\\/fundesplai.org\\\/capmenjaralabrossa\\\/?s={search_term_string}\"},\"query-input\":{\"@type\":\"PropertyValueSpecification\",\"valueRequired\":true,\"valueName\":\"search_term_string\"}}],\"inLanguage\":\"ca\"}]}<\/script>\n<!-- \/ Yoast SEO plugin. -->","yoast_head_json":{"title":"Activitats - Cap Menjar a la Brossa","robots":{"index":"index","follow":"follow","max-snippet":"max-snippet:-1","max-image-preview":"max-image-preview:large","max-video-preview":"max-video-preview:-1"},"canonical":"https:\/\/fundesplai.org\/capmenjaralabrossa\/activitats\/","og_locale":"ca_ES","og_type":"article","og_title":"Activitats - Cap Menjar a la Brossa","og_description":"A continuaci\u00f3 et presentem un conjunt d'activitats que van relacionades amb la conserva i el no malbaratament dels aliments, un munt d'activitats ideals per prendre consci\u00e8ncia de la import\u00e0ncia del consum responsable dels aliments. Podr\u00e0s veure que moltes d'aquestes activitats tamb\u00e9 formen part de la proposta educativa Menjar Canvia el M\u00f3n. Ens presentem Les mans [&hellip;]","og_url":"https:\/\/fundesplai.org\/capmenjaralabrossa\/activitats\/","og_site_name":"Cap Menjar a la Brossa","article_modified_time":"2023-10-24T08:31:10+00:00","twitter_card":"summary_large_image","twitter_misc":{"Temps estimat de lectura":"1 minut"},"schema":{"@context":"https:\/\/schema.org","@graph":[{"@type":"WebPage","@id":"https:\/\/fundesplai.org\/capmenjaralabrossa\/activitats\/","url":"https:\/\/fundesplai.org\/capmenjaralabrossa\/activitats\/","name":"Activitats - Cap Menjar a la Brossa","isPartOf":{"@id":"https:\/\/fundesplai.org\/capmenjaralabrossa\/#website"},"datePublished":"2023-10-24T08:31:06+00:00","dateModified":"2023-10-24T08:31:10+00:00","breadcrumb":{"@id":"https:\/\/fundesplai.org\/capmenjaralabrossa\/activitats\/#breadcrumb"},"inLanguage":"ca","potentialAction":[{"@type":"ReadAction","target":["https:\/\/fundesplai.org\/capmenjaralabrossa\/activitats\/"]}]},{"@type":"BreadcrumbList","@id":"https:\/\/fundesplai.org\/capmenjaralabrossa\/activitats\/#breadcrumb","itemListElement":[{"@type":"ListItem","position":1,"name":"Inici","item":"\/"},{"@type":"ListItem","position":2,"name":"Cap Menjar a la Brossa","item":"https:\/\/fundesplai.org\/capmenjaralabrossa"},{"@type":"ListItem","position":3,"name":"Activitats"}]},{"@type":"WebSite","@id":"https:\/\/fundesplai.org\/capmenjaralabrossa\/#website","url":"https:\/\/fundesplai.org\/capmenjaralabrossa\/","name":"Cap Menjar a la Brossa","description":"Proposta educativa de Fundesplai","potentialAction":[{"@type":"SearchAction","target":{"@type":"EntryPoint","urlTemplate":"https:\/\/fundesplai.org\/capmenjaralabrossa\/?s={search_term_string}"},"query-input":{"@type":"PropertyValueSpecification","valueRequired":true,"valueName":"search_term_string"}}],"inLanguage":"ca"}]}},"_links":{"self":[{"href":"https:\/\/fundesplai.org\/capmenjaralabrossa\/wp-json\/wp\/v2\/pages\/832","targetHints":{"allow":["GET"]}}],"collection":[{"href":"https:\/\/fundesplai.org\/capmenjaralabrossa\/wp-json\/wp\/v2\/pages"}],"about":[{"href":"https:\/\/fundesplai.org\/capmenjaralabrossa\/wp-json\/wp\/v2\/types\/page"}],"author":[{"embeddable":true,"href":"https:\/\/fundesplai.org\/capmenjaralabrossa\/wp-json\/wp\/v2\/users\/26"}],"replies":[{"embeddable":true,"href":"https:\/\/fundesplai.org\/capmenjaralabrossa\/wp-json\/wp\/v2\/comments?post=832"}],"version-history":[{"count":3,"href":"https:\/\/fundesplai.org\/capmenjaralabrossa\/wp-json\/wp\/v2\/pages\/832\/revisions"}],"predecessor-version":[{"id":837,"href":"https:\/\/fundesplai.org\/capmenjaralabrossa\/wp-json\/wp\/v2\/pages\/832\/revisions\/837"}],"wp:attachment":[{"href":"https:\/\/fundesplai.org\/capmenjaralabrossa\/wp-json\/wp\/v2\/media?parent=832"}],"curies":[{"name":"wp","href":"https:\/\/api.w.org\/{rel}","templated":true}]}}

<p>[et_pb_section fb_built=&#8221;1&#8243; _builder_version=&#8221;4.21.0&#8243; _module_preset=&#8221;default&#8221; global_colors_info=&#8221;{}&#8221;][et_pb_row _builder_version=&#8221;4.21.0&#8243; _module_preset=&#8221;default&#8221; global_colors_info=&#8221;{}&#8221;][et_pb_column type=&#8221;4_4&#8243; _builder_version=&#8221;4.21.0&#8243; _module_preset=&#8221;default&#8221; global_colors_info=&#8221;{}&#8221;][et_pb_post_title author=&#8221;off&#8221; date=&#8221;off&#8221; _builder_version=&#8221;4.21.0&#8243; _module_preset=&#8221;default&#8221; global_colors_info=&#8221;{}&#8221;][/et_pb_post_title][et_pb_text _builder_version=&#8221;4.21.0&#8243; _module_preset=&#8221;default&#8221; global_colors_info=&#8221;{}&#8221;]</p>
<p>A continuació et presentem un conjunt d&#8217;activitats que van relacionades amb la conserva i el no malbaratament dels aliments, un munt d&#8217;activitats ideals per prendre consciència de la importància del consum responsable dels aliments. Podràs veure que moltes d&#8217;aquestes activitats també formen part de la proposta educativa <a href="https://fundesplai.org/mcm/">Menjar Canvia el Món</a>.</p>
<p>[/et_pb_text][et_pb_accordion _builder_version=&#8221;4.21.0&#8243; _module_preset=&#8221;default&#8221; custom_margin=&#8221;30px||50px||false|false&#8221; hover_enabled=&#8221;0&#8243; global_colors_info=&#8221;{}&#8221; sticky_enabled=&#8221;0&#8243;][et_pb_accordion_item title=&#8221;Activitats de presentació&#8221; _builder_version=&#8221;4.21.0&#8243; _module_preset=&#8221;default&#8221; global_colors_info=&#8221;{}&#8221; open=&#8221;on&#8221;]</p>
<ul>
<li><a href="https://fundesplai.org/banc-recursos/recurs/passa-la-pilota/">Ens presentem</a></li>
<li><a href="https://fundesplai.org/banc-recursos/recurs/les-mans-es-presenten/">Les mans es presenten</a></li>
<li><a href="https://fundesplai.org/banc-recursos/recurs/el-nus-huma/">El nus humà</a></li>
<li><a href="https://fundesplai.org/banc-recursos/recurs/el-nom-infinit/">El nom infinit</a></li>
<li><a href="https://fundesplai.org/banc-recursos/recurs/bingo-de-coneixenca/">Bingo de coneixença</a></li>
</ul>
<p>[/et_pb_accordion_item][et_pb_accordion_item title=&#8221;Activitats sobre aliments i malbaratament&#8221; _builder_version=&#8221;4.21.0&#8243; _module_preset=&#8221;default&#8221; global_colors_info=&#8221;{}&#8221; open=&#8221;off&#8221;]</p>
<ul>
<li><a href="https://fundesplai.org/banc-recursos/recurs/el-joc-de-taula-del-malbaratament/">Què és el malbaratament alimentari?</a></li>
<li><a href="https://fundesplai.org/banc-recursos/recurs/comprar-amb-cap/">Un berenar per llepar-se els dits</a></li>
<li><a href="https://fundesplai.org/banc-recursos/recurs/conserves-mestres/">Endrecem la nevera</a></li>
<li><a href="https://fundesplai.org/banc-recursos/recurs/lart-de-parar-la-taula/">Menjar és un plaer</a></li>
<li><a href="https://fundesplai.org/banc-recursos/recurs/la-festa-de-les-sobres/">Cuina creativa</a></li>
<li><a href="https://fundesplai.org/banc-recursos/recurs/cuinaprofita/">CuinAprofita</a></li>
<li><a href="https://fundesplai.org/banc-recursos/recurs/campanya-publicitaria-stop-motion/">Crea la teva campanya publicitària</a></li>
<li><a href="https://fundesplai.org/banc-recursos/recurs/juguem-amb-les-paraules/">Juguem amb les paraules</a></li>
<li><a href="https://fundesplai.org/banc-recursos/recurs/memory-fruites-i-verdures-destiu/">Memory fruites i verdures d&#8217;estiu</a></li>
<li><a href="https://fundesplai.org/banc-recursos/recurs/memory-fruites-i-verdures-de-tardor/">Memory fruites i verdures de tardor</a></li>
<li><a href="https://fundesplai.org/banc-recursos/recurs/memory-fruites-i-verdures-de-primavera/">Memory fruites i verdures de primavera</a></li>
<li><a href="https://fundesplai.org/banc-recursos/recurs/memory-fruites-i-verdures-dhivern/">Memory fruites i verdures d&#8217;hivern</a></li>
<li><a href="https://fundesplai.org/banc-recursos/recurs/on-va-cada-residu/">On va cada residu?</a></li>
<li><a href="https://fundesplai.org/banc-recursos/recurs/gimcana-menjar-canvia-el-mon/">Gimcana Menjar Canvia el Món</a></li>
<li><a href="https://fundesplai.org/banc-recursos/recurs/gimcana-stop-malbaratar-menjar/">Gimcana Stop Malbaratar Menjar</a></li>
</ul>
<p>[/et_pb_accordion_item][/et_pb_accordion][/et_pb_column][/et_pb_row][/et_pb_section]</p>

<p>A continuació et presentem un conjunt d&#8217;activitats que van relacionades amb la conserva i el no malbaratament dels aliments, un munt d&#8217;activitats ideals per prendre consciència de la importància del consum responsable dels aliments. Podràs veure que moltes d&#8217;aquestes activitats també formen part de la proposta educativa Menjar Canvia el Món. Ens presentem Les mans [&hellip;]</p>

<!-- This site is optimized with the Yoast SEO plugin v27.5 - https://yoast.com/product/yoast-seo-wordpress/ -->
<title>Activitats - Cap Menjar a la Brossa</title>
<meta name="robots" content="index, follow, max-snippet:-1, max-image-preview:large, max-video-preview:-1" />
<link rel="canonical" href="https://fundesplai.org/capmenjaralabrossa/activitats/" />
<meta property="og:locale" content="ca_ES" />
<meta property="og:type" content="article" />
<meta property="og:title" content="Activitats - Cap Menjar a la Brossa" />
<meta property="og:description" content="A continuació et presentem un conjunt d&#039;activitats que van relacionades amb la conserva i el no malbaratament dels aliments, un munt d&#039;activitats ideals per prendre consciència de la importància del consum responsable dels aliments. Podràs veure que moltes d&#039;aquestes activitats també formen part de la proposta educativa Menjar Canvia el Món. Ens presentem Les mans [&hellip;]" />
<meta property="og:url" content="https://fundesplai.org/capmenjaralabrossa/activitats/" />
<meta property="og:site_name" content="Cap Menjar a la Brossa" />
<meta property="article:modified_time" content="2023-10-24T08:31:10+00:00" />
<meta name="twitter:card" content="summary_large_image" />
<meta name="twitter:label1" content="Temps estimat de lectura" />
	<meta name="twitter:data1" content="1 minut" />
<script type="application/ld+json" class="yoast-schema-graph">{"@context":"https:\/\/schema.org","@graph":[{"@type":"WebPage","@id":"https:\/\/fundesplai.org\/capmenjaralabrossa\/activitats\/","url":"https:\/\/fundesplai.org\/capmenjaralabrossa\/activitats\/","name":"Activitats - Cap Menjar a la Brossa","isPartOf":{"@id":"https:\/\/fundesplai.org\/capmenjaralabrossa\/#website"},"datePublished":"2023-10-24T08:31:06+00:00","dateModified":"2023-10-24T08:31:10+00:00","breadcrumb":{"@id":"https:\/\/fundesplai.org\/capmenjaralabrossa\/activitats\/#breadcrumb"},"inLanguage":"ca","potentialAction":[{"@type":"ReadAction","target":["https:\/\/fundesplai.org\/capmenjaralabrossa\/activitats\/"]}]},{"@type":"BreadcrumbList","@id":"https:\/\/fundesplai.org\/capmenjaralabrossa\/activitats\/#breadcrumb","itemListElement":[{"@type":"ListItem","position":1,"name":"Inici","item":"\/"},{"@type":"ListItem","position":2,"name":"Cap Menjar a la Brossa","item":"https:\/\/fundesplai.org\/capmenjaralabrossa"},{"@type":"ListItem","position":3,"name":"Activitats"}]},{"@type":"WebSite","@id":"https:\/\/fundesplai.org\/capmenjaralabrossa\/#website","url":"https:\/\/fundesplai.org\/capmenjaralabrossa\/","name":"Cap Menjar a la Brossa","description":"Proposta educativa de Fundesplai","potentialAction":[{"@type":"SearchAction","target":{"@type":"EntryPoint","urlTemplate":"https:\/\/fundesplai.org\/capmenjaralabrossa\/?s={search_term_string}"},"query-input":{"@type":"PropertyValueSpecification","valueRequired":true,"valueName":"search_term_string"}}],"inLanguage":"ca"}]}</script>
<!-- / Yoast SEO plugin. -->

A continuació et presentem un conjunt d'activitats que van relacionades amb la conserva i el no malbaratament dels aliments, un munt d'activitats ideals per prendre consciència de la importància del consum responsable dels aliments. Podràs veure que moltes d'aquestes activitats també formen part de la proposta educativa Menjar Canvia el Món. Ens presentem Les mans [&hellip;]
