{"id":68,"date":"2013-10-18T11:45:01","date_gmt":"2013-10-18T09:45:01","guid":{"rendered":"http:\/\/projectes.fundesplai.org\/capmenjaralabrossa\/?page_id=68"},"modified":"2023-09-12T12:30:16","modified_gmt":"2023-09-12T10:30:16","slug":"recursos","status":"publish","type":"page","link":"https:\/\/fundesplai.org\/capmenjaralabrossa\/recursos\/","title":{"rendered":"Recursos"},"content":{"rendered":"<p>[et_pb_section fb_built=&#8221;1&#8243; _builder_version=&#8221;4.16&#8243; global_colors_info=&#8221;{}&#8221;][et_pb_row _builder_version=&#8221;4.21.0&#8243; _module_preset=&#8221;default&#8221; hover_enabled=&#8221;0&#8243; global_colors_info=&#8221;{}&#8221; custom_margin=&#8221;||50px||false|false&#8221; sticky_enabled=&#8221;0&#8243;][et_pb_column type=&#8221;4_4&#8243; _builder_version=&#8221;4.21.0&#8243; _module_preset=&#8221;default&#8221; global_colors_info=&#8221;{}&#8221;][et_pb_post_title meta=&#8221;off&#8221; featured_image=&#8221;off&#8221; _builder_version=&#8221;4.21.0&#8243; _module_preset=&#8221;default&#8221; global_colors_info=&#8221;{}&#8221;][\/et_pb_post_title][et_pb_accordion _builder_version=&#8221;4.21.0&#8243; _module_preset=&#8221;default&#8221; global_colors_info=&#8221;{}&#8221;][et_pb_accordion_item title=&#8221;Portals web&#8221; _builder_version=&#8221;4.21.0&#8243; _module_preset=&#8221;default&#8221; global_colors_info=&#8221;{}&#8221; open=&#8221;on&#8221;]<\/p>\n<ul>\n<li><span style=\"color: #000000\">En aquest enlla\u00e7 de la <strong><a href=\"http:\/\/www20.gencat.cat\/portal\/site\/familiaescola\/menuitem.5b21aabe12191ad9aacf3010b0c0e1a0\/?vgnextoid=0bd6b0e3892be310VgnVCM1000008d0c1e0aRCRD&amp;vgnextchannel=0bd6b0e3892be310VgnVCM1000008d0c1e0aRCRD&amp;vgnextfmt=default\">Generalitat de Catalunya <\/a><\/strong>trobareu infinitat de recusos i eines per treballar el tema del malbaratament alimentari.<\/span><\/li>\n<li><span style=\"color: #000000\">L&#8217;Ajuntament de Barcelona tamb\u00e9 t\u00e9 el portal <strong><a href=\"http:\/\/mediambient.bcn.cat\/malbaratamentalimentari\/material-pedagogic\/infantil-i-cicle-inicial-de-primaria\/\">&#8220;El menjar no es llen\u00e7a&#8221;. <\/a><\/strong>\u00a0Hi trobareu guies i material educatiu molt interessant. No us perdeu els v\u00eddeos! aprofiteu-los per fer una trobada de debat amb els nois i noies, amb les fam\u00edlies&#8230;.<\/span><\/li>\n<li><span style=\"color: #000000\">Al Portal de <strong><a href=\"http:\/\/www20.gencat.cat\/portal\/site\/arc\/menuitem.0b722e55d906c87b624a1d25b0c0e1a0\/?vgnextoid=d1742abd85a00410VgnVCM1000008d0c1e0aRCRD&amp;vgnextchannel=d1742abd85a00410VgnVCM1000008d0c1e0aRCRD&amp;vgnextfmt=default\">l&#8217;Ag\u00e8ncia de Residus de Catalunya <\/a><\/strong>tamb\u00e9 trobareu molts materials i un llistat d&#8217;organitzacions i organismes que estan desenvolupant campanyes entorn el tema del malbaratament.<\/span><\/li>\n<\/ul>\n<p>[\/et_pb_accordion_item][et_pb_accordion_item title=&#8221;Audiovisual&#8221; _builder_version=&#8221;4.21.0&#8243; _module_preset=&#8221;default&#8221; global_colors_info=&#8221;{}&#8221; open=&#8221;off&#8221;]<\/p>\n<ul>\n<li><span style=\"color: #000000\">Recurs audiovisual <b><a href=\"http:\/\/www.tv3.cat\/30minuts\/reportatges\/1823\/\">V\u00eddeo 30\u2019 evitar el malbaratament alimentari. Tv3<\/a>.<\/b><\/span><\/li>\n<li>Recurs audiovisual <span style=\"color: #000000\"><a href=\"http:\/\/www.youtube.com\/watch?v=hN1aZWUnqxE\"><strong>El menjar que es llen\u00e7a.<\/strong><\/a>\u00a0<\/span><\/li>\n<\/ul>\n<p>[\/et_pb_accordion_item][et_pb_accordion_item title=&#8221;Llibres&#8221; _builder_version=&#8221;4.21.0&#8243; _module_preset=&#8221;default&#8221; global_colors_info=&#8221;{}&#8221; open=&#8221;off&#8221;]<\/p>\n<ul>\n<li><span style=\"color: #000000\">Us recomanem el llibre. <strong>Cuinem. tallers de cuina a l&#8217;escola<\/strong> (6 &#8211; 12 ). M. Assumpci\u00f3 Rset (coord). Isabel Puigdueta, Ada Parellada i Blanca Gonzalvo. Editorial Gra\u00f3 &#8211; Biblioteca de Guix 163. Barcelona, 2008.<\/span><\/li>\n<\/ul>\n<p>&nbsp;<\/p>\n<p>[\/et_pb_accordion_item][\/et_pb_accordion][\/et_pb_column][\/et_pb_row][\/et_pb_section]<\/p>\n","protected":false},"excerpt":{"rendered":"<p>En aquest enlla\u00e7 de la Generalitat de Catalunya trobareu infinitat de recusos i eines per treballar el tema del malbaratament alimentari. L&#8217;Ajuntament de Barcelona tamb\u00e9 t\u00e9 el portal &#8220;El menjar no es llen\u00e7a&#8221;. \u00a0Hi trobareu guies i material educatiu molt interessant. No us perdeu els v\u00eddeos! aprofiteu-los per fer una trobada de debat amb els [&hellip;]<\/p>\n","protected":false},"author":4,"featured_media":0,"parent":0,"menu_order":0,"comment_status":"open","ping_status":"open","template":"","meta":{"_et_pb_use_builder":"on","_et_pb_old_content":"<h2><span style=\"color: #000000;\"><strong><a href=\"https:\/\/projectes.fundesplai.org\/capmenjaralabrossa\/wp-content\/uploads\/sites\/9\/2013\/10\/algun-dia-los-pupitres-floreceran.jpg\"><img class=\"alignleft size-medium wp-image-312\" src=\"https:\/\/projectes.fundesplai.org\/capmenjaralabrossa\/wp-content\/uploads\/sites\/9\/2013\/10\/algun-dia-los-pupitres-floreceran-252x300.jpg\" alt=\"algun dia los pupitres floreceran\" width=\"252\" height=\"300\" \/><\/a>Per a ments despertes....<\/strong><\/span><\/h2><p><span style=\"color: #000000;\"><strong>Portals<\/strong> <\/span><\/p><ul><li><span style=\"color: #000000;\">En aquest enlla\u00e7 de la <strong><a href=\"http:\/\/www20.gencat.cat\/portal\/site\/familiaescola\/menuitem.5b21aabe12191ad9aacf3010b0c0e1a0\/?vgnextoid=0bd6b0e3892be310VgnVCM1000008d0c1e0aRCRD&vgnextchannel=0bd6b0e3892be310VgnVCM1000008d0c1e0aRCRD&vgnextfmt=default\"><span style=\"color: #000000;\">Generalitat de Catalunya <\/span><\/a><\/strong>trobareu infinitat de recusos i eines per treballar el tema del malbaratament alimentari.<\/span><\/li><\/ul><p><span style=\"color: #000000;\">L'Ajuntament de Barcelona tamb\u00e9 t\u00e9 el portal <strong><a href=\"http:\/\/mediambient.bcn.cat\/malbaratamentalimentari\/material-pedagogic\/infantil-i-cicle-inicial-de-primaria\/\"><span style=\"color: #000000;\">\"El menjar no es llen\u00e7a\". <\/span><\/a><\/strong>\u00a0Hi trobareu guies i material educatiu molt interessant. No us perdeu els v\u00eddeos! aprofiteu-los per fer una trobada de debat amb els nois i noies, amb les fam\u00edlies....<\/span><\/p><ul><li><span style=\"color: #000000;\">Al Portal de <strong><a href=\"http:\/\/www20.gencat.cat\/portal\/site\/arc\/menuitem.0b722e55d906c87b624a1d25b0c0e1a0\/?vgnextoid=d1742abd85a00410VgnVCM1000008d0c1e0aRCRD&vgnextchannel=d1742abd85a00410VgnVCM1000008d0c1e0aRCRD&vgnextfmt=default\"><span style=\"color: #000000;\">l'Ag\u00e8ncia de Residus de Catalunya <\/span><\/a><\/strong>tamb\u00e9 trobareu molts materials i un llistat d'organitzacions i organismes que estan desenvolupant campanyes entorn el tema del malbaratament. <\/span><\/li><\/ul><p><span style=\"color: #000000;\"><strong>Recursos audiovisuals<\/strong><\/span><\/p><ul><li><span style=\"color: #000000;\">Recurs audiovisual <b><a href=\"http:\/\/www.tv3.cat\/30minuts\/reportatges\/1823\/\"><span style=\"color: #000000;\">V\u00eddeo 30\u2019 evitar el malbaratament alimentari. Tv3<\/span><\/a>.<\/b><\/span><\/li><li>Recurs audiovisual <span style=\"color: #000000;\"><a href=\"http:\/\/www.youtube.com\/watch?v=hN1aZWUnqxE\"><span style=\"color: #000000;\"><strong>El menjar que es llen\u00e7a.<\/strong><\/span><\/a>\u00a0<\/span><\/li><\/ul><p><span style=\"color: #000000;\"><strong>Llibres<\/strong><\/span><\/p><ul><li><span style=\"color: #000000;\">Us recomanem el llibre. <strong>Cuinem. tallers de cuina a l'escola<\/strong> (6 - 12 ). M. Assumpci\u00f3 Rset (coord). Isabel Puigdueta, Ada Parellada i Blanca Gonzalvo. Editorial Gra\u00f3 - Biblioteca de Guix 163. Barcelona, 2008.<\/span><\/li><\/ul><p>\u00a0<\/p>","_et_gb_content_width":"","footnotes":""},"class_list":["post-68","page","type-page","status-publish","hentry"],"yoast_head":"<!-- This site is optimized with the Yoast SEO plugin v27.5 - https:\/\/yoast.com\/product\/yoast-seo-wordpress\/ -->\n<title>Recursos - Cap Menjar a la Brossa<\/title>\n<meta name=\"robots\" content=\"index, follow, max-snippet:-1, max-image-preview:large, max-video-preview:-1\" \/>\n<link rel=\"canonical\" href=\"https:\/\/fundesplai.org\/capmenjaralabrossa\/recursos\/\" \/>\n<meta property=\"og:locale\" content=\"ca_ES\" \/>\n<meta property=\"og:type\" content=\"article\" \/>\n<meta property=\"og:title\" content=\"Recursos - Cap Menjar a la Brossa\" \/>\n<meta property=\"og:description\" content=\"En aquest enlla\u00e7 de la Generalitat de Catalunya trobareu infinitat de recusos i eines per treballar el tema del malbaratament alimentari. L&#039;Ajuntament de Barcelona tamb\u00e9 t\u00e9 el portal &quot;El menjar no es llen\u00e7a&quot;. \u00a0Hi trobareu guies i material educatiu molt interessant. No us perdeu els v\u00eddeos! aprofiteu-los per fer una trobada de debat amb els [&hellip;]\" \/>\n<meta property=\"og:url\" content=\"https:\/\/fundesplai.org\/capmenjaralabrossa\/recursos\/\" \/>\n<meta property=\"og:site_name\" content=\"Cap Menjar a la Brossa\" \/>\n<meta property=\"article:modified_time\" content=\"2023-09-12T10:30:16+00:00\" \/>\n<meta name=\"twitter:card\" content=\"summary_large_image\" \/>\n<meta name=\"twitter:label1\" content=\"Temps estimat de lectura\" \/>\n\t<meta name=\"twitter:data1\" content=\"1 minut\" \/>\n<script type=\"application\/ld+json\" class=\"yoast-schema-graph\">{\"@context\":\"https:\\\/\\\/schema.org\",\"@graph\":[{\"@type\":\"WebPage\",\"@id\":\"https:\\\/\\\/fundesplai.org\\\/capmenjaralabrossa\\\/recursos\\\/\",\"url\":\"https:\\\/\\\/fundesplai.org\\\/capmenjaralabrossa\\\/recursos\\\/\",\"name\":\"Recursos - Cap Menjar a la Brossa\",\"isPartOf\":{\"@id\":\"https:\\\/\\\/fundesplai.org\\\/capmenjaralabrossa\\\/#website\"},\"datePublished\":\"2013-10-18T09:45:01+00:00\",\"dateModified\":\"2023-09-12T10:30:16+00:00\",\"breadcrumb\":{\"@id\":\"https:\\\/\\\/fundesplai.org\\\/capmenjaralabrossa\\\/recursos\\\/#breadcrumb\"},\"inLanguage\":\"ca\",\"potentialAction\":[{\"@type\":\"ReadAction\",\"target\":[\"https:\\\/\\\/fundesplai.org\\\/capmenjaralabrossa\\\/recursos\\\/\"]}]},{\"@type\":\"BreadcrumbList\",\"@id\":\"https:\\\/\\\/fundesplai.org\\\/capmenjaralabrossa\\\/recursos\\\/#breadcrumb\",\"itemListElement\":[{\"@type\":\"ListItem\",\"position\":1,\"name\":\"Inici\",\"item\":\"\\\/\"},{\"@type\":\"ListItem\",\"position\":2,\"name\":\"Cap Menjar a la Brossa\",\"item\":\"https:\\\/\\\/fundesplai.org\\\/capmenjaralabrossa\"},{\"@type\":\"ListItem\",\"position\":3,\"name\":\"Recursos\"}]},{\"@type\":\"WebSite\",\"@id\":\"https:\\\/\\\/fundesplai.org\\\/capmenjaralabrossa\\\/#website\",\"url\":\"https:\\\/\\\/fundesplai.org\\\/capmenjaralabrossa\\\/\",\"name\":\"Cap Menjar a la Brossa\",\"description\":\"Proposta educativa de Fundesplai\",\"potentialAction\":[{\"@type\":\"SearchAction\",\"target\":{\"@type\":\"EntryPoint\",\"urlTemplate\":\"https:\\\/\\\/fundesplai.org\\\/capmenjaralabrossa\\\/?s={search_term_string}\"},\"query-input\":{\"@type\":\"PropertyValueSpecification\",\"valueRequired\":true,\"valueName\":\"search_term_string\"}}],\"inLanguage\":\"ca\"}]}<\/script>\n<!-- \/ Yoast SEO plugin. -->","yoast_head_json":{"title":"Recursos - Cap Menjar a la Brossa","robots":{"index":"index","follow":"follow","max-snippet":"max-snippet:-1","max-image-preview":"max-image-preview:large","max-video-preview":"max-video-preview:-1"},"canonical":"https:\/\/fundesplai.org\/capmenjaralabrossa\/recursos\/","og_locale":"ca_ES","og_type":"article","og_title":"Recursos - Cap Menjar a la Brossa","og_description":"En aquest enlla\u00e7 de la Generalitat de Catalunya trobareu infinitat de recusos i eines per treballar el tema del malbaratament alimentari. L'Ajuntament de Barcelona tamb\u00e9 t\u00e9 el portal \"El menjar no es llen\u00e7a\". \u00a0Hi trobareu guies i material educatiu molt interessant. No us perdeu els v\u00eddeos! aprofiteu-los per fer una trobada de debat amb els [&hellip;]","og_url":"https:\/\/fundesplai.org\/capmenjaralabrossa\/recursos\/","og_site_name":"Cap Menjar a la Brossa","article_modified_time":"2023-09-12T10:30:16+00:00","twitter_card":"summary_large_image","twitter_misc":{"Temps estimat de lectura":"1 minut"},"schema":{"@context":"https:\/\/schema.org","@graph":[{"@type":"WebPage","@id":"https:\/\/fundesplai.org\/capmenjaralabrossa\/recursos\/","url":"https:\/\/fundesplai.org\/capmenjaralabrossa\/recursos\/","name":"Recursos - Cap Menjar a la Brossa","isPartOf":{"@id":"https:\/\/fundesplai.org\/capmenjaralabrossa\/#website"},"datePublished":"2013-10-18T09:45:01+00:00","dateModified":"2023-09-12T10:30:16+00:00","breadcrumb":{"@id":"https:\/\/fundesplai.org\/capmenjaralabrossa\/recursos\/#breadcrumb"},"inLanguage":"ca","potentialAction":[{"@type":"ReadAction","target":["https:\/\/fundesplai.org\/capmenjaralabrossa\/recursos\/"]}]},{"@type":"BreadcrumbList","@id":"https:\/\/fundesplai.org\/capmenjaralabrossa\/recursos\/#breadcrumb","itemListElement":[{"@type":"ListItem","position":1,"name":"Inici","item":"\/"},{"@type":"ListItem","position":2,"name":"Cap Menjar a la Brossa","item":"https:\/\/fundesplai.org\/capmenjaralabrossa"},{"@type":"ListItem","position":3,"name":"Recursos"}]},{"@type":"WebSite","@id":"https:\/\/fundesplai.org\/capmenjaralabrossa\/#website","url":"https:\/\/fundesplai.org\/capmenjaralabrossa\/","name":"Cap Menjar a la Brossa","description":"Proposta educativa de Fundesplai","potentialAction":[{"@type":"SearchAction","target":{"@type":"EntryPoint","urlTemplate":"https:\/\/fundesplai.org\/capmenjaralabrossa\/?s={search_term_string}"},"query-input":{"@type":"PropertyValueSpecification","valueRequired":true,"valueName":"search_term_string"}}],"inLanguage":"ca"}]}},"_links":{"self":[{"href":"https:\/\/fundesplai.org\/capmenjaralabrossa\/wp-json\/wp\/v2\/pages\/68","targetHints":{"allow":["GET"]}}],"collection":[{"href":"https:\/\/fundesplai.org\/capmenjaralabrossa\/wp-json\/wp\/v2\/pages"}],"about":[{"href":"https:\/\/fundesplai.org\/capmenjaralabrossa\/wp-json\/wp\/v2\/types\/page"}],"author":[{"embeddable":true,"href":"https:\/\/fundesplai.org\/capmenjaralabrossa\/wp-json\/wp\/v2\/users\/4"}],"replies":[{"embeddable":true,"href":"https:\/\/fundesplai.org\/capmenjaralabrossa\/wp-json\/wp\/v2\/comments?post=68"}],"version-history":[{"count":3,"href":"https:\/\/fundesplai.org\/capmenjaralabrossa\/wp-json\/wp\/v2\/pages\/68\/revisions"}],"predecessor-version":[{"id":808,"href":"https:\/\/fundesplai.org\/capmenjaralabrossa\/wp-json\/wp\/v2\/pages\/68\/revisions\/808"}],"wp:attachment":[{"href":"https:\/\/fundesplai.org\/capmenjaralabrossa\/wp-json\/wp\/v2\/media?parent=68"}],"curies":[{"name":"wp","href":"https:\/\/api.w.org\/{rel}","templated":true}]}}