{"id":129,"date":"2023-10-19T14:40:00","date_gmt":"2023-10-19T12:40:00","guid":{"rendered":"https:\/\/fundesplai.org\/barrinem\/?page_id=129"},"modified":"2023-10-19T14:42:12","modified_gmt":"2023-10-19T12:42:12","slug":"activitats","status":"publish","type":"page","link":"https:\/\/fundesplai.org\/barrinem\/activitats\/","title":{"rendered":"Activitats"},"content":{"rendered":"<p>[et_pb_section fb_built=&#8221;1&#8243; _builder_version=&#8221;4.21.0&#8243; _module_preset=&#8221;default&#8221; global_colors_info=&#8221;{}&#8221;][et_pb_row _builder_version=&#8221;4.21.0&#8243; _module_preset=&#8221;default&#8221; global_colors_info=&#8221;{}&#8221;][et_pb_column type=&#8221;4_4&#8243; _builder_version=&#8221;4.21.0&#8243; _module_preset=&#8221;default&#8221; global_colors_info=&#8221;{}&#8221;][et_pb_post_title meta=&#8221;off&#8221; featured_image=&#8221;off&#8221; _builder_version=&#8221;4.21.0&#8243; _module_preset=&#8221;default&#8221; global_colors_info=&#8221;{}&#8221;][\/et_pb_post_title][et_pb_text _builder_version=&#8221;4.21.0&#8243; _module_preset=&#8221;default&#8221; global_colors_info=&#8221;{}&#8221;]<\/p>\n<p>Posem en marxa les activitats! Activitats que ens permetin aconseguir els objectius que hem definit per a cadascuna de les franges d\u2019edat. Aquest \u00e9s un espai en el que podreu con\u00e8ixer tant noves iniciatives com experi\u00e8ncies ja existents que estan funcionant en diversos esplais de la Federaci\u00f3.<\/p>\n<p>Considerem que \u00e9s interessant poder recuperar i compartir aquelles activitats que s\u2019han valorat de forma positiva o que continuen desenvolupant-se a les vostres entitats. Aquestes poden ser molt \u00fatils per a altres monitors i monitores que necessitin idees i, a m\u00e9s a m\u00e9s, el fet d\u2019intercanviar i donar a con\u00e8ixer les vostres experi\u00e8ncies fomenta la comunicaci\u00f3 i invita a la reflexi\u00f3.<\/p>\n<p>[\/et_pb_text][et_pb_accordion _builder_version=&#8221;4.21.0&#8243; _module_preset=&#8221;default&#8221; custom_margin=&#8221;40px||50px||false|false&#8221; global_colors_info=&#8221;{}&#8221;][et_pb_accordion_item title=&#8221;De 3 a 8 anys&#8221; _builder_version=&#8221;4.21.0&#8243; _module_preset=&#8221;default&#8221; global_colors_info=&#8221;{}&#8221; open=&#8221;on&#8221;]<\/p>\n<ul>\n<li><a href=\"https:\/\/fundesplai.org\/banc-recursos\/recurs\/excursio-a-collserola\/\">Excursi\u00f3 a Collserola<\/a><\/li>\n<li><a href=\"https:\/\/fundesplai.org\/banc-recursos\/recurs\/les-tres-bessones-a-la-selva-de-lasfalt\/\">Les Tres Bessones<\/a><\/li>\n<li><a href=\"https:\/\/fundesplai.org\/banc-recursos\/recurs\/memory-dels-drets-dels-infants\/\">Drets dels Infants<\/a><\/li>\n<li><a href=\"https:\/\/fundesplai.org\/banc-recursos\/recurs\/anem-al-casal-davis\/\">Casal d&#8217;avis<\/a><\/li>\n<li><a href=\"https:\/\/fundesplai.org\/banc-recursos\/recurs\/el-conte-gegant-del-barri\/\">El conte gegant del barri<\/a><\/li>\n<\/ul>\n<p>[\/et_pb_accordion_item][et_pb_accordion_item title=&#8221;De 8 a 12 anys&#8221; _builder_version=&#8221;4.21.0&#8243; _module_preset=&#8221;default&#8221; global_colors_info=&#8221;{}&#8221; open=&#8221;off&#8221;]<\/p>\n<ul>\n<li><a href=\"https:\/\/fundesplai.org\/banc-recursos\/recurs\/valldeneu-i-la-trona\/\">Valldeneu i la Trona<\/a><\/li>\n<li><a href=\"https:\/\/fundesplai.org\/banc-recursos\/recurs\/joc-de-pistes-pel-barri\/\">Joc de pistes pel barri<\/a><\/li>\n<li><a href=\"https:\/\/fundesplai.org\/banc-recursos\/recurs\/campanya-de-donacio-de-sang\/\">Campanya de Donaci\u00f3 de sang<\/a><\/li>\n<li><a href=\"https:\/\/fundesplai.org\/banc-recursos\/recurs\/contes-per-radio\/\">Contes per r\u00e0dio<\/a><\/li>\n<li><a href=\"https:\/\/fundesplai.org\/banc-recursos\/recurs\/el-pati-de-la-tele\/\">El pati de la tele<\/a><\/li>\n<\/ul>\n<p>[\/et_pb_accordion_item][et_pb_accordion_item title=&#8221;De 12 a 16 anys&#8221; _builder_version=&#8221;4.21.0&#8243; _module_preset=&#8221;default&#8221; global_colors_info=&#8221;{}&#8221; open=&#8221;off&#8221;]<\/p>\n<ul>\n<li><a href=\"https:\/\/fundesplai.org\/banc-recursos\/recurs\/excursio-a-la-vall-de-nuria\/\">Excursi\u00f3 a la Vall de N\u00faria<\/a><\/li>\n<li><a href=\"https:\/\/fundesplai.org\/banc-recursos\/recurs\/i-tu-que-faries\/\">I tu qu\u00e8 faries?<\/a><\/li>\n<li><a href=\"https:\/\/fundesplai.org\/banc-recursos\/recurs\/nit-de-reis\/\">Nit de Reis<\/a><\/li>\n<li><a href=\"https:\/\/fundesplai.org\/banc-recursos\/recurs\/els-cibercorresponsals\/\">Els cibercorresponsals<\/a><\/li>\n<li><a href=\"https:\/\/fundesplai.org\/banc-recursos\/recurs\/joves-pel-barri\/\">Joves pel barri<\/a><\/li>\n<\/ul>\n<p>[\/et_pb_accordion_item][et_pb_accordion_item title=&#8221;Fam\u00edlies&#8221; _builder_version=&#8221;4.21.0&#8243; _module_preset=&#8221;default&#8221; global_colors_info=&#8221;{}&#8221; open=&#8221;off&#8221;]<\/p>\n<ul>\n<li><a href=\"https:\/\/fundesplai.org\/banc-recursos\/recurs\/el-cafe-de-loca\/\">El caf\u00e8 de l&#8217;Oca<\/a><\/li>\n<li><a href=\"https:\/\/fundesplai.org\/banc-recursos\/recurs\/excursio-a-montserrat\/\">Excursi\u00f3 a Montserrat<\/a><\/li>\n<\/ul>\n<p>[\/et_pb_accordion_item][et_pb_accordion_item title=&#8221;Monitors\/es&#8221; _builder_version=&#8221;4.21.0&#8243; _module_preset=&#8221;default&#8221; global_colors_info=&#8221;{}&#8221; open=&#8221;off&#8221;]<\/p>\n<ul>\n<li><a href=\"https:\/\/fundesplai.org\/banc-recursos\/recurs\/el-mercat-de-lintercanvi\/\">El mercat de l&#8217;intercanvi<\/a><\/li>\n<li><a href=\"https:\/\/fundesplai.org\/banc-recursos\/recurs\/berenar-comunitari\/\">Berenar comunitari<\/a><\/li>\n<\/ul>\n<p>[\/et_pb_accordion_item][\/et_pb_accordion][\/et_pb_column][\/et_pb_row][\/et_pb_section]<\/p>\n","protected":false},"excerpt":{"rendered":"<p>Posem en marxa les activitats! Activitats que ens permetin aconseguir els objectius que hem definit per a cadascuna de les franges d\u2019edat. Aquest \u00e9s un espai en el que podreu con\u00e8ixer tant noves iniciatives com experi\u00e8ncies ja existents que estan funcionant en diversos esplais de la Federaci\u00f3. Considerem que \u00e9s interessant poder recuperar i compartir [&hellip;]<\/p>\n","protected":false},"author":27,"featured_media":0,"parent":0,"menu_order":0,"comment_status":"closed","ping_status":"closed","template":"","meta":{"_et_pb_use_builder":"on","_et_pb_old_content":"","_et_gb_content_width":"","footnotes":""},"class_list":["post-129","page","type-page","status-publish","hentry"],"yoast_head":"<!-- This site is optimized with the Yoast SEO plugin v27.4 - https:\/\/yoast.com\/product\/yoast-seo-wordpress\/ -->\n<title>Activitats - Barrinem<\/title>\n<meta name=\"robots\" content=\"index, follow, max-snippet:-1, max-image-preview:large, max-video-preview:-1\" \/>\n<link rel=\"canonical\" href=\"https:\/\/fundesplai.org\/barrinem\/activitats\/\" \/>\n<meta property=\"og:locale\" content=\"ca_ES\" \/>\n<meta property=\"og:type\" content=\"article\" \/>\n<meta property=\"og:title\" content=\"Activitats - Barrinem\" \/>\n<meta property=\"og:description\" content=\"Posem en marxa les activitats! Activitats que ens permetin aconseguir els objectius que hem definit per a cadascuna de les franges d\u2019edat. Aquest \u00e9s un espai en el que podreu con\u00e8ixer tant noves iniciatives com experi\u00e8ncies ja existents que estan funcionant en diversos esplais de la Federaci\u00f3. Considerem que \u00e9s interessant poder recuperar i compartir [&hellip;]\" \/>\n<meta property=\"og:url\" content=\"https:\/\/fundesplai.org\/barrinem\/activitats\/\" \/>\n<meta property=\"og:site_name\" content=\"Barrinem\" \/>\n<meta property=\"article:modified_time\" content=\"2023-10-19T12:42:12+00:00\" \/>\n<meta name=\"twitter:card\" content=\"summary_large_image\" \/>\n<meta name=\"twitter:label1\" content=\"Temps estimat de lectura\" \/>\n\t<meta name=\"twitter:data1\" content=\"2 minuts\" \/>\n<script type=\"application\/ld+json\" class=\"yoast-schema-graph\">{\"@context\":\"https:\\\/\\\/schema.org\",\"@graph\":[{\"@type\":\"WebPage\",\"@id\":\"https:\\\/\\\/fundesplai.org\\\/barrinem\\\/activitats\\\/\",\"url\":\"https:\\\/\\\/fundesplai.org\\\/barrinem\\\/activitats\\\/\",\"name\":\"Activitats - Barrinem\",\"isPartOf\":{\"@id\":\"https:\\\/\\\/fundesplai.org\\\/barrinem\\\/#website\"},\"datePublished\":\"2023-10-19T12:40:00+00:00\",\"dateModified\":\"2023-10-19T12:42:12+00:00\",\"breadcrumb\":{\"@id\":\"https:\\\/\\\/fundesplai.org\\\/barrinem\\\/activitats\\\/#breadcrumb\"},\"inLanguage\":\"ca\",\"potentialAction\":[{\"@type\":\"ReadAction\",\"target\":[\"https:\\\/\\\/fundesplai.org\\\/barrinem\\\/activitats\\\/\"]}]},{\"@type\":\"BreadcrumbList\",\"@id\":\"https:\\\/\\\/fundesplai.org\\\/barrinem\\\/activitats\\\/#breadcrumb\",\"itemListElement\":[{\"@type\":\"ListItem\",\"position\":1,\"name\":\"Inici\",\"item\":\"\\\/\"},{\"@type\":\"ListItem\",\"position\":2,\"name\":\"Barrinem\",\"item\":\"https:\\\/\\\/fundesplai.org\\\/barrinem\"},{\"@type\":\"ListItem\",\"position\":3,\"name\":\"Activitats\"}]},{\"@type\":\"WebSite\",\"@id\":\"https:\\\/\\\/fundesplai.org\\\/barrinem\\\/#website\",\"url\":\"https:\\\/\\\/fundesplai.org\\\/barrinem\\\/\",\"name\":\"Barrinem\",\"description\":\"Proposta educativa de Fundesplai\",\"potentialAction\":[{\"@type\":\"SearchAction\",\"target\":{\"@type\":\"EntryPoint\",\"urlTemplate\":\"https:\\\/\\\/fundesplai.org\\\/barrinem\\\/?s={search_term_string}\"},\"query-input\":{\"@type\":\"PropertyValueSpecification\",\"valueRequired\":true,\"valueName\":\"search_term_string\"}}],\"inLanguage\":\"ca\"}]}<\/script>\n<!-- \/ Yoast SEO plugin. -->","yoast_head_json":{"title":"Activitats - Barrinem","robots":{"index":"index","follow":"follow","max-snippet":"max-snippet:-1","max-image-preview":"max-image-preview:large","max-video-preview":"max-video-preview:-1"},"canonical":"https:\/\/fundesplai.org\/barrinem\/activitats\/","og_locale":"ca_ES","og_type":"article","og_title":"Activitats - Barrinem","og_description":"Posem en marxa les activitats! Activitats que ens permetin aconseguir els objectius que hem definit per a cadascuna de les franges d\u2019edat. Aquest \u00e9s un espai en el que podreu con\u00e8ixer tant noves iniciatives com experi\u00e8ncies ja existents que estan funcionant en diversos esplais de la Federaci\u00f3. Considerem que \u00e9s interessant poder recuperar i compartir [&hellip;]","og_url":"https:\/\/fundesplai.org\/barrinem\/activitats\/","og_site_name":"Barrinem","article_modified_time":"2023-10-19T12:42:12+00:00","twitter_card":"summary_large_image","twitter_misc":{"Temps estimat de lectura":"2 minuts"},"schema":{"@context":"https:\/\/schema.org","@graph":[{"@type":"WebPage","@id":"https:\/\/fundesplai.org\/barrinem\/activitats\/","url":"https:\/\/fundesplai.org\/barrinem\/activitats\/","name":"Activitats - Barrinem","isPartOf":{"@id":"https:\/\/fundesplai.org\/barrinem\/#website"},"datePublished":"2023-10-19T12:40:00+00:00","dateModified":"2023-10-19T12:42:12+00:00","breadcrumb":{"@id":"https:\/\/fundesplai.org\/barrinem\/activitats\/#breadcrumb"},"inLanguage":"ca","potentialAction":[{"@type":"ReadAction","target":["https:\/\/fundesplai.org\/barrinem\/activitats\/"]}]},{"@type":"BreadcrumbList","@id":"https:\/\/fundesplai.org\/barrinem\/activitats\/#breadcrumb","itemListElement":[{"@type":"ListItem","position":1,"name":"Inici","item":"\/"},{"@type":"ListItem","position":2,"name":"Barrinem","item":"https:\/\/fundesplai.org\/barrinem"},{"@type":"ListItem","position":3,"name":"Activitats"}]},{"@type":"WebSite","@id":"https:\/\/fundesplai.org\/barrinem\/#website","url":"https:\/\/fundesplai.org\/barrinem\/","name":"Barrinem","description":"Proposta educativa de Fundesplai","potentialAction":[{"@type":"SearchAction","target":{"@type":"EntryPoint","urlTemplate":"https:\/\/fundesplai.org\/barrinem\/?s={search_term_string}"},"query-input":{"@type":"PropertyValueSpecification","valueRequired":true,"valueName":"search_term_string"}}],"inLanguage":"ca"}]}},"_links":{"self":[{"href":"https:\/\/fundesplai.org\/barrinem\/wp-json\/wp\/v2\/pages\/129","targetHints":{"allow":["GET"]}}],"collection":[{"href":"https:\/\/fundesplai.org\/barrinem\/wp-json\/wp\/v2\/pages"}],"about":[{"href":"https:\/\/fundesplai.org\/barrinem\/wp-json\/wp\/v2\/types\/page"}],"author":[{"embeddable":true,"href":"https:\/\/fundesplai.org\/barrinem\/wp-json\/wp\/v2\/users\/27"}],"replies":[{"embeddable":true,"href":"https:\/\/fundesplai.org\/barrinem\/wp-json\/wp\/v2\/comments?post=129"}],"version-history":[{"count":4,"href":"https:\/\/fundesplai.org\/barrinem\/wp-json\/wp\/v2\/pages\/129\/revisions"}],"predecessor-version":[{"id":135,"href":"https:\/\/fundesplai.org\/barrinem\/wp-json\/wp\/v2\/pages\/129\/revisions\/135"}],"wp:attachment":[{"href":"https:\/\/fundesplai.org\/barrinem\/wp-json\/wp\/v2\/media?parent=129"}],"curies":[{"name":"wp","href":"https:\/\/api.w.org\/{rel}","templated":true}]}}