{"id":7,"date":"2013-07-16T11:47:28","date_gmt":"2013-07-16T09:47:28","guid":{"rendered":"http:\/\/projectes.fundesplai.org\/b612\/?page_id=7"},"modified":"2023-09-20T13:35:12","modified_gmt":"2023-09-20T11:35:12","slug":"quadern-pedagogic","status":"publish","type":"page","link":"https:\/\/fundesplai.org\/b612\/quadern-pedagogic\/","title":{"rendered":"Quadern Pedag\u00f2gic"},"content":{"rendered":"<p>[et_pb_section fb_built=&#8221;1&#8243; _builder_version=&#8221;4.16&#8243; global_colors_info=&#8221;{}&#8221;][et_pb_row _builder_version=&#8221;4.16&#8243; background_size=&#8221;initial&#8221; background_position=&#8221;top_left&#8221; background_repeat=&#8221;repeat&#8221; global_colors_info=&#8221;{}&#8221;][et_pb_column type=&#8221;4_4&#8243; _builder_version=&#8221;4.16&#8243; custom_padding=&#8221;|||&#8221; global_colors_info=&#8221;{}&#8221; custom_padding__hover=&#8221;|||&#8221;][et_pb_text disabled_on=&#8221;on|on|on&#8221; _builder_version=&#8221;4.17.4&#8243; background_size=&#8221;initial&#8221; background_position=&#8221;top_left&#8221; background_repeat=&#8221;repeat&#8221; disabled=&#8221;on&#8221; global_colors_info=&#8221;{}&#8221;]<\/p>\n<h2>Per qu\u00e8 creiem necessari abordar el tema de l\u2019educaci\u00f3 del consum?<\/h2>\n<ul>\n<li>Perqu\u00e8 <strong>el consum \u00e9s a tot arreu<\/strong> i tothom, petits i grans, estem exposats a l\u2019allau d\u2019est\u00edmuls que ens aboquen a un model de consum basat en el consum excessiu i irracional.<\/li>\n<li>Perqu\u00e8 \u00e9s necessari <strong>reflexionar sobre el fenomen del consum<\/strong>, acceptant la seva complexitat, per\u00a0 desenvolupar capacitats que ens ajudin a conviure en aquest m\u00f3n divers i canviant, de manera m\u00e9s aut\u00f2noma, assumint la nostra responsabilitat individual i col\u00b7lectiva.<\/li>\n<li>Perqu\u00e8 defensem <strong>una societat m\u00e9s alineada amb els valors ideol\u00f2gics de la sostenibilitat, la just\u00edcia i l\u2019equitat<\/strong> i pel que sembla la societat actual s\u2019entesta en refor\u00e7ar tot el contrari: l\u2019individualisme, les desigualtats, la sobreexplotaci\u00f3, etc.<\/li>\n<li>Perqu\u00e8 treballar el tema del consum <strong>en l\u2019\u00e0mbit del lleure \u00e9s una oportunitat<\/strong> per posar en valor algunes coses que ens connecten amb la pr\u00f2pia ess\u00e8ncia: <strong>el ser sobre el tenir<\/strong>, les experi\u00e8ncies senzilles i intenses, l&#8217;austeritat, les relacions que es construeixen a foc lent i s\u00f3n duradores, l\u2019estima per la natura&#8230;<\/li>\n<li>Perqu\u00e8 pensem que \u00e9s necessari preguntar-se: qu\u00e8 desitgem i quines necessitats tenim? i com les podem satisfer <strong>mantenint l\u2019ess\u00e8ncia de la nostra vida<\/strong> i la dels altres com a eix principal?<\/li>\n<li>Perqu\u00e8 l\u2019actual crisis \u00e9s una crida, un cop m\u00e9s, a <strong>construir un m\u00f3n m\u00e9s just<\/strong>, que inclogui alternatives de consum m\u00e9s compatibles amb un concepte de vida on el valor que atorguem a les coses no nom\u00e9s es redueixi a un preu.<\/li>\n<\/ul>\n<p style=\"text-align: center\">[\/et_pb_text][et_pb_post_title meta=&#8221;off&#8221; featured_image=&#8221;off&#8221; _builder_version=&#8221;4.21.0&#8243; _module_preset=&#8221;default&#8221; global_colors_info=&#8221;{}&#8221;][\/et_pb_post_title][et_pb_text _builder_version=&#8221;4.21.0&#8243; _module_preset=&#8221;default&#8221; global_colors_info=&#8221;{}&#8221;]<\/p>\n<div style=\"display:block\">\n<!-- FlowPaper PDF flipbook plugin v.2.0.7 wordpress.org\/plugins\/flowpaper\/ -->\n<iframe title=\"FlowPaper flipbook pdf viewer\" width=\"100%\" height=\"500\" scrolling=\"no\" class=\"flowpaper-class\" frameborder=\"0\" allowFullScreen=\"true\" lightbox=\"false\" cover id src = \"https:\/\/flowpaper.com\/flipbook\/?pdf=https:\/\/fundesplai.org\/b612\/wp-content\/uploads\/sites\/20\/2014\/09\/Marc-Teoric-Prposta-Educativa-B612.pdf?wp-hosted=1&title=&header=&theme=&singlepage=&thumbs=1&modified=230920135\" seamless=\"seamless\" style=\"margin-bottom:0;display:block;\">Your browser does not seem to support iframes. <a href=\"https:\/\/flowpaper.com\/flipbook\/?pdf=https:\/\/fundesplai.org\/b612\/wp-content\/uploads\/sites\/20\/2014\/09\/Marc-Teoric-Prposta-Educativa-B612.pdf?wp-hosted=1\" target=\"_blank\">Click here to read this PDF<\/a>.<\/iframe>\n<div id=\"flowpaper-logo-bottom\" class=\"flowpaper-logo-bg\" style=\"background:linear-gradient(to right, rgba(0,0,0,0.65) 0%,rgba(0,0,0,0) 200px);width:100%;height:19px; padding-bottom: 1px; padding-left: 5px; padding-right: 10px; display: flex; align-items: center;z-index:9999\"><span style=\"height: 37px; padding-left: 6px;width:90%\"> <a id=\"flowpaper-link\" style=\"fill: #fff\" alt=\"FlowPaper logotype\" title=\"FlowPaper logotype\" href=\"https:\/\/flowpaper.com\" target=\"_blank\"> <img decoding=\"async\" alt=\"Publish PDF flipbooks online\" style=\"height:17px;width:auto;margin-top:11px;\" src=\"https:\/\/fundesplai.org\/b612\/wp-content\/plugins\/flowpaper-lite-pdf-flipbook\/assets\/flowpaper-logo.png\" border=\"0\"> <\/a> <\/span><span style=\" float: right; right: 0; font-size: 10px; white-space: nowrap; opacity:0.8\"><a href=\"https:\/\/flowpaper.com\/flipbook-maker\/\" target=\"_new\" style=\"text-decoration:none;border-bottom:none;\">Created using FlowPaper Flipbook Maker &#8599;<\/a><\/span><\/div><\/div>\r\n                <script>\r\n                document.addEventListener(\"DOMContentLoaded\", function(){\r\n                    var target_element, iframe_element;\r\n                    iframe_element = document.querySelector(\"iframe.flowpaper-class\");\r\n                    target_element = document.querySelector(\"\");\r\n                    iframe_element.style.height = target_element.offsetHeight + \"px\";\r\n                });\r\n                <\/script>\r\n            \n<p>[\/et_pb_text][et_pb_button button_url=&#8221;https:\/\/fundesplai.org\/b612\/wp-content\/uploads\/sites\/20\/2014\/09\/Marc-Teoric-Prposta-Educativa-B612.pdf&#8221; button_text=&#8221;Descarrega&#8217;t el quadern pedag\u00f2gic&#8221; button_alignment=&#8221;center&#8221; _builder_version=&#8221;4.17.4&#8243; _module_preset=&#8221;default&#8221; custom_margin=&#8221;30px||30px||false|false&#8221; locked=&#8221;off&#8221; global_colors_info=&#8221;{}&#8221;][\/et_pb_button][\/et_pb_column][\/et_pb_row][\/et_pb_section]<\/p>\n","protected":false},"excerpt":{"rendered":"<p>Per qu\u00e8 creiem necessari abordar el tema de l\u2019educaci\u00f3 del consum? Perqu\u00e8 el consum \u00e9s a tot arreu i tothom, petits i grans, estem exposats a l\u2019allau d\u2019est\u00edmuls que ens aboquen a un model de consum basat en el consum excessiu i irracional. Perqu\u00e8 \u00e9s necessari reflexionar sobre el fenomen del consum, acceptant la seva [&hellip;]<\/p>\n","protected":false},"author":4,"featured_media":0,"parent":0,"menu_order":1,"comment_status":"open","ping_status":"closed","template":"","meta":{"_et_pb_use_builder":"on","_et_pb_old_content":"<h2><span style=\"color: #99cc00;\"><b>Per qu\u00e8 creiem necessari abordar el tema de l\u2019educaci\u00f3 del consum?<\/b><\/span><\/h2><h4><strong><span style=\"color: #000000;\">Document de marc te\u00f2ric de la proposta educativa<\/span>\u00a0<a href=\"https:\/\/fundesplai.org\/b612\/wp-content\/uploads\/sites\/20\/2014\/09\/Marc-Teoric-Prposta-Educativa-B612.pdf\"><span style=\"color: #99cc00;\">B612<\/span><span style=\"color: #99cc00;\">,<\/span><\/a><\/strong><a href=\"https:\/\/fundesplai.org\/b612\/wp-content\/uploads\/sites\/20\/2014\/09\/Marc-Teoric-Prposta-Educativa-B612.pdf\"><strong><span style=\"color: #99cc00;\">\u00a0per un consum conscient i sostenible!<\/span><\/strong><\/a><\/h4><h2>\u00a0<\/h2><ul><li><a href=\"https:\/\/fundesplai.org\/b612\/wp-content\/uploads\/sites\/20\/2013\/09\/publicidad.jpg\"><img class=\"alignleft size-medium wp-image-198\" src=\"https:\/\/fundesplai.org\/b612\/wp-content\/uploads\/sites\/20\/2013\/09\/publicidad-300x199.jpg\" alt=\"publicidad\" width=\"300\" height=\"199\" \/><\/a>Perqu\u00e8 <strong>el consum \u00e9s a tot arreu<\/strong> i tothom, petits i grans, estem exposats a l\u2019allau d\u2019est\u00edmuls que ens aboquen a un model de consum basat en el consum excessiu i irracional.<\/li><li>Perqu\u00e8 \u00e9s necessari <strong>reflexionar sobre el fenomen del consum<\/strong>, acceptant la seva complexitat, per\u00a0 desenvolupar capacitats que ens ajudin a conviure en aquest m\u00f3n divers i canviant, de manera m\u00e9s aut\u00f2noma, assumint la nostra responsabilitat individual i col\u00b7lectiva.<\/li><li>Perqu\u00e8 defensem <strong>una societat m\u00e9s alineada amb els valors ideol\u00f2gics de la sostenibilitat, la just\u00edcia i l\u2019equitat<\/strong> i pel que sembla la societat actual s\u2019entesta en refor\u00e7ar tot el contrari: l\u2019individualisme, les desigualtats, la sobreexplotaci\u00f3, etc.<\/li><li>Perqu\u00e8 treballar el tema del consum <strong>en l\u2019\u00e0mbit del lleure \u00e9s una oportunitat<\/strong> per posar en valor algunes coses que ens connecten amb la pr\u00f2pia ess\u00e8ncia: <strong>el ser sobre el tenir<\/strong>, les experi\u00e8ncies senzilles i intenses, l'austeritat, les relacions que es construeixen a foc lent i s\u00f3n duradores, l\u2019estima per la natura...<\/li><li>Perqu\u00e8 pensem que \u00e9s necessari preguntar-se: qu\u00e8 desitgem i quines necessitats tenim? i com les podem satisfer <strong>mantenint l\u2019ess\u00e8ncia de la nostra vida<\/strong> i la dels altres com a eix principal?<\/li><li>Perqu\u00e8 l\u2019actual crisis \u00e9s una crida, un cop m\u00e9s, a <strong>construir un m\u00f3n m\u00e9s just<\/strong>, que inclogui alternatives de consum m\u00e9s compatibles amb un concepte de vida on el valor que atorguem a les coses no nom\u00e9s es redueixi a un preu.<\/li><\/ul><h3><strong><span style=\"color: #000000;\">Document de marc te\u00f2ric de la proposta educativa<\/span> <span style=\"color: #99cc00;\">B612<\/span><span style=\"color: #99cc00;\">,<\/span><\/strong><strong><span style=\"color: #99cc00;\"> per un consum conscient i sostenible!<\/span><\/strong><\/h3><p style=\"text-align: center;\">\u00a0<\/p>","_et_gb_content_width":"","footnotes":""},"class_list":["post-7","page","type-page","status-publish","hentry"],"yoast_head":"<!-- This site is optimized with the Yoast SEO plugin v27.5 - https:\/\/yoast.com\/product\/yoast-seo-wordpress\/ -->\n<title>Quadern Pedag\u00f2gic - b612<\/title>\n<meta name=\"robots\" content=\"index, follow, max-snippet:-1, max-image-preview:large, max-video-preview:-1\" \/>\n<link rel=\"canonical\" href=\"https:\/\/fundesplai.org\/b612\/quadern-pedagogic\/\" \/>\n<meta property=\"og:locale\" content=\"ca_ES\" \/>\n<meta property=\"og:type\" content=\"article\" \/>\n<meta property=\"og:title\" content=\"Quadern Pedag\u00f2gic - b612\" \/>\n<meta property=\"og:description\" content=\"Per qu\u00e8 creiem necessari abordar el tema de l\u2019educaci\u00f3 del consum? Perqu\u00e8 el consum \u00e9s a tot arreu i tothom, petits i grans, estem exposats a l\u2019allau d\u2019est\u00edmuls que ens aboquen a un model de consum basat en el consum excessiu i irracional. Perqu\u00e8 \u00e9s necessari reflexionar sobre el fenomen del consum, acceptant la seva [&hellip;]\" \/>\n<meta property=\"og:url\" content=\"https:\/\/fundesplai.org\/b612\/quadern-pedagogic\/\" \/>\n<meta property=\"og:site_name\" content=\"b612\" \/>\n<meta property=\"article:modified_time\" content=\"2023-09-20T11:35:12+00:00\" \/>\n<meta name=\"twitter:card\" content=\"summary_large_image\" \/>\n<meta name=\"twitter:label1\" content=\"Temps estimat de lectura\" \/>\n\t<meta name=\"twitter:data1\" content=\"2 minuts\" \/>\n<script type=\"application\/ld+json\" class=\"yoast-schema-graph\">{\"@context\":\"https:\\\/\\\/schema.org\",\"@graph\":[{\"@type\":\"WebPage\",\"@id\":\"https:\\\/\\\/fundesplai.org\\\/b612\\\/quadern-pedagogic\\\/\",\"url\":\"https:\\\/\\\/fundesplai.org\\\/b612\\\/quadern-pedagogic\\\/\",\"name\":\"Quadern Pedag\u00f2gic - b612\",\"isPartOf\":{\"@id\":\"https:\\\/\\\/fundesplai.org\\\/b612\\\/#website\"},\"datePublished\":\"2013-07-16T09:47:28+00:00\",\"dateModified\":\"2023-09-20T11:35:12+00:00\",\"breadcrumb\":{\"@id\":\"https:\\\/\\\/fundesplai.org\\\/b612\\\/quadern-pedagogic\\\/#breadcrumb\"},\"inLanguage\":\"ca\",\"potentialAction\":[{\"@type\":\"ReadAction\",\"target\":[\"https:\\\/\\\/fundesplai.org\\\/b612\\\/quadern-pedagogic\\\/\"]}]},{\"@type\":\"BreadcrumbList\",\"@id\":\"https:\\\/\\\/fundesplai.org\\\/b612\\\/quadern-pedagogic\\\/#breadcrumb\",\"itemListElement\":[{\"@type\":\"ListItem\",\"position\":1,\"name\":\"Inici\",\"item\":\"\\\/\"},{\"@type\":\"ListItem\",\"position\":2,\"name\":\"b612\",\"item\":\"https:\\\/\\\/fundesplai.org\\\/b612\"},{\"@type\":\"ListItem\",\"position\":3,\"name\":\"Quadern Pedag\u00f2gic\"}]},{\"@type\":\"WebSite\",\"@id\":\"https:\\\/\\\/fundesplai.org\\\/b612\\\/#website\",\"url\":\"https:\\\/\\\/fundesplai.org\\\/b612\\\/\",\"name\":\"b612\",\"description\":\"Proposta educativa de Fundesplai\",\"potentialAction\":[{\"@type\":\"SearchAction\",\"target\":{\"@type\":\"EntryPoint\",\"urlTemplate\":\"https:\\\/\\\/fundesplai.org\\\/b612\\\/?s={search_term_string}\"},\"query-input\":{\"@type\":\"PropertyValueSpecification\",\"valueRequired\":true,\"valueName\":\"search_term_string\"}}],\"inLanguage\":\"ca\"}]}<\/script>\n<!-- \/ Yoast SEO plugin. -->","yoast_head_json":{"title":"Quadern Pedag\u00f2gic - b612","robots":{"index":"index","follow":"follow","max-snippet":"max-snippet:-1","max-image-preview":"max-image-preview:large","max-video-preview":"max-video-preview:-1"},"canonical":"https:\/\/fundesplai.org\/b612\/quadern-pedagogic\/","og_locale":"ca_ES","og_type":"article","og_title":"Quadern Pedag\u00f2gic - b612","og_description":"Per qu\u00e8 creiem necessari abordar el tema de l\u2019educaci\u00f3 del consum? Perqu\u00e8 el consum \u00e9s a tot arreu i tothom, petits i grans, estem exposats a l\u2019allau d\u2019est\u00edmuls que ens aboquen a un model de consum basat en el consum excessiu i irracional. Perqu\u00e8 \u00e9s necessari reflexionar sobre el fenomen del consum, acceptant la seva [&hellip;]","og_url":"https:\/\/fundesplai.org\/b612\/quadern-pedagogic\/","og_site_name":"b612","article_modified_time":"2023-09-20T11:35:12+00:00","twitter_card":"summary_large_image","twitter_misc":{"Temps estimat de lectura":"2 minuts"},"schema":{"@context":"https:\/\/schema.org","@graph":[{"@type":"WebPage","@id":"https:\/\/fundesplai.org\/b612\/quadern-pedagogic\/","url":"https:\/\/fundesplai.org\/b612\/quadern-pedagogic\/","name":"Quadern Pedag\u00f2gic - b612","isPartOf":{"@id":"https:\/\/fundesplai.org\/b612\/#website"},"datePublished":"2013-07-16T09:47:28+00:00","dateModified":"2023-09-20T11:35:12+00:00","breadcrumb":{"@id":"https:\/\/fundesplai.org\/b612\/quadern-pedagogic\/#breadcrumb"},"inLanguage":"ca","potentialAction":[{"@type":"ReadAction","target":["https:\/\/fundesplai.org\/b612\/quadern-pedagogic\/"]}]},{"@type":"BreadcrumbList","@id":"https:\/\/fundesplai.org\/b612\/quadern-pedagogic\/#breadcrumb","itemListElement":[{"@type":"ListItem","position":1,"name":"Inici","item":"\/"},{"@type":"ListItem","position":2,"name":"b612","item":"https:\/\/fundesplai.org\/b612"},{"@type":"ListItem","position":3,"name":"Quadern Pedag\u00f2gic"}]},{"@type":"WebSite","@id":"https:\/\/fundesplai.org\/b612\/#website","url":"https:\/\/fundesplai.org\/b612\/","name":"b612","description":"Proposta educativa de Fundesplai","potentialAction":[{"@type":"SearchAction","target":{"@type":"EntryPoint","urlTemplate":"https:\/\/fundesplai.org\/b612\/?s={search_term_string}"},"query-input":{"@type":"PropertyValueSpecification","valueRequired":true,"valueName":"search_term_string"}}],"inLanguage":"ca"}]}},"_links":{"self":[{"href":"https:\/\/fundesplai.org\/b612\/wp-json\/wp\/v2\/pages\/7","targetHints":{"allow":["GET"]}}],"collection":[{"href":"https:\/\/fundesplai.org\/b612\/wp-json\/wp\/v2\/pages"}],"about":[{"href":"https:\/\/fundesplai.org\/b612\/wp-json\/wp\/v2\/types\/page"}],"author":[{"embeddable":true,"href":"https:\/\/fundesplai.org\/b612\/wp-json\/wp\/v2\/users\/4"}],"replies":[{"embeddable":true,"href":"https:\/\/fundesplai.org\/b612\/wp-json\/wp\/v2\/comments?post=7"}],"version-history":[{"count":10,"href":"https:\/\/fundesplai.org\/b612\/wp-json\/wp\/v2\/pages\/7\/revisions"}],"predecessor-version":[{"id":792,"href":"https:\/\/fundesplai.org\/b612\/wp-json\/wp\/v2\/pages\/7\/revisions\/792"}],"wp:attachment":[{"href":"https:\/\/fundesplai.org\/b612\/wp-json\/wp\/v2\/media?parent=7"}],"curies":[{"name":"wp","href":"https:\/\/api.w.org\/{rel}","templated":true}]}}