{"id":2686,"date":"2023-09-26T13:27:53","date_gmt":"2023-09-26T11:27:53","guid":{"rendered":"https:\/\/fundesplai.org\/en-veu-i-en-peu\/?page_id=2686"},"modified":"2025-09-20T07:48:17","modified_gmt":"2025-09-20T05:48:17","slug":"formacio","status":"publish","type":"page","link":"https:\/\/fundesplai.org\/amb-veu-i-en-peu\/formacio\/","title":{"rendered":"Formaci\u00f3"},"content":{"rendered":"<p>[et_pb_section fb_built=&#8221;1&#8243; _builder_version=&#8221;4.16&#8243; locked=&#8221;off&#8221; global_colors_info=&#8221;{}&#8221;][et_pb_row _builder_version=&#8221;4.16&#8243; module_alignment=&#8221;center&#8221; custom_margin=&#8221;0px||0px||true|false&#8221; custom_margin_phone=&#8221;0px||50px||false|false&#8221; custom_margin_last_edited=&#8221;off|desktop&#8221; global_colors_info=&#8221;{}&#8221;][et_pb_column type=&#8221;4_4&#8243; _builder_version=&#8221;4.16&#8243; global_colors_info=&#8221;{}&#8221;][et_pb_text _builder_version=&#8221;4.27.4&#8243; custom_margin=&#8221;50px||50px||true|false&#8221; custom_margin_tablet=&#8221;&#8221; custom_margin_phone=&#8221;30px||30px||true|false&#8221; custom_margin_last_edited=&#8221;on|phone&#8221; global_colors_info=&#8221;{}&#8221;]<\/p>\n<h2 style=\"text-align: center\">Formaci\u00f3<\/h2>\n<p style=\"text-align: center\">Aqu\u00ed trobar\u00e0s materials d&#8217;<strong>acompanyament a les formacions<\/strong> sobre la proposta educativa que poden ser molt \u00fatils perqu\u00e8 els equips educatius aprofundeixin en la tem\u00e0tica i puguin fer un bon aterratge de la proposta educativa als esplais i escoles.<\/p>\n<p>[\/et_pb_text][\/et_pb_column][\/et_pb_row][et_pb_row column_structure=&#8221;1_3,2_3&#8243; _builder_version=&#8221;4.27.4&#8243; module_alignment=&#8221;center&#8221; custom_margin=&#8221;40px||40px||true|false&#8221; custom_margin_phone=&#8221;0px||50px||false|false&#8221; custom_margin_last_edited=&#8221;off|desktop&#8221; global_colors_info=&#8221;{}&#8221;][et_pb_column type=&#8221;1_3&#8243; _builder_version=&#8221;4.16&#8243; global_colors_info=&#8221;{}&#8221;][et_pb_image src=&#8221;https:\/\/fundesplai.org\/amb-veu-i-en-peu\/wp-content\/uploads\/sites\/34\/2025\/09\/mooc_curs_amb_veu_peu2-150&#215;150.webp&#8221; alt=&#8221;mooc_curs_amb_veu_peu2&#8243; title_text=&#8221;mooc_curs_amb_veu_peu2&#8243; align=&#8221;center&#8221; _builder_version=&#8221;4.27.4&#8243; _module_preset=&#8221;default&#8221; hover_enabled=&#8221;0&#8243; global_colors_info=&#8221;{}&#8221; show_bottom_space=&#8221;off&#8221; sticky_enabled=&#8221;0&#8243;][\/et_pb_image][\/et_pb_column][et_pb_column type=&#8221;2_3&#8243; _builder_version=&#8221;4.16&#8243; global_colors_info=&#8221;{}&#8221;][et_pb_text _builder_version=&#8221;4.27.4&#8243; custom_margin=&#8221;0px||0px|0px|true|false&#8221; custom_margin_phone=&#8221;||||false|false&#8221; custom_margin_last_edited=&#8221;off|desktop&#8221; global_colors_info=&#8221;{}&#8221;]<\/p>\n<p>Forma&#8217;t per poder aplicar la proposta educativa Amb Veu i en Peu. Formaci\u00f3 en format de MOOC, \u00e9s <strong>online, gratu\u00efta i al teu ritme!<\/strong> Hi pots accedir de manera aut\u00f2noma sempre que vulguis. Apr\u00e8n els conceptes b\u00e0sics, les activitats i propostes per acompanyar infants i joves en el seu creixement com a persones cr\u00edtiques, compromeses amb la pau, la democr\u00e0cia i la just\u00edcia social.<\/p>\n<p>[\/et_pb_text][\/et_pb_column][\/et_pb_row][et_pb_row _builder_version=&#8221;4.27.4&#8243; module_alignment=&#8221;center&#8221; custom_margin=&#8221;40px||40px||true|false&#8221; custom_margin_phone=&#8221;0px||50px||false|false&#8221; custom_margin_last_edited=&#8221;off|desktop&#8221; global_colors_info=&#8221;{}&#8221;][et_pb_column type=&#8221;4_4&#8243; _builder_version=&#8221;4.16&#8243; global_colors_info=&#8221;{}&#8221;][et_pb_button button_url=&#8221;https:\/\/formacio.fundesplai.org\/webinar\/amb-veu-i-en-peu\/&#8221; button_text=&#8221;Accedeix aqu\u00ed al curs de formaci\u00f3&#8221; button_alignment=&#8221;center&#8221; disabled_on=&#8221;off|off|off&#8221; admin_label=&#8221;Button FONAMENTACI\u00d3&#8221; _builder_version=&#8221;4.27.4&#8243; custom_margin=&#8221;||30px||false|false&#8221; custom_margin_tablet=&#8221;&#8221; custom_margin_phone=&#8221;||||true|false&#8221; custom_margin_last_edited=&#8221;on|phone&#8221; locked=&#8221;off&#8221; global_colors_info=&#8221;{}&#8221;][\/et_pb_button][\/et_pb_column][\/et_pb_row][\/et_pb_section][et_pb_section fb_built=&#8221;1&#8243; admin_label=&#8221;Section&#8221; _builder_version=&#8221;4.16&#8243; locked=&#8221;off&#8221; collapsed=&#8221;off&#8221; global_colors_info=&#8221;{}&#8221;][et_pb_row _builder_version=&#8221;4.16&#8243; module_alignment=&#8221;center&#8221; custom_margin=&#8221;50px||50px||true|false&#8221; custom_margin_tablet=&#8221;&#8221; custom_margin_phone=&#8221;10px||10px||false|false&#8221; custom_margin_last_edited=&#8221;on|phone&#8221; locked=&#8221;off&#8221; global_colors_info=&#8221;{}&#8221;][et_pb_column type=&#8221;4_4&#8243; _builder_version=&#8221;4.16&#8243; global_colors_info=&#8221;{}&#8221;][et_pb_text admin_label=&#8221;ALTRES ELEMENTS CLAU&#8221; _builder_version=&#8221;4.21.0&#8243; global_colors_info=&#8221;{}&#8221;]<\/p>\n<h2 style=\"text-align: center\">Altres elements clau<\/h2>\n<p>[\/et_pb_text][\/et_pb_column][\/et_pb_row][et_pb_row column_structure=&#8221;1_3,1_3,1_3&#8243; make_equal=&#8221;on&#8221; _builder_version=&#8221;4.27.4&#8243; background_image=&#8221;https:\/\/fundesplai.org\/mcm\/wp-content\/uploads\/sites\/25\/2021\/08\/eix-animacio-Fundesplai-proposta-alimentacio.jpg&#8221; width=&#8221;100%&#8221; max_width=&#8221;2559px&#8221; custom_margin=&#8221;50px||50px||true|false&#8221; custom_margin_tablet=&#8221;&#8221; custom_margin_phone=&#8221;||||true&#8221; custom_margin_last_edited=&#8221;on|phone&#8221; locked=&#8221;off&#8221; global_colors_info=&#8221;{}&#8221;][et_pb_column type=&#8221;1_3&#8243; _builder_version=&#8221;4.27.4&#8243; background_image=&#8221;https:\/\/fundesplai.org\/amb-veu-i-en-peu\/wp-content\/uploads\/sites\/34\/2023\/07\/Destacat_activitats_Estima_Fundesplai.jpg&#8221; global_colors_info=&#8221;{}&#8221;][et_pb_cta title=&#8221;Activitats&#8221; button_url=&#8221;https:\/\/fundesplai.org\/en-veu-i-en-peu\/activitats\/&#8221; button_text=&#8221; +&#8221; admin_label=&#8221;ACTIVITATS&#8221; _builder_version=&#8221;4.27.4&#8243; header_level=&#8221;h1&#8243; header_font=&#8221;|600|||||||&#8221; header_text_align=&#8221;center&#8221; body_font=&#8221;|600|||||||&#8221; background_enable_color=&#8221;off&#8221; background_enable_image=&#8221;off&#8221; custom_button=&#8221;on&#8221; button_text_size=&#8221;17px&#8221; button_border_width=&#8221;0px&#8221; button_border_radius=&#8221;33px&#8221; button_use_icon=&#8221;off&#8221; button_alignment=&#8221;center&#8221; animation_style=&#8221;zoom&#8221; animation_direction=&#8221;bottom&#8221; animation_starting_opacity=&#8221;56%&#8221; link_option_url=&#8221;https:\/\/fundesplai.org\/en-veu-i-en-peu\/activitats\/&#8221; header_text_shadow_style=&#8221;preset3&#8243; header_text_shadow_color=&#8221;#000000&#8243; text_shadow_style=&#8221;preset3&#8243; text_shadow_blur_strength=&#8221;0.02em&#8221; text_shadow_color=&#8221;#000000&#8243; locked=&#8221;off&#8221; global_colors_info=&#8221;{}&#8221;]<\/p>\n<p>Activitats de lleure per a totes les edats enfocades a aprofundir en la proposta educativa.<\/p>\n<p>[\/et_pb_cta][\/et_pb_column][et_pb_column type=&#8221;1_3&#8243; _builder_version=&#8221;4.27.4&#8243; background_image=&#8221;https:\/\/fundesplai.org\/amb-veu-i-en-peu\/wp-content\/uploads\/sites\/34\/2025\/09\/eix_animacio_salam2.webp&#8221; global_colors_info=&#8221;{}&#8221;][et_pb_cta title=&#8221;Eix d&#8217;animaci\u00f3&#8221; button_url=&#8221;https:\/\/fundesplai.org\/en-veu-i-en-peu\/eix-danimacio\/&#8221; button_text=&#8221; +&#8221; admin_label=&#8221;EIX d&#8217;ANIMACI\u00d3&#8221; _builder_version=&#8221;4.27.4&#8243; header_level=&#8221;h1&#8243; header_font=&#8221;|600|||||||&#8221; header_text_align=&#8221;center&#8221; body_font=&#8221;|600|||||||&#8221; background_enable_color=&#8221;off&#8221; background_enable_image=&#8221;off&#8221; custom_button=&#8221;on&#8221; button_text_size=&#8221;17px&#8221; button_border_width=&#8221;0px&#8221; button_border_radius=&#8221;33px&#8221; button_use_icon=&#8221;off&#8221; button_alignment=&#8221;center&#8221; animation_style=&#8221;zoom&#8221; animation_direction=&#8221;bottom&#8221; animation_starting_opacity=&#8221;56%&#8221; link_option_url=&#8221;https:\/\/fundesplai.org\/en-veu-i-en-peu\/eix-danimacio\/&#8221; header_text_shadow_style=&#8221;preset3&#8243; header_text_shadow_color=&#8221;#000000&#8243; text_shadow_style=&#8221;preset3&#8243; text_shadow_blur_strength=&#8221;0.02em&#8221; text_shadow_color=&#8221;#000000&#8243; locked=&#8221;off&#8221; global_colors_info=&#8221;{}&#8221;]<\/p>\n<p>La Salam, la ChronoPAX i les propostes d&#8217;activisme digital ens acompanyaran en aquest viatge.<\/p>\n<p>[\/et_pb_cta][\/et_pb_column][et_pb_column type=&#8221;1_3&#8243; _builder_version=&#8221;4.21.0&#8243; background_image=&#8221;https:\/\/fundesplai.org\/en-veu-i-en-peu\/wp-content\/uploads\/sites\/34\/2023\/07\/Destacat_reptes_Estima_Fundesplai.jpg&#8221; global_colors_info=&#8221;{}&#8221;][et_pb_cta title=&#8221;Reptes col\u00b7lectius&#8221; button_url=&#8221;@ET-DC@eyJkeW5hbWljIjp0cnVlLCJjb250ZW50IjoicG9zdF9saW5rX3VybF9wYWdlIiwic2V0dGluZ3MiOnsicG9zdF9pZCI6IjI4IiwiZW5hYmxlX2h0bWwiOiJvZmYifX0=@&#8221; button_text=&#8221; +&#8221; admin_label=&#8221;REPTES COL\u00b7LECTIUS&#8221; _builder_version=&#8221;4.27.4&#8243; _dynamic_attributes=&#8221;button_url,link_option_url&#8221; header_level=&#8221;h1&#8243; header_font=&#8221;|600|||||||&#8221; header_text_align=&#8221;center&#8221; body_font=&#8221;|600|||||||&#8221; background_enable_color=&#8221;off&#8221; custom_button=&#8221;on&#8221; button_text_size=&#8221;17px&#8221; button_border_width=&#8221;0px&#8221; button_border_radius=&#8221;33px&#8221; button_use_icon=&#8221;off&#8221; button_alignment=&#8221;center&#8221; animation_style=&#8221;zoom&#8221; animation_direction=&#8221;bottom&#8221; animation_starting_opacity=&#8221;56%&#8221; link_option_url=&#8221;@ET-DC@eyJkeW5hbWljIjp0cnVlLCJjb250ZW50IjoicG9zdF9saW5rX3VybF9wYWdlIiwic2V0dGluZ3MiOnsicG9zdF9pZCI6IjI4IiwiZW5hYmxlX2h0bWwiOiJvZmYifX0=@&#8221; header_text_shadow_style=&#8221;preset3&#8243; header_text_shadow_color=&#8221;#000000&#8243; text_shadow_style=&#8221;preset3&#8243; text_shadow_blur_strength=&#8221;0.02em&#8221; text_shadow_color=&#8221;#000000&#8243; locked=&#8221;off&#8221; global_colors_info=&#8221;{}&#8221;]<\/p>\n<p style=\"text-align: center\">Amb els reptes col\u00b7lectius ens mobilitzem en un moment puntual per refor\u00e7ar la incid\u00e8ncia p\u00fablica entorn a un tema concret.<\/p>\n<p>[\/et_pb_cta][\/et_pb_column][\/et_pb_row][\/et_pb_section][et_pb_section fb_built=&#8221;1&#8243; disabled_on=&#8221;off|off|off&#8221; admin_label=&#8221;Section&#8221; _builder_version=&#8221;4.16&#8243; global_module=&#8221;2343&#8243; locked=&#8221;off&#8221; collapsed=&#8221;off&#8221; global_colors_info=&#8221;{}&#8221;][et_pb_row _builder_version=&#8221;4.16&#8243; custom_margin=&#8221;50px||50px||true|false&#8221; custom_margin_tablet=&#8221;&#8221; custom_margin_phone=&#8221;30px||30px||true|false&#8221; custom_margin_last_edited=&#8221;on|desktop&#8221; global_colors_info=&#8221;{}&#8221;][et_pb_column type=&#8221;4_4&#8243; _builder_version=&#8221;4.16&#8243; global_colors_info=&#8221;{}&#8221;][et_pb_text admin_label=&#8221;AMB LA COL\u00b7LABORACI\u00f3 DE&#8221; _builder_version=&#8221;4.19.0&#8243; global_colors_info=&#8221;{}&#8221;]<\/p>\n<h2 style=\"text-align: center\">Amb la col\u00b7laboraci\u00f3 de<\/h2>\n<p>[\/et_pb_text][\/et_pb_column][\/et_pb_row][et_pb_row column_structure=&#8221;1_5,1_5,1_5,1_5,1_5&#8243; admin_label=&#8221;Row col\u00b7laboracions&#8221; _builder_version=&#8221;4.16&#8243; custom_margin=&#8221;50px||50px||true|false&#8221; custom_margin_tablet=&#8221;&#8221; custom_margin_phone=&#8221;30px||30px||true|false&#8221; custom_margin_last_edited=&#8221;on|phone&#8221; locked=&#8221;off&#8221; global_colors_info=&#8221;{}&#8221;][et_pb_column type=&#8221;1_5&#8243; _builder_version=&#8221;4.16&#8243; global_colors_info=&#8221;{}&#8221;][et_pb_image src=&#8221;https:\/\/fundesplai.org\/amb-veu-i-en-peu\/wp-content\/uploads\/sites\/34\/2023\/07\/Logo-agencia-catalana-cooperacio-desenvolupament.webp&#8221; alt=&#8221;Logo agencia catalana cooperaci\u00f3 desenvolupament&#8221; title_text=&#8221;Logo agencia catalana cooperaci\u00f3 desenvolupament&#8221; _builder_version=&#8221;4.27.4&#8243; custom_margin=&#8221;|30px||30px|false|true&#8221; global_colors_info=&#8221;{}&#8221;][\/et_pb_image][\/et_pb_column][et_pb_column type=&#8221;1_5&#8243; _builder_version=&#8221;4.16&#8243; global_colors_info=&#8221;{}&#8221;][et_pb_image src=&#8221;https:\/\/fundesplai.org\/amb-veu-i-en-peu\/wp-content\/uploads\/sites\/34\/2023\/07\/Logo_generalitat_catalunya.webp&#8221; alt=&#8221;Logo_generalitat_catalunya&#8221; title_text=&#8221;Logo_generalitat_catalunya&#8221; _builder_version=&#8221;4.27.4&#8243; custom_margin=&#8221;|30px||30px|false|true&#8221; global_colors_info=&#8221;{}&#8221;][\/et_pb_image][\/et_pb_column][et_pb_column type=&#8221;1_5&#8243; _builder_version=&#8221;4.16&#8243; global_colors_info=&#8221;{}&#8221;][et_pb_image src=&#8221;https:\/\/fundesplai.org\/amb-veu-i-en-peu\/wp-content\/uploads\/sites\/34\/2023\/07\/Ajuntament-de-barcelona.webp&#8221; alt=&#8221;Logo de l&#8217;Ajuntament de Barcelona&#8221; title_text=&#8221;Ajuntament-de-barcelona&#8221; _builder_version=&#8221;4.27.4&#8243; custom_margin=&#8221;|30px||30px|false|true&#8221; global_colors_info=&#8221;{}&#8221;][\/et_pb_image][\/et_pb_column][et_pb_column type=&#8221;1_5&#8243; _builder_version=&#8221;4.16&#8243; global_colors_info=&#8221;{}&#8221;][et_pb_image src=&#8221;https:\/\/fundesplai.org\/amb-veu-i-en-peu\/wp-content\/uploads\/sites\/34\/2023\/07\/Diputacio-de-barcelona.webp&#8221; title_text=&#8221;Diputacio-de-barcelona&#8221; _builder_version=&#8221;4.27.4&#8243; custom_margin=&#8221;|30px||30px|false|true&#8221; global_colors_info=&#8221;{}&#8221;][\/et_pb_image][\/et_pb_column][et_pb_column type=&#8221;1_5&#8243; _builder_version=&#8221;4.16&#8243; global_colors_info=&#8221;{}&#8221;][et_pb_image src=&#8221;https:\/\/fundesplai.org\/amb-veu-i-en-peu\/wp-content\/uploads\/sites\/34\/2023\/07\/agenda2030_logo.webp&#8221; alt=&#8221;Logo de l&#8217;Agenda 2030 per a Catalunya&#8221; title_text=&#8221;agenda2030_logo&#8221; _builder_version=&#8221;4.27.4&#8243; custom_margin=&#8221;|30px||30px|false|true&#8221; global_colors_info=&#8221;{}&#8221;][\/et_pb_image][\/et_pb_column][\/et_pb_row][\/et_pb_section]<\/p>\n","protected":false},"excerpt":{"rendered":"<p>Formaci\u00f3 Aqu\u00ed trobar\u00e0s materials d&#8217;acompanyament a les formacions sobre la proposta educativa que poden ser molt \u00fatils perqu\u00e8 els equips educatius aprofundeixin en la tem\u00e0tica i puguin fer un bon aterratge de la proposta educativa als esplais i escoles.Forma&#8217;t per poder aplicar la proposta educativa Amb Veu i en Peu. Formaci\u00f3 en format de MOOC, [&hellip;]<\/p>\n","protected":false},"author":3,"featured_media":0,"parent":0,"menu_order":0,"comment_status":"closed","ping_status":"closed","template":"","meta":{"_et_pb_use_builder":"on","_et_pb_old_content":"","_et_gb_content_width":"","footnotes":""},"class_list":["post-2686","page","type-page","status-publish","hentry"],"yoast_head":"<!-- This site is optimized with the Yoast SEO plugin v27.4 - https:\/\/yoast.com\/product\/yoast-seo-wordpress\/ -->\n<title>Formaci\u00f3 - Amb veu i en peu<\/title>\n<meta name=\"robots\" content=\"index, follow, max-snippet:-1, max-image-preview:large, max-video-preview:-1\" \/>\n<link rel=\"canonical\" href=\"https:\/\/fundesplai.org\/amb-veu-i-en-peu\/formacio\/\" \/>\n<meta property=\"og:locale\" content=\"ca_ES\" \/>\n<meta property=\"og:type\" content=\"article\" \/>\n<meta property=\"og:title\" content=\"Formaci\u00f3 - Amb veu i en peu\" \/>\n<meta property=\"og:description\" content=\"Formaci\u00f3 Aqu\u00ed trobar\u00e0s materials d&#039;acompanyament a les formacions sobre la proposta educativa que poden ser molt \u00fatils perqu\u00e8 els equips educatius aprofundeixin en la tem\u00e0tica i puguin fer un bon aterratge de la proposta educativa als esplais i escoles.Forma&#039;t per poder aplicar la proposta educativa Amb Veu i en Peu. Formaci\u00f3 en format de MOOC, [&hellip;]\" \/>\n<meta property=\"og:url\" content=\"https:\/\/fundesplai.org\/amb-veu-i-en-peu\/formacio\/\" \/>\n<meta property=\"og:site_name\" content=\"Amb veu i en peu\" \/>\n<meta property=\"article:modified_time\" content=\"2025-09-20T05:48:17+00:00\" \/>\n<meta name=\"twitter:card\" content=\"summary_large_image\" \/>\n<meta name=\"twitter:label1\" content=\"Temps estimat de lectura\" \/>\n\t<meta name=\"twitter:data1\" content=\"3 minuts\" \/>\n<script type=\"application\/ld+json\" class=\"yoast-schema-graph\">{\"@context\":\"https:\\\/\\\/schema.org\",\"@graph\":[{\"@type\":\"WebPage\",\"@id\":\"https:\\\/\\\/fundesplai.org\\\/amb-veu-i-en-peu\\\/formacio\\\/\",\"url\":\"https:\\\/\\\/fundesplai.org\\\/amb-veu-i-en-peu\\\/formacio\\\/\",\"name\":\"Formaci\u00f3 - Amb veu i en peu\",\"isPartOf\":{\"@id\":\"https:\\\/\\\/fundesplai.org\\\/amb-veu-i-en-peu\\\/#website\"},\"datePublished\":\"2023-09-26T11:27:53+00:00\",\"dateModified\":\"2025-09-20T05:48:17+00:00\",\"breadcrumb\":{\"@id\":\"https:\\\/\\\/fundesplai.org\\\/amb-veu-i-en-peu\\\/formacio\\\/#breadcrumb\"},\"inLanguage\":\"ca\",\"potentialAction\":[{\"@type\":\"ReadAction\",\"target\":[\"https:\\\/\\\/fundesplai.org\\\/amb-veu-i-en-peu\\\/formacio\\\/\"]}]},{\"@type\":\"BreadcrumbList\",\"@id\":\"https:\\\/\\\/fundesplai.org\\\/amb-veu-i-en-peu\\\/formacio\\\/#breadcrumb\",\"itemListElement\":[{\"@type\":\"ListItem\",\"position\":1,\"name\":\"Inici\",\"item\":\"\\\/\"},{\"@type\":\"ListItem\",\"position\":2,\"name\":\"Amb veu i en peu\",\"item\":\"https:\\\/\\\/fundesplai.org\\\/amb-veu-i-en-peu\"},{\"@type\":\"ListItem\",\"position\":3,\"name\":\"Formaci\u00f3\"}]},{\"@type\":\"WebSite\",\"@id\":\"https:\\\/\\\/fundesplai.org\\\/amb-veu-i-en-peu\\\/#website\",\"url\":\"https:\\\/\\\/fundesplai.org\\\/amb-veu-i-en-peu\\\/\",\"name\":\"Amb veu i en peu\",\"description\":\"\",\"potentialAction\":[{\"@type\":\"SearchAction\",\"target\":{\"@type\":\"EntryPoint\",\"urlTemplate\":\"https:\\\/\\\/fundesplai.org\\\/amb-veu-i-en-peu\\\/?s={search_term_string}\"},\"query-input\":{\"@type\":\"PropertyValueSpecification\",\"valueRequired\":true,\"valueName\":\"search_term_string\"}}],\"inLanguage\":\"ca\"}]}<\/script>\n<!-- \/ Yoast SEO plugin. -->","yoast_head_json":{"title":"Formaci\u00f3 - Amb veu i en peu","robots":{"index":"index","follow":"follow","max-snippet":"max-snippet:-1","max-image-preview":"max-image-preview:large","max-video-preview":"max-video-preview:-1"},"canonical":"https:\/\/fundesplai.org\/amb-veu-i-en-peu\/formacio\/","og_locale":"ca_ES","og_type":"article","og_title":"Formaci\u00f3 - Amb veu i en peu","og_description":"Formaci\u00f3 Aqu\u00ed trobar\u00e0s materials d'acompanyament a les formacions sobre la proposta educativa que poden ser molt \u00fatils perqu\u00e8 els equips educatius aprofundeixin en la tem\u00e0tica i puguin fer un bon aterratge de la proposta educativa als esplais i escoles.Forma't per poder aplicar la proposta educativa Amb Veu i en Peu. Formaci\u00f3 en format de MOOC, [&hellip;]","og_url":"https:\/\/fundesplai.org\/amb-veu-i-en-peu\/formacio\/","og_site_name":"Amb veu i en peu","article_modified_time":"2025-09-20T05:48:17+00:00","twitter_card":"summary_large_image","twitter_misc":{"Temps estimat de lectura":"3 minuts"},"schema":{"@context":"https:\/\/schema.org","@graph":[{"@type":"WebPage","@id":"https:\/\/fundesplai.org\/amb-veu-i-en-peu\/formacio\/","url":"https:\/\/fundesplai.org\/amb-veu-i-en-peu\/formacio\/","name":"Formaci\u00f3 - Amb veu i en peu","isPartOf":{"@id":"https:\/\/fundesplai.org\/amb-veu-i-en-peu\/#website"},"datePublished":"2023-09-26T11:27:53+00:00","dateModified":"2025-09-20T05:48:17+00:00","breadcrumb":{"@id":"https:\/\/fundesplai.org\/amb-veu-i-en-peu\/formacio\/#breadcrumb"},"inLanguage":"ca","potentialAction":[{"@type":"ReadAction","target":["https:\/\/fundesplai.org\/amb-veu-i-en-peu\/formacio\/"]}]},{"@type":"BreadcrumbList","@id":"https:\/\/fundesplai.org\/amb-veu-i-en-peu\/formacio\/#breadcrumb","itemListElement":[{"@type":"ListItem","position":1,"name":"Inici","item":"\/"},{"@type":"ListItem","position":2,"name":"Amb veu i en peu","item":"https:\/\/fundesplai.org\/amb-veu-i-en-peu"},{"@type":"ListItem","position":3,"name":"Formaci\u00f3"}]},{"@type":"WebSite","@id":"https:\/\/fundesplai.org\/amb-veu-i-en-peu\/#website","url":"https:\/\/fundesplai.org\/amb-veu-i-en-peu\/","name":"Amb veu i en peu","description":"","potentialAction":[{"@type":"SearchAction","target":{"@type":"EntryPoint","urlTemplate":"https:\/\/fundesplai.org\/amb-veu-i-en-peu\/?s={search_term_string}"},"query-input":{"@type":"PropertyValueSpecification","valueRequired":true,"valueName":"search_term_string"}}],"inLanguage":"ca"}]}},"_links":{"self":[{"href":"https:\/\/fundesplai.org\/amb-veu-i-en-peu\/wp-json\/wp\/v2\/pages\/2686","targetHints":{"allow":["GET"]}}],"collection":[{"href":"https:\/\/fundesplai.org\/amb-veu-i-en-peu\/wp-json\/wp\/v2\/pages"}],"about":[{"href":"https:\/\/fundesplai.org\/amb-veu-i-en-peu\/wp-json\/wp\/v2\/types\/page"}],"author":[{"embeddable":true,"href":"https:\/\/fundesplai.org\/amb-veu-i-en-peu\/wp-json\/wp\/v2\/users\/3"}],"replies":[{"embeddable":true,"href":"https:\/\/fundesplai.org\/amb-veu-i-en-peu\/wp-json\/wp\/v2\/comments?post=2686"}],"version-history":[{"count":12,"href":"https:\/\/fundesplai.org\/amb-veu-i-en-peu\/wp-json\/wp\/v2\/pages\/2686\/revisions"}],"predecessor-version":[{"id":3050,"href":"https:\/\/fundesplai.org\/amb-veu-i-en-peu\/wp-json\/wp\/v2\/pages\/2686\/revisions\/3050"}],"wp:attachment":[{"href":"https:\/\/fundesplai.org\/amb-veu-i-en-peu\/wp-json\/wp\/v2\/media?parent=2686"}],"curies":[{"name":"wp","href":"https:\/\/api.w.org\/{rel}","templated":true}]}}