{"id":119,"date":"2021-08-10T11:55:14","date_gmt":"2021-08-10T09:55:14","guid":{"rendered":"https:\/\/fundesplai.org\/agora\/?page_id=119"},"modified":"2023-07-05T14:09:03","modified_gmt":"2023-07-05T12:09:03","slug":"quadern-pedagogic","status":"publish","type":"page","link":"https:\/\/fundesplai.org\/agora\/quadern-pedagogic\/","title":{"rendered":"Quadern Pedag\u00f2gic"},"content":{"rendered":"<p>[et_pb_section fb_built=&#8221;1&#8243; disabled_on=&#8221;on|on|on&#8221; _builder_version=&#8221;4.16&#8243; disabled=&#8221;on&#8221; locked=&#8221;off&#8221; global_colors_info=&#8221;{}&#8221;][et_pb_row _builder_version=&#8221;4.16&#8243; background_size=&#8221;initial&#8221; background_position=&#8221;top_left&#8221; background_repeat=&#8221;repeat&#8221; global_colors_info=&#8221;{}&#8221;][et_pb_column type=&#8221;4_4&#8243; _builder_version=&#8221;4.16&#8243; custom_padding=&#8221;|||&#8221; global_colors_info=&#8221;{}&#8221; custom_padding__hover=&#8221;|||&#8221;][et_pb_post_title meta=&#8221;off&#8221; featured_image=&#8221;off&#8221; _builder_version=&#8221;4.16&#8243; _module_preset=&#8221;default&#8221; global_colors_info=&#8221;{}&#8221;][\/et_pb_post_title][\/et_pb_column][\/et_pb_row][et_pb_row use_custom_gutter=&#8221;on&#8221; gutter_width=&#8221;4&#8243; module_class=&#8221;graella-icona-circular-giratoria&#8221; _builder_version=&#8221;4.17.4&#8243; locked=&#8221;off&#8221; global_colors_info=&#8221;{}&#8221;][et_pb_column type=&#8221;4_4&#8243; _builder_version=&#8221;4.16&#8243; custom_padding=&#8221;|||&#8221; global_colors_info=&#8221;{}&#8221; custom_padding__hover=&#8221;|||&#8221;][et_pb_blurb title=&#8221;Objectiu&#8221; use_icon=&#8221;on&#8221; font_icon=&#8221;&#x3f;||fa||900&#8243; icon_color=&#8221;#333333&#8243; icon_placement=&#8221;left&#8221; content_max_width=&#8221;1100px&#8221; _builder_version=&#8221;4.17.4&#8243; custom_margin=&#8221;||0px|&#8221; z_index_tablet=&#8221;500&#8243; global_colors_info=&#8221;{}&#8221;]<\/p>\n<p>Fomentar l\u2019aprenentatge de la participaci\u00f3 per esdevenir ciutadanes i ciutadans compromesos i actius socialment.<\/p>\n<p>[\/et_pb_blurb][et_pb_blurb title=&#8221;Destinataris&#8221; use_icon=&#8221;on&#8221; font_icon=&#8221;&#xe220;||fa||900&#8243; icon_color=&#8221;#333333&#8243; icon_placement=&#8221;left&#8221; content_max_width=&#8221;1100px&#8221; _builder_version=&#8221;4.17.4&#8243; custom_margin=&#8221;||0px|&#8221; z_index_tablet=&#8221;500&#8243; global_colors_info=&#8221;{}&#8221;]<\/p>\n<ul>\n<li>Infants i adolescents<\/li>\n<li>Fam\u00edlies<\/li>\n<li>Monitors i monitores<\/li>\n<\/ul>\n<p>[\/et_pb_blurb][et_pb_blurb title=&#8221;Fitxes d&#8217;activitats&#8221; use_icon=&#8221;on&#8221; font_icon=&#8221;&#xf518;||fa||900&#8243; icon_color=&#8221;#333333&#8243; icon_placement=&#8221;left&#8221; content_max_width=&#8221;1100px&#8221; _builder_version=&#8221;4.17.4&#8243; custom_margin=&#8221;||0px|&#8221; z_index_tablet=&#8221;500&#8243; global_colors_info=&#8221;{}&#8221;]<\/p>\n<ul>\n<li>Per a infants de 3 a 8 anys<\/li>\n<li>Per a nois i noies de 8 a 12 anys<\/li>\n<li>Per a joves de 12 a 16 anys<\/li>\n<li>Per a les fam\u00edlies<\/li>\n<li>Per a monitors i monitores<\/li>\n<\/ul>\n<p>[\/et_pb_blurb][et_pb_blurb title=&#8221;Els materials de la proposta educativa&#8221; use_icon=&#8221;on&#8221; font_icon=&#8221;&#xf0c5;||fa||900&#8243; icon_color=&#8221;#333333&#8243; icon_placement=&#8221;left&#8221; content_max_width=&#8221;1100px&#8221; _builder_version=&#8221;4.17.4&#8243; custom_margin=&#8221;||0px|&#8221; z_index_tablet=&#8221;500&#8243; global_colors_info=&#8221;{}&#8221;]<\/p>\n<ul>\n<li><strong>El quadern pedag\u00f2gic<\/strong>: el material que teniu a les mans recull els aspectes de fonamentaci\u00f3 i un resum de les fixes d\u2019activitats.\u00a0<a href=\"https:\/\/fundesplai.org\/agora\/wp-content\/uploads\/sites\/4\/2021\/09\/Quadern-Agora.pdf\" target=\"_blank\" rel=\"noreferrer noopener\">+ PDF Quadern<\/a><\/li>\n<li><strong>Web \u00c0gora<\/strong>: \u00e9s una eina virtual per a la difusi\u00f3 de la proposta educativa i on podreu trobar-hi tots els materials, en format extens, com per exemple:\n<ul>\n<li><strong>Activitats extenses:<\/strong>\u00a0explicaci\u00f3 detallada de les activitats, pels diferents grups d\u2019edat i col\u00b7lectius, que s\u2019inclouen en aquest quadern de forma resumida.<\/li>\n<li><strong>Conte de \u201cTerrastranya\u201d:\u00a0<\/strong>material imprescindible per a treballar el centre d\u2019inter\u00e8s de petits, de 3 a 8 anys.<\/li>\n<li><strong>Blog de la \u201cCivilitzaci\u00f3 de la tassa\u201d(<a href=\"http:\/\/latassa.fundesplai.org\/\">http:\/\/latassa.fundesplai.org<\/a>):<\/strong>\u00a0guia d\u2019instruccions i espai de participaci\u00f3 que forma part del centre d\u2019inter\u00e8s dels infants mitjans, de 8 a 12 anys.<\/li>\n<\/ul>\n<\/li>\n<\/ul>\n<p>[\/et_pb_blurb][\/et_pb_column][\/et_pb_row][et_pb_row column_structure=&#8221;1_3,1_3,1_3&#8243; module_class=&#8221; et_pb_row_fullwidth&#8221; _builder_version=&#8221;4.17.4&#8243; _module_preset=&#8221;default&#8221; width=&#8221;100%&#8221; max_width=&#8221;100%&#8221; custom_margin=&#8221;40px||||false|false&#8221; locked=&#8221;off&#8221; global_colors_info=&#8221;{}&#8221;][et_pb_column type=&#8221;1_3&#8243; _builder_version=&#8221;4.17.4&#8243; _module_preset=&#8221;default&#8221; global_colors_info=&#8221;{}&#8221;][et_pb_image src=&#8221;https:\/\/fundesplai.org\/mirall\/wp-content\/uploads\/sites\/5\/2022\/08\/3mirall.jpg&#8221; title_text=&#8221;3mirall&#8221; _builder_version=&#8221;4.17.4&#8243; _module_preset=&#8221;default&#8221; global_colors_info=&#8221;{}&#8221;][\/et_pb_image][\/et_pb_column][et_pb_column type=&#8221;1_3&#8243; _builder_version=&#8221;4.17.4&#8243; _module_preset=&#8221;default&#8221; global_colors_info=&#8221;{}&#8221;][et_pb_image src=&#8221;https:\/\/fundesplai.org\/mirall\/wp-content\/uploads\/sites\/5\/2022\/08\/2mirall.jpg&#8221; title_text=&#8221;2mirall&#8221; _builder_version=&#8221;4.17.4&#8243; _module_preset=&#8221;default&#8221; global_colors_info=&#8221;{}&#8221;][\/et_pb_image][\/et_pb_column][et_pb_column type=&#8221;1_3&#8243; _builder_version=&#8221;4.17.4&#8243; _module_preset=&#8221;default&#8221; global_colors_info=&#8221;{}&#8221;][et_pb_image src=&#8221;https:\/\/fundesplai.org\/mirall\/wp-content\/uploads\/sites\/5\/2022\/08\/1mirall.jpg&#8221; title_text=&#8221;1mirall&#8221; _builder_version=&#8221;4.17.4&#8243; _module_preset=&#8221;default&#8221; global_colors_info=&#8221;{}&#8221;][\/et_pb_image][\/et_pb_column][\/et_pb_row][\/et_pb_section][et_pb_section fb_built=&#8221;1&#8243; _builder_version=&#8221;4.17.4&#8243; _module_preset=&#8221;default&#8221; global_colors_info=&#8221;{}&#8221;][et_pb_row _builder_version=&#8221;4.17.4&#8243; _module_preset=&#8221;default&#8221; global_colors_info=&#8221;{}&#8221;][et_pb_column type=&#8221;4_4&#8243; _builder_version=&#8221;4.17.4&#8243; _module_preset=&#8221;default&#8221; global_colors_info=&#8221;{}&#8221;][et_pb_post_title meta=&#8221;off&#8221; featured_image=&#8221;off&#8221; _builder_version=&#8221;4.17.4&#8243; _module_preset=&#8221;default&#8221; global_colors_info=&#8221;{}&#8221;][\/et_pb_post_title][et_pb_text _builder_version=&#8221;4.17.4&#8243; _module_preset=&#8221;default&#8221; global_colors_info=&#8221;{}&#8221;]<\/p>\n<div style=\"display:block\">\n<!-- FlowPaper PDF flipbook plugin v.2.0.6 wordpress.org\/plugins\/flowpaper\/ -->\n<iframe title=\"FlowPaper flipbook pdf viewer\" width=\"100%\" height=\"500\" scrolling=\"no\" class=\"flowpaper-class\" frameborder=\"0\" allowFullScreen=\"true\" lightbox=\"false\" cover id src = \"https:\/\/flowpaper.com\/flipbook\/?pdf=https:\/\/fundesplai.org\/agora\/wp-content\/uploads\/sites\/4\/2022\/09\/Quadernpedagogic-Agora.pdf?wp-hosted=1&title=&header=&theme=&singlepage=&thumbs=1&modified=230705209\" seamless=\"seamless\" style=\"margin-bottom:0;display:block;\">Your browser does not seem to support iframes. <a href=\"https:\/\/flowpaper.com\/flipbook\/?pdf=https:\/\/fundesplai.org\/agora\/wp-content\/uploads\/sites\/4\/2022\/09\/Quadernpedagogic-Agora.pdf?wp-hosted=1\" target=\"_blank\">Click here to read this PDF<\/a>.<\/iframe>\n<div id=\"flowpaper-logo-bottom\" class=\"flowpaper-logo-bg\" style=\"background:linear-gradient(to right, rgba(0,0,0,0.65) 0%,rgba(0,0,0,0) 200px);width:100%;height:19px; padding-bottom: 1px; padding-left: 5px; padding-right: 10px; display: flex; align-items: center;z-index:9999\"><span style=\"height: 37px; padding-left: 6px;width:90%\"> <a id=\"flowpaper-link\" style=\"fill: #fff\" alt=\"FlowPaper logotype\" title=\"FlowPaper logotype\" href=\"https:\/\/flowpaper.com\" target=\"_blank\"> <img decoding=\"async\" alt=\"Publish PDF flipbooks online\" style=\"height:17px;width:auto;margin-top:11px;\" src=\"https:\/\/fundesplai.org\/agora\/wp-content\/plugins\/flowpaper-lite-pdf-flipbook\/assets\/flowpaper-logo.png\" border=\"0\"> <\/a> <\/span><span style=\" float: right; right: 0; font-size: 10px; white-space: nowrap; opacity:0.8\"><a href=\"https:\/\/flowpaper.com\/flipbook-maker\/\" target=\"_new\" style=\"text-decoration:none;border-bottom:none;\">Created using FlowPaper Flipbook Maker &#8599;<\/a><\/span><\/div><\/div>\r\n                <script>\r\n                document.addEventListener(\"DOMContentLoaded\", function(){\r\n                    var target_element, iframe_element;\r\n                    iframe_element = document.querySelector(\"iframe.flowpaper-class\");\r\n                    target_element = document.querySelector(\"\");\r\n                    iframe_element.style.height = target_element.offsetHeight + \"px\";\r\n                });\r\n                <\/script>\r\n            \n<p>[\/et_pb_text][et_pb_button button_url=&#8221;https:\/\/fundesplai.org\/agora\/wp-content\/uploads\/sites\/4\/2022\/09\/Quadernpedagogic-Agora.pdf&#8221; button_text=&#8221;Descarrega&#8217;t el quadern pedag\u00f2gic&#8221; button_alignment=&#8221;center&#8221; _builder_version=&#8221;4.21.0&#8243; _module_preset=&#8221;default&#8221; custom_margin=&#8221;30px||50px||false|false&#8221; hover_enabled=&#8221;0&#8243; global_colors_info=&#8221;{}&#8221; sticky_enabled=&#8221;0&#8243;][\/et_pb_button][\/et_pb_column][\/et_pb_row][\/et_pb_section]<\/p>\n","protected":false},"excerpt":{"rendered":"<p>Fomentar l\u2019aprenentatge de la participaci\u00f3 per esdevenir ciutadanes i ciutadans compromesos i actius socialment. Infants i adolescents Fam\u00edlies Monitors i monitores Per a infants de 3 a 8 anys Per a nois i noies de 8 a 12 anys Per a joves de 12 a 16 anys Per a les fam\u00edlies Per a monitors i [&hellip;]<\/p>\n","protected":false},"author":4,"featured_media":0,"parent":0,"menu_order":0,"comment_status":"closed","ping_status":"closed","template":"","meta":{"_et_pb_use_builder":"on","_et_pb_old_content":"<!-- wp:heading {\"level\":4} -->\r\n<h4 id=\"objectiu\">Objectiu<\/h4>\r\n<!-- \/wp:heading --><!-- wp:paragraph -->\r\n<p>Fomentar l\u2019aprenentatge de la participaci\u00f3 per esdevenir ciutadanes i ciutadans compromesos i actius socialment.<\/p>\r\n<!-- \/wp:paragraph --><!-- wp:heading {\"level\":4} -->\r\n<h4 id=\"destinataris\">Destinataris<\/h4>\r\n<!-- \/wp:heading --><!-- wp:list -->\r\n<ul>\r\n<li>Infants i adolescents<\/li>\r\n<li>Fam\u00edlies<\/li>\r\n<li>Monitors i monitores<\/li>\r\n<\/ul>\r\n<!-- \/wp:list --><!-- wp:heading {\"level\":4} -->\r\n<h4 id=\"fitxes\">Fitxes d\u2019activitat<\/h4>\r\n<!-- \/wp:heading --><!-- wp:list -->\r\n<ul>\r\n<li>Per a infants de 3 a 8 anys<\/li>\r\n<li>Per a nois i noies de 8 a 12 anys<\/li>\r\n<li>Per a joves de 12 a 16 anys<\/li>\r\n<li>Per a les fam\u00edlies<\/li>\r\n<li>Per a monitors i monitores<\/li>\r\n<\/ul>\r\n<!-- \/wp:list --><!-- wp:heading {\"level\":4} -->\r\n<h4 id=\"materials\">Els materials de la proposta educativa<\/h4>\r\n<!-- \/wp:heading --><!-- wp:list -->\r\n<ul>\r\n<li><strong>El quadern pedag\u00f2gic<\/strong>: el material que teniu a les mans recull els aspectes de fonamentaci\u00f3 i un resum de les fixes d\u2019activitats.\u00a0<a href=\"http:\/\/www2.fundesplai.org\/agora\/PDF\/Agora\/Presentacio\/Quadern-Agora.pdf\" target=\"_blank\" rel=\"noreferrer noopener\">+ PDF Quadern<\/a><\/li>\r\n<li><strong>Web \u00c0gora<\/strong>: \u00e9s una eina virtual per a la difusi\u00f3 de la proposta educativa i on podreu trobar-hi tots els materials, en format extens, com per exemple:\r\n<ul>\r\n<li><strong>Activitats extenses:<\/strong>\u00a0explicaci\u00f3 detallada de les activitats, pels diferents grups d\u2019edat i col\u00b7lectius, que s\u2019inclouen en aquest quadern de forma resumida.<\/li>\r\n<li><strong>Conte de \u201cTerrastranya\u201d:\u00a0<\/strong>material imprescindible per a treballar el centre d\u2019inter\u00e8s de petits, de 3 a 8 anys.<\/li>\r\n<li><strong>Blog de la \u201cCivilitzaci\u00f3 de la tassa\u201d(<a href=\"http:\/\/latassa.fundesplai.org\/\">http:\/\/latassa.fundesplai.org<\/a>):<\/strong>\u00a0guia d\u2019instruccions i espai de participaci\u00f3 que forma part del centre d\u2019inter\u00e8s dels infants mitjans, de 8 a 12 anys.<\/li>\r\n<\/ul>\r\n<\/li>\r\n<\/ul>\r\n<!-- \/wp:list --><!-- wp:paragraph -->\r\n<p><strong>Si teniu inter\u00e8s en adquirir el quadern pedag\u00f2gic, poseu-vos en contacte amb la Federaci\u00f3 Catalana de l\u2019Esplai,\u00a0<a href=\"mailto:federacio@esplai.org\">federacio@esplai.org<\/a><\/strong><\/p>\r\n<!-- \/wp:paragraph -->","_et_gb_content_width":"1200","footnotes":""},"class_list":["post-119","page","type-page","status-publish","hentry"],"yoast_head":"<!-- This site is optimized with the Yoast SEO plugin v27.4 - https:\/\/yoast.com\/product\/yoast-seo-wordpress\/ -->\n<title>Quadern Pedag\u00f2gic - Agora<\/title>\n<meta name=\"robots\" content=\"index, follow, max-snippet:-1, max-image-preview:large, max-video-preview:-1\" \/>\n<link rel=\"canonical\" href=\"https:\/\/fundesplai.org\/agora\/quadern-pedagogic\/\" \/>\n<meta property=\"og:locale\" content=\"ca_ES\" \/>\n<meta property=\"og:type\" content=\"article\" \/>\n<meta property=\"og:title\" content=\"Quadern Pedag\u00f2gic - Agora\" \/>\n<meta property=\"og:description\" content=\"Fomentar l\u2019aprenentatge de la participaci\u00f3 per esdevenir ciutadanes i ciutadans compromesos i actius socialment. Infants i adolescents Fam\u00edlies Monitors i monitores Per a infants de 3 a 8 anys Per a nois i noies de 8 a 12 anys Per a joves de 12 a 16 anys Per a les fam\u00edlies Per a monitors i [&hellip;]\" \/>\n<meta property=\"og:url\" content=\"https:\/\/fundesplai.org\/agora\/quadern-pedagogic\/\" \/>\n<meta property=\"og:site_name\" content=\"Agora\" \/>\n<meta property=\"article:modified_time\" content=\"2023-07-05T12:09:03+00:00\" \/>\n<meta name=\"twitter:card\" content=\"summary_large_image\" \/>\n<meta name=\"twitter:label1\" content=\"Temps estimat de lectura\" \/>\n\t<meta name=\"twitter:data1\" content=\"2 minuts\" \/>\n<script type=\"application\/ld+json\" class=\"yoast-schema-graph\">{\"@context\":\"https:\\\/\\\/schema.org\",\"@graph\":[{\"@type\":\"WebPage\",\"@id\":\"https:\\\/\\\/fundesplai.org\\\/agora\\\/quadern-pedagogic\\\/\",\"url\":\"https:\\\/\\\/fundesplai.org\\\/agora\\\/quadern-pedagogic\\\/\",\"name\":\"Quadern Pedag\u00f2gic - Agora\",\"isPartOf\":{\"@id\":\"https:\\\/\\\/fundesplai.org\\\/agora\\\/#website\"},\"datePublished\":\"2021-08-10T09:55:14+00:00\",\"dateModified\":\"2023-07-05T12:09:03+00:00\",\"breadcrumb\":{\"@id\":\"https:\\\/\\\/fundesplai.org\\\/agora\\\/quadern-pedagogic\\\/#breadcrumb\"},\"inLanguage\":\"ca\",\"potentialAction\":[{\"@type\":\"ReadAction\",\"target\":[\"https:\\\/\\\/fundesplai.org\\\/agora\\\/quadern-pedagogic\\\/\"]}]},{\"@type\":\"BreadcrumbList\",\"@id\":\"https:\\\/\\\/fundesplai.org\\\/agora\\\/quadern-pedagogic\\\/#breadcrumb\",\"itemListElement\":[{\"@type\":\"ListItem\",\"position\":1,\"name\":\"Inici\",\"item\":\"\\\/\"},{\"@type\":\"ListItem\",\"position\":2,\"name\":\"Agora\",\"item\":\"https:\\\/\\\/fundesplai.org\\\/agora\"},{\"@type\":\"ListItem\",\"position\":3,\"name\":\"Quadern Pedag\u00f2gic\"}]},{\"@type\":\"WebSite\",\"@id\":\"https:\\\/\\\/fundesplai.org\\\/agora\\\/#website\",\"url\":\"https:\\\/\\\/fundesplai.org\\\/agora\\\/\",\"name\":\"Agora\",\"description\":\"Proposta educativa de Fundesplai\",\"potentialAction\":[{\"@type\":\"SearchAction\",\"target\":{\"@type\":\"EntryPoint\",\"urlTemplate\":\"https:\\\/\\\/fundesplai.org\\\/agora\\\/?s={search_term_string}\"},\"query-input\":{\"@type\":\"PropertyValueSpecification\",\"valueRequired\":true,\"valueName\":\"search_term_string\"}}],\"inLanguage\":\"ca\"}]}<\/script>\n<!-- \/ Yoast SEO plugin. -->","yoast_head_json":{"title":"Quadern Pedag\u00f2gic - Agora","robots":{"index":"index","follow":"follow","max-snippet":"max-snippet:-1","max-image-preview":"max-image-preview:large","max-video-preview":"max-video-preview:-1"},"canonical":"https:\/\/fundesplai.org\/agora\/quadern-pedagogic\/","og_locale":"ca_ES","og_type":"article","og_title":"Quadern Pedag\u00f2gic - Agora","og_description":"Fomentar l\u2019aprenentatge de la participaci\u00f3 per esdevenir ciutadanes i ciutadans compromesos i actius socialment. Infants i adolescents Fam\u00edlies Monitors i monitores Per a infants de 3 a 8 anys Per a nois i noies de 8 a 12 anys Per a joves de 12 a 16 anys Per a les fam\u00edlies Per a monitors i [&hellip;]","og_url":"https:\/\/fundesplai.org\/agora\/quadern-pedagogic\/","og_site_name":"Agora","article_modified_time":"2023-07-05T12:09:03+00:00","twitter_card":"summary_large_image","twitter_misc":{"Temps estimat de lectura":"2 minuts"},"schema":{"@context":"https:\/\/schema.org","@graph":[{"@type":"WebPage","@id":"https:\/\/fundesplai.org\/agora\/quadern-pedagogic\/","url":"https:\/\/fundesplai.org\/agora\/quadern-pedagogic\/","name":"Quadern Pedag\u00f2gic - Agora","isPartOf":{"@id":"https:\/\/fundesplai.org\/agora\/#website"},"datePublished":"2021-08-10T09:55:14+00:00","dateModified":"2023-07-05T12:09:03+00:00","breadcrumb":{"@id":"https:\/\/fundesplai.org\/agora\/quadern-pedagogic\/#breadcrumb"},"inLanguage":"ca","potentialAction":[{"@type":"ReadAction","target":["https:\/\/fundesplai.org\/agora\/quadern-pedagogic\/"]}]},{"@type":"BreadcrumbList","@id":"https:\/\/fundesplai.org\/agora\/quadern-pedagogic\/#breadcrumb","itemListElement":[{"@type":"ListItem","position":1,"name":"Inici","item":"\/"},{"@type":"ListItem","position":2,"name":"Agora","item":"https:\/\/fundesplai.org\/agora"},{"@type":"ListItem","position":3,"name":"Quadern Pedag\u00f2gic"}]},{"@type":"WebSite","@id":"https:\/\/fundesplai.org\/agora\/#website","url":"https:\/\/fundesplai.org\/agora\/","name":"Agora","description":"Proposta educativa de Fundesplai","potentialAction":[{"@type":"SearchAction","target":{"@type":"EntryPoint","urlTemplate":"https:\/\/fundesplai.org\/agora\/?s={search_term_string}"},"query-input":{"@type":"PropertyValueSpecification","valueRequired":true,"valueName":"search_term_string"}}],"inLanguage":"ca"}]}},"_links":{"self":[{"href":"https:\/\/fundesplai.org\/agora\/wp-json\/wp\/v2\/pages\/119","targetHints":{"allow":["GET"]}}],"collection":[{"href":"https:\/\/fundesplai.org\/agora\/wp-json\/wp\/v2\/pages"}],"about":[{"href":"https:\/\/fundesplai.org\/agora\/wp-json\/wp\/v2\/types\/page"}],"author":[{"embeddable":true,"href":"https:\/\/fundesplai.org\/agora\/wp-json\/wp\/v2\/users\/4"}],"replies":[{"embeddable":true,"href":"https:\/\/fundesplai.org\/agora\/wp-json\/wp\/v2\/comments?post=119"}],"version-history":[{"count":12,"href":"https:\/\/fundesplai.org\/agora\/wp-json\/wp\/v2\/pages\/119\/revisions"}],"predecessor-version":[{"id":515,"href":"https:\/\/fundesplai.org\/agora\/wp-json\/wp\/v2\/pages\/119\/revisions\/515"}],"wp:attachment":[{"href":"https:\/\/fundesplai.org\/agora\/wp-json\/wp\/v2\/media?parent=119"}],"curies":[{"name":"wp","href":"https:\/\/api.w.org\/{rel}","templated":true}]}}